5.2.74.180 - - [01/Jun/2021:11:47:37 +0200] "GET /iNotes/Forms85.nsf HTTP/1.1" 401 700 "-" "Mozilla/5.0 (Windows NT 10.0) AppleWebKit/537.36 (KHTML, like Gecko) Chrome/40.0.2214.93 Safari/537.36"
5.2.74.180 - - [01/Jun/2021:11:48:02 +0200] "GET /wp-content/plugins/quiz-master-next/README.md HTTP/1.1" 401 704 "-" "Mozilla/5.0 (Windows NT 10.0; Win64; x64) AppleWebKit/537.36 (KHTML, like Gecko) Chrome/88.0.4324.150 Safari/537.36"
5.2.74.180 - - [01/Jun/2021:11:48:02 +0200] "GET /iNotes/Forms9.nsf HTTP/1.1" 401 700 "-" "Mozilla/5.0 (Macintosh; Intel Mac OS X 10_8_3) AppleWebKit/537.36 (KHTML, like Gecko) Chrome/54.0.2866.71 Safari/537.36"
5.2.74.180 - - [01/Jun/2021:11:56:15 +0200] "GET /swagger/ui/index HTTP/1.1" 401 700 "-" "Mozilla/5.0 (Windows NT 5.1) AppleWebKit/537.36 (KHTML, like Gecko) Chrome/41.0.2224.3 Safari/537.36"
5.2.74.180 - - [01/Jun/2021:11:56:30 +0200] "GET /swagger/index.html HTTP/1.1" 401 700 "-" "Mozilla/5.0 (Windows NT 4.0; WOW64) AppleWebKit/537.36 (KHTML, like Gecko) Chrome/37.0.2049.0 Safari/537.36"
5.2.74.180 - - [01/Jun/2021:11:56:45 +0200] "GET /swagger-ui.html HTTP/1.1" 401 700 "-" "Mozilla/5.0 (Windows NT 6.3; Win64; x64) AppleWebKit/537.36 (KHTML, like Gecko) Chrome/37.0.2049.0 Safari/537.36"
5.2.74.180 - - [01/Jun/2021:11:56:59 +0200] "GET /swagger/swagger-ui.html HTTP/1.1" 401 700 "-" "Mozilla/5.0 (Windows NT 10.0; WOW64) AppleWebKit/537.36 (KHTML, like Gecko) Chrome/89.0.4389.114 Safari/537.36"
5.2.74.180 - - [01/Jun/2021:11:57:14 +0200] "GET /api/swagger-ui.html HTTP/1.1" 401 700 "-" "Mozilla/5.0 (Windows NT 6.1; WOW64) AppleWebKit/537.36 (KHTML, like Gecko) Chrome/36.0.1985.67 Safari/537.36"
5.2.74.180 - - [01/Jun/2021:11:57:28 +0200] "GET /api-docs/swagger.json HTTP/1.1" 401 700 "-" "Mozilla/5.0 (Windows NT 5.1) AppleWebKit/537.36 (KHTML, like Gecko) Chrome/35.0.2309.372 Safari/537.36"
5.2.74.180 - - [01/Jun/2021:11:57:41 +0200] "GET /api-docs/swagger.yaml HTTP/1.1" 401 700 "-" "Mozilla/5.0 (Windows NT 6.3; WOW64) AppleWebKit/537.36 (KHTML, like Gecko) Chrome/41.0.2225.0 Safari/537.36"
5.2.74.180 - - [01/Jun/2021:11:57:55 +0200] "GET /swagger.json HTTP/1.1" 401 700 "-" "Mozilla/5.0 (Windows NT 5.1) AppleWebKit/537.36 (KHTML, like Gecko) Chrome/34.0.1866.237 Safari/537.36"
5.2.74.180 - - [01/Jun/2021:11:58:09 +0200] "GET /swagger.yaml HTTP/1.1" 401 700 "-" "Mozilla/5.0 (Windows NT 10.0; WOW64) AppleWebKit/537.36 (KHTML, like Gecko) Chrome/89.0.4389.114 Safari/537.36"
114.119.131.207 - - [01/Jun/2021:11:58:10 +0200] "GET /robots.txt HTTP/1.1" 401 741 "-" "Mozilla/5.0 (compatible;PetalBot;+https://webmaster.petalsearch.com/site/petalbot)"
5.2.74.180 - - [01/Jun/2021:11:58:22 +0200] "GET /swagger/v1/swagger.json HTTP/1.1" 401 700 "-" "Mozilla/5.0 (Windows NT 10.0; Win64; x64) AppleWebKit/537.36 (KHTML, like Gecko) Chrome/89.0.4389.114 Safari/537.36"
5.2.74.180 - - [01/Jun/2021:11:58:36 +0200] "GET /swagger/v1/swagger.yaml HTTP/1.1" 401 700 "-" "Mozilla/5.0 (Windows NT 6.4; WOW64) AppleWebKit/537.36 (KHTML, like Gecko) Chrome/41.0.2225.0 Safari/537.36"
5.2.74.180 - - [01/Jun/2021:11:58:50 +0200] "GET /api/index.html HTTP/1.1" 401 700 "-" "Mozilla/5.0 (X11; Ubuntu; Linux x86_64) AppleWebKit/537.36 (KHTML, like Gecko) Chrome/55.0.2919.83 Safari/537.36"
5.2.74.180 - - [01/Jun/2021:11:59:03 +0200] "GET /api/docs/ HTTP/1.1" 401 700 "-" "Mozilla/5.0 (Windows NT 10.0; Win64; x64) AppleWebKit/537.36 (KHTML, like Gecko) Chrome/89.0.4389.114 Safari/537.36"
5.2.74.180 - - [01/Jun/2021:11:59:17 +0200] "GET /api/swagger.json HTTP/1.1" 401 700 "-" "Mozilla/5.0 (X11; Ubuntu; Linux i686 on x86_64) AppleWebKit/537.36 (KHTML, like Gecko) Chrome/53.0.2820.59 Safari/537.36"
5.2.74.180 - - [01/Jun/2021:11:59:30 +0200] "GET /api/swagger.yaml HTTP/1.1" 401 700 "-" "Mozilla/5.0 (Windows NT 5.1) AppleWebKit/537.36 (KHTML, like Gecko) Chrome/35.0.3319.102 Safari/537.36"
5.2.74.180 - - [01/Jun/2021:11:59:44 +0200] "GET /api/swagger.yml HTTP/1.1" 401 700 "-" "Mozilla/5.0 (Windows NT 6.4; WOW64) AppleWebKit/537.36 (KHTML, like Gecko) Chrome/41.0.2225.0 Safari/537.36"
5.2.74.180 - - [01/Jun/2021:11:59:57 +0200] "GET /api/swagger/index.html HTTP/1.1" 401 700 "-" "Mozilla/5.0 (Windows NT 5.1) AppleWebKit/537.36 (KHTML, like Gecko) Chrome/35.0.2117.157 Safari/537.36"
5.2.74.180 - - [01/Jun/2021:12:00:10 +0200] "GET /api/swagger/swagger-ui.html HTTP/1.1" 401 700 "-" "Mozilla/5.0 (Macintosh; Intel Mac OS X 10_10_1) AppleWebKit/537.36 (KHTML, like Gecko) Chrome/41.0.2227.1 Safari/537.36"
5.2.74.180 - - [01/Jun/2021:12:00:24 +0200] "GET /api/api-docs/swagger.json HTTP/1.1" 401 700 "-" "Mozilla/5.0 (Windows NT 6.1; WOW64) AppleWebKit/537.36 (KHTML, like Gecko) Chrome/36.0.1985.67 Safari/537.36"
5.2.74.180 - - [01/Jun/2021:12:00:37 +0200] "GET /api/api-docs/swagger.yaml HTTP/1.1" 401 700 "-" "Mozilla/5.0 (Windows NT 4.0; WOW64) AppleWebKit/537.36 (KHTML, like Gecko) Chrome/37.0.2049.0 Safari/537.36"
5.2.74.180 - - [01/Jun/2021:12:00:50 +0200] "GET /api/swagger-ui/swagger.json HTTP/1.1" 401 700 "-" "Mozilla/5.0 (Windows NT 5.1) AppleWebKit/537.36 (KHTML, like Gecko) Chrome/35.0.2117.157 Safari/537.36"
5.2.74.180 - - [01/Jun/2021:12:01:03 +0200] "GET /api/swagger-ui/swagger.yaml HTTP/1.1" 401 700 "-" "Mozilla/5.0 (Windows NT 6.3; Win64; x64) AppleWebKit/537.36 (KHTML, like Gecko) Chrome/37.0.2049.0 Safari/537.36"
5.2.74.180 - - [01/Jun/2021:12:01:15 +0200] "GET /api/apidocs/swagger.json HTTP/1.1" 401 700 "-" "Mozilla/5.0 (X11; OpenBSD i386) AppleWebKit/537.36 (KHTML, like Gecko) Chrome/36.0.1985.125 Safari/537.36"
5.2.74.180 - - [01/Jun/2021:12:01:28 +0200] "GET /api/apidocs/swagger.yaml HTTP/1.1" 401 700 "-" "Mozilla/5.0 (X11; OpenBSD i386) AppleWebKit/537.36 (KHTML, like Gecko) Chrome/36.0.1985.125 Safari/537.36"
5.2.74.180 - - [01/Jun/2021:12:01:41 +0200] "GET /api/swagger-ui/api-docs HTTP/1.1" 401 700 "-" "Mozilla/5.0 (Windows NT 5.1) AppleWebKit/537.36 (KHTML, like Gecko) Chrome/41.0.2224.3 Safari/537.36"
5.2.74.180 - - [01/Jun/2021:12:01:53 +0200] "GET /api/api-docs HTTP/1.1" 401 700 "-" "Mozilla/5.0 (X11; Linux x86_64) AppleWebKit/537.36 (KHTML, like Gecko) Chrome/41.0.2227.0 Safari/537.36"
5.2.74.180 - - [01/Jun/2021:12:02:06 +0200] "GET /api/apidocs HTTP/1.1" 401 700 "-" "Mozilla/5.0 (X11; Linux x86_64) AppleWebKit/537.36 (KHTML, like Gecko) Chrome/41.0.2227.0 Safari/537.36"
5.2.74.180 - - [01/Jun/2021:12:02:16 +0200] "GET /wp-content/uploads/ HTTP/1.1" 401 700 "-" "Mozilla/5.0 (Windows NT 4.0; WOW64) AppleWebKit/537.36 (KHTML, like Gecko) Chrome/37.0.2049.0 Safari/537.36"
5.2.74.180 - - [01/Jun/2021:12:02:19 +0200] "GET /api/swagger HTTP/1.1" 401 700 "-" "Mozilla/5.0 (Windows NT 6.1; WOW64) AppleWebKit/537.36 (KHTML, like Gecko) Chrome/41.0.2227.0 Safari/537.36"
5.2.74.180 - - [01/Jun/2021:12:02:28 +0200] "GET /wp-content/uploads/2015/ HTTP/1.1" 401 700 "-" "Mozilla/5.0 (Windows NT 6.1; WOW64) AppleWebKit/537.36 (KHTML, like Gecko) Chrome/36.0.1985.67 Safari/537.36"
5.2.74.180 - - [01/Jun/2021:12:02:32 +0200] "GET /api/swagger/static/index.html HTTP/1.1" 401 700 "-" "Mozilla/5.0 (Windows NT 6.2; WOW64) AppleWebKit/537.36 (KHTML like Gecko) Chrome/44.0.2403.155 Safari/537.36"
5.2.74.180 - - [01/Jun/2021:12:02:41 +0200] "GET /wp-content/uploads/2016/ HTTP/1.1" 401 700 "-" "Mozilla/5.0 (Windows NT 6.3; WOW64) AppleWebKit/537.36 (KHTML, like Gecko) Chrome/41.0.2225.0 Safari/537.36"
5.2.74.180 - - [01/Jun/2021:12:02:45 +0200] "GET /api/swagger-resources HTTP/1.1" 401 700 "-" "Mozilla/5.0 (X11; Linux x86_64) AppleWebKit/537.36 (KHTML, like Gecko) Chrome/41.0.2227.0 Safari/537.36"
5.2.74.180 - - [01/Jun/2021:12:02:54 +0200] "GET /wp-content/uploads/2017/ HTTP/1.1" 401 700 "-" "Mozilla/5.0 (X11; OpenBSD i386) AppleWebKit/537.36 (KHTML, like Gecko) Chrome/36.0.1985.125 Safari/537.36"
5.2.74.180 - - [01/Jun/2021:12:02:57 +0200] "GET /api/swagger-resources/restservices/v2/api-docs HTTP/1.1" 401 700 "-" "Mozilla/5.0 (Macintosh; Intel Mac OS X 10_9_3) AppleWebKit/537.36 (KHTML, like Gecko) Chrome/35.0.1916.47 Safari/537.36"
5.2.74.180 - - [01/Jun/2021:12:03:07 +0200] "GET /wp-content/uploads/2018/ HTTP/1.1" 401 700 "-" "Mozilla/5.0 (Macintosh; Intel Mac OS X 10_9_2) AppleWebKit/537.36 (KHTML, like Gecko) Chrome/52.0.2762.73 Safari/537.36"
5.2.74.180 - - [01/Jun/2021:12:03:10 +0200] "GET /api/__swagger__/ HTTP/1.1" 401 700 "-" "Mozilla/5.0 (Windows NT 5.1) AppleWebKit/537.36 (KHTML, like Gecko) Chrome/36.0.1985.67 Safari/537.36"
5.2.74.180 - - [01/Jun/2021:12:03:20 +0200] "GET /wp-content/uploads/2019/ HTTP/1.1" 401 700 "-" "Mozilla/5.0 (Windows NT 5.1) AppleWebKit/537.36 (KHTML, like Gecko) Chrome/36.0.1985.67 Safari/537.36"
5.2.74.180 - - [01/Jun/2021:12:03:23 +0200] "GET /api/_swagger_/ HTTP/1.1" 401 700 "-" "Mozilla/5.0 (Windows NT 5.1) AppleWebKit/537.36 (KHTML, like Gecko) Chrome/35.0.3319.102 Safari/537.36"
5.2.74.180 - - [01/Jun/2021:12:03:33 +0200] "GET /wp-content/uploads/2020/ HTTP/1.1" 401 700 "-" "Mozilla/5.0 (Macintosh; Intel Mac OS X 10_10_1) AppleWebKit/537.36 (KHTML, like Gecko) Chrome/41.0.2227.1 Safari/537.36"
5.2.74.180 - - [01/Jun/2021:12:03:36 +0200] "GET /api/spec/swagger.json HTTP/1.1" 401 700 "-" "Mozilla/5.0 (Macintosh; Intel Mac OS X 10_10_1) AppleWebKit/537.36 (KHTML, like Gecko) Chrome/37.0.2062.124 Safari/537.36"
5.2.74.180 - - [01/Jun/2021:12:03:46 +0200] "GET /wp-content/uploads/2021/ HTTP/1.1" 401 700 "-" "Mozilla/5.0 (Windows NT 10.0; WOW64) AppleWebKit/537.36 (KHTML, like Gecko) Chrome/89.0.4389.114 Safari/537.36"
5.2.74.180 - - [01/Jun/2021:12:03:49 +0200] "GET /api/spec/swagger.yaml HTTP/1.1" 401 700 "-" "Mozilla/5.0 (Macintosh; Intel Mac OS X 10_8_4) AppleWebKit/537.36 (KHTML, like Gecko) Chrome/49.0.2656.18 Safari/537.36"
5.2.74.180 - - [01/Jun/2021:12:03:59 +0200] "GET /wp-content/uploads/cfdb7_uploads/ HTTP/1.1" 401 700 "-" "Mozilla/5.0 (Windows NT 6.1) AppleWebKit/537.36 (KHTML, like Gecko) Chrome/41.0.2228.0 Safari/537.36"
5.2.74.180 - - [01/Jun/2021:12:04:02 +0200] "GET /api/swagger/ui/index HTTP/1.1" 401 700 "-" "Mozilla/5.0 (Windows NT 6.3; WOW64) AppleWebKit/537.36 (KHTML, like Gecko) Chrome/41.0.2226.0 Safari/537.36"
5.2.74.180 - - [01/Jun/2021:12:04:15 +0200] "GET /__swagger__/ HTTP/1.1" 401 700 "-" "Mozilla/5.0 (Windows NT 6.2; WOW64) AppleWebKit/537.36 (KHTML like Gecko) Chrome/44.0.2403.155 Safari/537.36"
5.2.74.180 - - [01/Jun/2021:12:04:28 +0200] "GET /_swagger_/ HTTP/1.1" 401 700 "-" "Mozilla/5.0 (Windows NT 5.1) AppleWebKit/537.36 (KHTML, like Gecko) Chrome/41.0.2224.3 Safari/537.36"
5.2.74.180 - - [01/Jun/2021:12:04:41 +0200] "GET /api/v1/swagger-ui/swagger.json HTTP/1.1" 401 700 "-" "Mozilla/5.0 (Windows NT 5.1) AppleWebKit/537.36 (KHTML, like Gecko) Chrome/35.0.3319.102 Safari/537.36"
5.2.74.180 - - [01/Jun/2021:12:04:54 +0200] "GET /api/v1/swagger-ui/swagger.yaml HTTP/1.1" 401 700 "-" "Mozilla/5.0 (Windows NT 6.1; WOW64) AppleWebKit/537.36 (KHTML, like Gecko) Chrome/36.0.1985.67 Safari/537.36"
5.2.74.180 - - [01/Jun/2021:12:05:07 +0200] "GET /swagger-resources/restservices/v2/api-docs HTTP/1.1" 401 700 "-" "Mozilla/5.0 (Windows NT 5.1) AppleWebKit/537.36 (KHTML, like Gecko) Chrome/35.0.2309.372 Safari/537.36"
5.2.74.180 - - [01/Jun/2021:12:08:28 +0200] "GET /application.wadl HTTP/1.1" 401 704 "-" "Mozilla/5.0 (Windows NT 10.0; Win64; x64) AppleWebKit/537.36 (KHTML, like Gecko) Chrome/70.0.3538.77 Safari/537.36"
5.2.74.180 - - [01/Jun/2021:12:08:41 +0200] "GET /application.wadl?detail=true HTTP/1.1" 401 704 "-" "Mozilla/5.0 (Windows NT 5.1) AppleWebKit/537.36 (KHTML, like Gecko) Chrome/41.0.2224.3 Safari/537.36"
5.2.74.180 - - [01/Jun/2021:12:08:51 +0200] "GET /fckeditor/_samples/default.html HTTP/1.1" 401 704 "-" "Mozilla/5.0 (Windows NT 5.1) AppleWebKit/537.36 (KHTML, like Gecko) Chrome/35.0.2117.157 Safari/537.36"
5.2.74.180 - - [01/Jun/2021:12:08:54 +0200] "GET /api/application.wadl HTTP/1.1" 401 704 "-" "Mozilla/5.0 (X11; Linux x86_64) AppleWebKit/537.36 (KHTML, like Gecko) Chrome/41.0.2227.0 Safari/537.36"
5.2.74.180 - - [01/Jun/2021:12:09:04 +0200] "GET /ckeditor/samples/ HTTP/1.1" 401 704 "-" "Mozilla/5.0 (Windows NT 6.1; WOW64) AppleWebKit/537.36 (KHTML, like Gecko) Chrome/41.0.2227.0 Safari/537.36"
5.2.74.180 - - [01/Jun/2021:12:09:07 +0200] "GET /api/v1/application.wadl HTTP/1.1" 401 704 "-" "Mozilla/5.0 (Windows NT 10.0) AppleWebKit/537.36 (KHTML, like Gecko) Chrome/40.0.2214.93 Safari/537.36"
5.2.74.180 - - [01/Jun/2021:12:09:17 +0200] "GET /editor/ckeditor/samples/ HTTP/1.1" 401 704 "-" "Mozilla/5.0 (Macintosh; Intel Mac OS X 10_10_1) AppleWebKit/537.36 (KHTML, like Gecko) Chrome/41.0.2227.1 Safari/537.36"
5.2.74.180 - - [01/Jun/2021:12:09:20 +0200] "GET /api/v2/application.wadl HTTP/1.1" 401 704 "-" "Mozilla/5.0 (Windows NT 10.0; Win64; x64) AppleWebKit/537.36 (KHTML, like Gecko) Chrome/70.0.3538.77 Safari/537.36"
5.2.74.180 - - [01/Jun/2021:12:09:30 +0200] "GET /ckeditor/samples/sample_posteddata.php HTTP/1.1" 401 704 "-" "Mozilla/5.0 (X11; Linux x86_64) AppleWebKit/537.36 (KHTML, like Gecko) Chrome/34.0.1847.137 Safari/4E423F"
5.2.74.180 - - [01/Jun/2021:12:09:33 +0200] "OPTIONS / HTTP/1.1" 401 704 "-" "Mozilla/5.0 (Windows NT 6.1) AppleWebKit/537.36 (KHTML, like Gecko) Chrome/41.0.2228.0 Safari/537.36"
5.2.74.180 - - [01/Jun/2021:12:09:43 +0200] "GET /editor/ckeditor/samples/sample_posteddata.php HTTP/1.1" 401 704 "-" "Mozilla/5.0 (Windows NT 10.0) AppleWebKit/537.36 (KHTML, like Gecko) Chrome/40.0.2214.93 Safari/537.36"
5.2.74.180 - - [01/Jun/2021:12:09:45 +0200] "OPTIONS /api/v1 HTTP/1.1" 401 704 "-" "Mozilla/5.0 (Windows NT 5.1) AppleWebKit/537.36 (KHTML, like Gecko) Chrome/36.0.1985.67 Safari/537.36"
5.2.74.180 - - [01/Jun/2021:12:09:56 +0200] "GET /fck/editor/dialog/fck_spellerpages/spellerpages/server-scripts/spellchecker.php HTTP/1.1" 401 704 "-" "Mozilla/5.0 (Windows NT 10.0) AppleWebKit/537.36 (KHTML, like Gecko) Chrome/89.0.4389.114 Safari/537.36"
5.2.74.180 - - [01/Jun/2021:12:09:58 +0200] "OPTIONS /api/v2 HTTP/1.1" 401 704 "-" "Mozilla/5.0 (Macintosh; Intel Mac OS X 10_9_2) AppleWebKit/537.36 (KHTML, like Gecko) Chrome/52.0.2762.73 Safari/537.36"
5.2.74.180 - - [01/Jun/2021:12:10:08 +0200] "GET /fckeditor/editor/dialog/fck_spellerpages/spellerpages/server-scripts/spellcheckder.php HTTP/1.1" 401 704 "-" "Mozilla/5.0 (Windows NT 5.1) AppleWebKit/537.36 (KHTML, like Gecko) Chrome/35.0.2309.372 Safari/537.36"
5.2.74.180 - - [01/Jun/2021:12:10:21 +0200] "GET /ueditor/php/getRemoteImage.php HTTP/1.1" 401 704 "-" "Mozilla/5.0 (Windows NT 6.3; WOW64) AppleWebKit/537.36 (KHTML, like Gecko) Chrome/41.0.2225.0 Safari/537.36"
5.2.74.180 - - [01/Jun/2021:12:19:23 +0200] "GET /.env HTTP/1.1" 401 704 "-" "Mozilla/5.0 (X11; OpenBSD i386) AppleWebKit/537.36 (KHTML, like Gecko) Chrome/36.0.1985.125 Safari/537.36"
5.2.74.180 - - [01/Jun/2021:12:19:32 +0200] "GET /.env.dev.local HTTP/1.1" 401 704 "-" "Mozilla/5.0 (Windows NT 6.2; WOW64) AppleWebKit/537.36 (KHTML like Gecko) Chrome/44.0.2403.155 Safari/537.36"
5.2.74.180 - - [01/Jun/2021:12:19:41 +0200] "GET /.env.development.local HTTP/1.1" 401 704 "-" "Mozilla/5.0 (Windows NT 4.0; WOW64) AppleWebKit/537.36 (KHTML, like Gecko) Chrome/37.0.2049.0 Safari/537.36"
5.2.74.180 - - [01/Jun/2021:12:19:50 +0200] "GET /.env.prod.local HTTP/1.1" 401 704 "-" "Mozilla/5.0 (X11; Linux x86_64) AppleWebKit/537.36 (KHTML, like Gecko) Chrome/34.0.1847.137 Safari/4E423F"
5.2.74.180 - - [01/Jun/2021:12:19:59 +0200] "GET /.env.production.local HTTP/1.1" 401 704 "-" "Mozilla/5.0 (Windows NT 5.1) AppleWebKit/537.36 (KHTML, like Gecko) Chrome/35.0.3319.102 Safari/537.36"
5.2.74.180 - - [01/Jun/2021:12:20:08 +0200] "GET /.env.local HTTP/1.1" 401 704 "-" "Mozilla/5.0 (Macintosh; Intel Mac OS X 10_10_1) AppleWebKit/537.36 (KHTML, like Gecko) Chrome/41.0.2227.1 Safari/537.36"
5.2.74.180 - - [01/Jun/2021:12:20:16 +0200] "GET /.env.example HTTP/1.1" 401 704 "-" "Mozilla/5.0 (Windows NT 6.1) AppleWebKit/537.36 (KHTML, like Gecko) Chrome/41.0.2228.0 Safari/537.36"
5.2.74.180 - - [01/Jun/2021:12:20:25 +0200] "GET /.env.stage HTTP/1.1" 401 704 "-" "Mozilla/5.0 (Macintosh; Intel Mac OS X 10_9_2) AppleWebKit/537.36 (KHTML, like Gecko) Chrome/52.0.2762.73 Safari/537.36"
5.2.74.180 - - [01/Jun/2021:12:20:34 +0200] "GET /.env.live HTTP/1.1" 401 704 "-" "Mozilla/5.0 (X11; Ubuntu; Linux x86_64) AppleWebKit/537.36 (KHTML, like Gecko) Chrome/55.0.2919.83 Safari/537.36"
5.2.74.180 - - [01/Jun/2021:12:22:57 +0200] "GET /homepage.nsf HTTP/1.1" 401 704 "-" "Mozilla/5.0 (Windows NT 6.1) AppleWebKit/537.36 (KHTML, like Gecko) Chrome/41.0.2228.0 Safari/537.36"
5.2.74.180 - - [01/Jun/2021:12:23:08 +0200] "GET /iNotes/Forms5.nsf HTTP/1.1" 401 704 "-" "Mozilla/5.0 (Macintosh; Intel Mac OS X 10_9_2) AppleWebKit/537.36 (KHTML, like Gecko) Chrome/52.0.2762.73 Safari/537.36"
5.2.74.180 - - [01/Jun/2021:12:23:19 +0200] "GET /iNotes/Forms6.nsf HTTP/1.1" 401 704 "-" "Mozilla/5.0 (Windows NT 6.1; WOW64) AppleWebKit/537.36 (KHTML, like Gecko) Chrome/36.0.1985.67 Safari/537.36"
5.2.74.180 - - [01/Jun/2021:12:23:30 +0200] "GET /iNotes/Forms7.nsf HTTP/1.1" 401 704 "-" "Mozilla/5.0 (Macintosh; Intel Mac OS X 10_10_1) AppleWebKit/537.36 (KHTML, like Gecko) Chrome/37.0.2062.124 Safari/537.36"
5.2.74.180 - - [01/Jun/2021:12:23:41 +0200] "GET /iNotes/Forms8.nsf HTTP/1.1" 401 704 "-" "Mozilla/5.0 (Windows NT 5.1) AppleWebKit/537.36 (KHTML, like Gecko) Chrome/36.0.1985.67 Safari/537.36"
5.2.74.180 - - [01/Jun/2021:12:23:52 +0200] "GET /iNotes/Forms85.nsf HTTP/1.1" 401 704 "-" "Mozilla/5.0 (Windows NT 10.0; Win64; x64) AppleWebKit/537.36 (KHTML, like Gecko) Chrome/89.0.4389.114 Safari/537.36"
5.2.74.180 - - [01/Jun/2021:12:24:03 +0200] "GET /iNotes/Forms9.nsf HTTP/1.1" 401 704 "-" "Mozilla/5.0 (Windows NT 6.4; WOW64) AppleWebKit/537.36 (KHTML, like Gecko) Chrome/41.0.2225.0 Safari/537.36"
5.2.74.180 - - [01/Jun/2021:12:25:24 +0200] "GET /?author=1 HTTP/1.1" 401 704 "-" "-"
5.2.74.180 - - [01/Jun/2021:12:31:01 +0200] "GET /php.php HTTP/1.1" 401 704 "-" "Mozilla/5.0 (Windows NT 6.3; WOW64) AppleWebKit/537.36 (KHTML, like Gecko) Chrome/41.0.2226.0 Safari/537.36"
5.2.74.180 - - [01/Jun/2021:12:31:12 +0200] "GET /phpinfo.php HTTP/1.1" 401 704 "-" "Mozilla/5.0 (X11; OpenBSD i386) AppleWebKit/537.36 (KHTML, like Gecko) Chrome/36.0.1985.125 Safari/537.36"
5.2.74.180 - - [01/Jun/2021:12:31:23 +0200] "GET /info.php HTTP/1.1" 401 704 "-" "Mozilla/5.0 (Macintosh; Intel Mac OS X 10_9_2) AppleWebKit/537.36 (KHTML, like Gecko) Chrome/36.0.1944.0 Safari/537.36"
5.2.74.180 - - [01/Jun/2021:12:31:34 +0200] "GET /infophp.php HTTP/1.1" 401 704 "-" "Mozilla/5.0 (X11; OpenBSD i386) AppleWebKit/537.36 (KHTML, like Gecko) Chrome/36.0.1985.125 Safari/537.36"
5.2.74.180 - - [01/Jun/2021:12:31:45 +0200] "GET /php_info.php HTTP/1.1" 401 704 "-" "Mozilla/5.0 (Windows NT 5.1) AppleWebKit/537.36 (KHTML, like Gecko) Chrome/36.0.1985.67 Safari/537.36"
5.2.74.180 - - [01/Jun/2021:12:31:56 +0200] "GET /test.php HTTP/1.1" 401 704 "-" "Mozilla/5.0 (X11; Ubuntu; Linux i686 on x86_64) AppleWebKit/537.36 (KHTML, like Gecko) Chrome/53.0.2820.59 Safari/537.36"
5.2.74.180 - - [01/Jun/2021:12:32:06 +0200] "GET /i.php HTTP/1.1" 401 704 "-" "Mozilla/5.0 (Windows NT 4.0; WOW64) AppleWebKit/537.36 (KHTML, like Gecko) Chrome/37.0.2049.0 Safari/537.36"
5.2.74.180 - - [01/Jun/2021:12:32:17 +0200] "GET /asdf.php HTTP/1.1" 401 704 "-" "Mozilla/5.0 (Windows NT 6.1; WOW64) AppleWebKit/537.36 (KHTML, like Gecko) Chrome/41.0.2227.0 Safari/537.36"
5.2.74.180 - - [01/Jun/2021:12:32:27 +0200] "GET /pinfo.php HTTP/1.1" 401 704 "-" "Mozilla/5.0 (Macintosh; Intel Mac OS X 10_10_1) AppleWebKit/537.36 (KHTML, like Gecko) Chrome/41.0.2227.1 Safari/537.36"
5.2.74.180 - - [01/Jun/2021:12:32:37 +0200] "GET /phpversion.php HTTP/1.1" 401 704 "-" "Mozilla/5.0 (X11; Ubuntu; Linux i686 on x86_64) AppleWebKit/537.36 (KHTML, like Gecko) Chrome/53.0.2820.59 Safari/537.36"
5.2.74.180 - - [01/Jun/2021:12:32:48 +0200] "GET /time.php HTTP/1.1" 401 704 "-" "Mozilla/5.0 (Macintosh; Intel Mac OS X 10_9_2) AppleWebKit/537.36 (KHTML, like Gecko) Chrome/36.0.1944.0 Safari/537.36"
5.2.74.180 - - [01/Jun/2021:12:32:57 +0200] "GET /index.php HTTP/1.1" 401 704 "-" "Mozilla/5.0 (Windows NT 5.1) AppleWebKit/537.36 (KHTML, like Gecko) Chrome/35.0.2309.372 Safari/537.36"
5.2.74.180 - - [01/Jun/2021:12:33:07 +0200] "GET /temp.php HTTP/1.1" 401 704 "-" "Mozilla/5.0 (Macintosh; Intel Mac OS X 10_10_1) AppleWebKit/537.36 (KHTML, like Gecko) Chrome/41.0.2227.1 Safari/537.36"
5.2.74.180 - - [01/Jun/2021:12:33:17 +0200] "GET /old_phpinfo.php HTTP/1.1" 401 704 "-" "Mozilla/5.0 (Windows NT 6.1; WOW64) AppleWebKit/537.36 (KHTML, like Gecko) Chrome/36.0.1985.67 Safari/537.36"
5.2.74.180 - - [01/Jun/2021:12:33:27 +0200] "GET /infos.php HTTP/1.1" 401 704 "-" "Mozilla/5.0 (Windows NT 6.1; WOW64) AppleWebKit/537.36 (KHTML, like Gecko) Chrome/36.0.1985.67 Safari/537.36"
5.2.74.180 - - [01/Jun/2021:12:33:36 +0200] "GET /linusadmin-phpinfo.php HTTP/1.1" 401 704 "-" "Mozilla/5.0 (Macintosh; Intel Mac OS X 10_9_3) AppleWebKit/537.36 (KHTML, like Gecko) Chrome/35.0.1916.47 Safari/537.36"
5.2.74.180 - - [01/Jun/2021:12:33:46 +0200] "GET /php-info.php HTTP/1.1" 401 704 "-" "Mozilla/5.0 (Windows NT 5.1) AppleWebKit/537.36 (KHTML, like Gecko) Chrome/34.0.1866.237 Safari/537.36"
66.249.70.46 - - [01/Jun/2021:12:40:24 +0200] "GET / HTTP/1.1" 401 741 "-" "Mozilla/5.0 (Linux; Android 6.0.1; Nexus 5X Build/MMB29P) AppleWebKit/537.36 (KHTML, like Gecko) Chrome/90.0.4430.97 Mobile Safari/537.36 (compatible; Googlebot/2.1; +http://www.google.com/bot.html)"
66.249.64.205 - - [01/Jun/2021:14:30:24 +0200] "GET / HTTP/1.1" 401 737 "-" "Mozilla/5.0 (Linux; Android 6.0.1; Nexus 5X Build/MMB29P) AppleWebKit/537.36 (KHTML, like Gecko) Chrome/90.0.4430.97 Mobile Safari/537.36 (compatible; Googlebot/2.1; +http://www.google.com/bot.html)"
66.249.70.46 - - [01/Jun/2021:14:44:16 +0200] "GET / HTTP/1.1" 401 741 "-" "Mozilla/5.0 (compatible; Googlebot/2.1; +http://www.google.com/bot.html)"
148.81.194.138 - - [01/Jun/2021:15:11:58 +0200] "GET /robots.txt HTTP/1.1" 401 685 "-" "Mozilla/5.0 (Nekstbot; Pierwsza semantyczna wyszukiwarka Polskiego Internetu www.nekst.pl, http://nekst.ipipan.waw.pl/nekstbot/)"
66.249.64.205 - - [01/Jun/2021:16:19:43 +0200] "GET / HTTP/1.1" 401 737 "-" "Mozilla/5.0 (compatible; Googlebot/2.1; +http://www.google.com/bot.html)"
13.209.28.104 - - [01/Jun/2021:19:28:24 +0200] "GET / HTTP/1.1" 401 681 "-" "Mozilla/5.0 (Macintosh; Intel Mac OS X 10_8_0) AppleWebKit/537.36 (KHTML, like Gecko) Chrome/32.0.1664.3 Safari/537.36"
13.209.28.104 - - [01/Jun/2021:19:28:25 +0200] "GET /wp-login.php HTTP/1.1" 401 681 "-" "Mozilla/5.0 (Macintosh; Intel Mac OS X 10_8_0) AppleWebKit/537.36 (KHTML, like Gecko) Chrome/32.0.1664.3 Safari/537.36"
13.209.28.104 - - [01/Jun/2021:19:28:26 +0200] "GET /wordpress/wp-login.php HTTP/1.1" 401 681 "-" "Mozilla/5.0 (Macintosh; Intel Mac OS X 10_8_0) AppleWebKit/537.36 (KHTML, like Gecko) Chrome/32.0.1664.3 Safari/537.36"
13.209.28.104 - - [01/Jun/2021:19:28:26 +0200] "GET /blog/wp-login.php HTTP/1.1" 401 681 "-" "Mozilla/5.0 (Macintosh; Intel Mac OS X 10_8_0) AppleWebKit/537.36 (KHTML, like Gecko) Chrome/32.0.1664.3 Safari/537.36"
13.209.28.104 - - [01/Jun/2021:19:28:27 +0200] "GET /wp/wp-login.php HTTP/1.1" 401 681 "-" "Mozilla/5.0 (Macintosh; Intel Mac OS X 10_8_0) AppleWebKit/537.36 (KHTML, like Gecko) Chrome/32.0.1664.3 Safari/537.36"
66.249.70.44 - - [01/Jun/2021:21:36:18 +0200] "GET /robots.txt HTTP/1.1" 401 741 "-" "Mozilla/5.0 (compatible; Googlebot/2.1; +http://www.google.com/bot.html)"
66.249.70.44 - - [01/Jun/2021:21:36:18 +0200] "GET / HTTP/1.1" 401 740 "-" "Mozilla/5.0 (Linux; Android 6.0.1; Nexus 5X Build/MMB29P) AppleWebKit/537.36 (KHTML, like Gecko) Chrome/90.0.4430.97 Mobile Safari/537.36 (compatible; Googlebot/2.1; +http://www.google.com/bot.html)"
66.249.64.209 - - [01/Jun/2021:23:36:47 +0200] "GET /robots.txt HTTP/1.1" 401 737 "-" "Mozilla/5.0 (compatible; Googlebot/2.1; +http://www.google.com/bot.html)"
66.249.64.205 - - [01/Jun/2021:23:36:48 +0200] "GET / HTTP/1.1" 401 737 "-" "Mozilla/5.0 (Linux; Android 6.0.1; Nexus 5X Build/MMB29P) AppleWebKit/537.36 (KHTML, like Gecko) Chrome/90.0.4430.97 Mobile Safari/537.36 (compatible; Googlebot/2.1; +http://www.google.com/bot.html)"
66.249.70.48 - - [02/Jun/2021:00:58:35 +0200] "GET / HTTP/1.1" 401 741 "-" "Mozilla/5.0 (compatible; Googlebot/2.1; +http://www.google.com/bot.html)"
72.167.37.139 - - [02/Jun/2021:01:30:09 +0200] "GET /wp-login.php HTTP/1.1" 401 700 "-" "Mozilla/5.0 (X11; Ubuntu; Linux x86_64; rv:62.0) Gecko/20100101 Firefox/62.0"
72.167.37.139 - - [02/Jun/2021:01:30:09 +0200] "GET /wp-login.php HTTP/1.1" 401 700 "-" "Mozilla/5.0 (X11; Ubuntu; Linux x86_64; rv:62.0) Gecko/20100101 Firefox/62.0"
72.167.37.139 - - [02/Jun/2021:01:30:09 +0200] "GET /wp-login.php HTTP/1.1" 401 700 "-" "Mozilla/5.0 (X11; Ubuntu; Linux x86_64; rv:62.0) Gecko/20100101 Firefox/62.0"
72.167.37.139 - - [02/Jun/2021:01:30:09 +0200] "GET /wp-login.php HTTP/1.1" 401 700 "-" "Mozilla/5.0 (X11; Ubuntu; Linux x86_64; rv:62.0) Gecko/20100101 Firefox/62.0"
51.15.245.44 - - [02/Jun/2021:03:29:00 +0200] "GET / HTTP/1.1" 401 700 "-" "Mozilla/5.0 (Windows NT 6.3; WOW64) AppleWebKit/537.36 (KHTML, like Gecko) Chrome/51.0.2704.103 Safari/537.36"
104.149.130.198 - - [02/Jun/2021:04:43:37 +0200] "GET /wp-login.php HTTP/1.1" 401 704 "-" "Mozilla/5.0 (X11; Ubuntu; Linux x86_64; rv:62.0) Gecko/20100101 Firefox/62.0"
104.149.130.198 - - [02/Jun/2021:04:43:37 +0200] "GET /wp-login.php HTTP/1.1" 401 704 "-" "Mozilla/5.0 (X11; Ubuntu; Linux x86_64; rv:62.0) Gecko/20100101 Firefox/62.0"
104.149.130.198 - - [02/Jun/2021:04:43:37 +0200] "GET /wp-login.php HTTP/1.1" 401 704 "-" "Mozilla/5.0 (X11; Ubuntu; Linux x86_64; rv:62.0) Gecko/20100101 Firefox/62.0"
104.149.130.198 - - [02/Jun/2021:04:43:37 +0200] "GET /wp-login.php HTTP/1.1" 401 704 "-" "Mozilla/5.0 (X11; Ubuntu; Linux x86_64; rv:62.0) Gecko/20100101 Firefox/62.0"
66.249.64.207 - - [02/Jun/2021:05:35:19 +0200] "GET / HTTP/1.1" 401 737 "-" "Mozilla/5.0 (compatible; Googlebot/2.1; +http://www.google.com/bot.html)"
185.191.171.10 - - [02/Jun/2021:07:04:18 +0200] "GET /robots.txt HTTP/1.1" 401 700 "-" "Mozilla/5.0 (compatible; SemrushBot/7~bl; +http://www.semrush.com/bot.html)"
185.191.171.44 - - [02/Jun/2021:07:04:18 +0200] "GET / HTTP/1.1" 401 700 "-" "Mozilla/5.0 (compatible; SemrushBot/7~bl; +http://www.semrush.com/bot.html)"
66.249.70.48 - - [02/Jun/2021:07:10:11 +0200] "GET /index.php?m=polkmiu&id=18222 HTTP/1.1" 401 741 "-" "Mozilla/5.0 (compatible; Googlebot/2.1; +http://www.google.com/bot.html)"
66.249.70.48 - - [02/Jun/2021:07:36:39 +0200] "GET / HTTP/1.1" 401 741 "-" "Mozilla/5.0 (Linux; Android 6.0.1; Nexus 5X Build/MMB29P) AppleWebKit/537.36 (KHTML, like Gecko) Chrome/90.0.4430.97 Mobile Safari/537.36 (compatible; Googlebot/2.1; +http://www.google.com/bot.html)"
66.249.64.205 - - [02/Jun/2021:08:47:58 +0200] "GET / HTTP/1.1" 401 737 "-" "Mozilla/5.0 (Linux; Android 6.0.1; Nexus 5X Build/MMB29P) AppleWebKit/537.36 (KHTML, like Gecko) Chrome/90.0.4430.97 Mobile Safari/537.36 (compatible; Googlebot/2.1; +http://www.google.com/bot.html)"
114.119.144.64 - - [02/Jun/2021:08:57:57 +0200] "GET /robots.txt HTTP/1.1" 401 741 "-" "Mozilla/5.0 (compatible;PetalBot;+https://webmaster.petalsearch.com/site/petalbot)"
66.249.70.48 - - [02/Jun/2021:10:31:45 +0200] "GET /robots.txt HTTP/1.1" 401 741 "-" "Mozilla/5.0 (compatible; Googlebot/2.1; +http://www.google.com/bot.html)"
66.249.70.48 - - [02/Jun/2021:10:31:45 +0200] "GET / HTTP/1.1" 401 740 "-" "Mozilla/5.0 (compatible; Googlebot/2.1; +http://www.google.com/bot.html)"
66.249.64.209 - - [02/Jun/2021:14:37:36 +0200] "GET /robots.txt HTTP/1.1" 401 737 "-" "Mozilla/5.0 (compatible; Googlebot/2.1; +http://www.google.com/bot.html)"
66.249.64.207 - - [02/Jun/2021:14:37:38 +0200] "GET / HTTP/1.1" 401 737 "-" "Mozilla/5.0 (compatible; Googlebot/2.1; +http://www.google.com/bot.html)"
66.249.70.48 - - [02/Jun/2021:17:02:00 +0200] "GET / HTTP/1.1" 401 741 "-" "Mozilla/5.0 (Linux; Android 6.0.1; Nexus 5X Build/MMB29P) AppleWebKit/537.36 (KHTML, like Gecko) Chrome/90.0.4430.97 Mobile Safari/537.36 (compatible; Googlebot/2.1; +http://www.google.com/bot.html)"
66.249.70.44 - - [02/Jun/2021:17:10:31 +0200] "GET /index.php?m=polkmiu&id=12202 HTTP/1.1" 401 741 "-" "Mozilla/5.0 (compatible; Googlebot/2.1; +http://www.google.com/bot.html)"
66.249.64.209 - - [02/Jun/2021:17:30:29 +0200] "GET / HTTP/1.1" 401 737 "-" "Mozilla/5.0 (Linux; Android 6.0.1; Nexus 5X Build/MMB29P) AppleWebKit/537.36 (KHTML, like Gecko) Chrome/90.0.4430.97 Mobile Safari/537.36 (compatible; Googlebot/2.1; +http://www.google.com/bot.html)"
66.249.70.48 - - [02/Jun/2021:19:31:00 +0200] "GET / HTTP/1.1" 401 741 "-" "Mozilla/5.0 (compatible; Googlebot/2.1; +http://www.google.com/bot.html)"
66.249.70.48 - - [02/Jun/2021:19:59:42 +0200] "GET /index.php?m=polkmiu&id=18331 HTTP/1.1" 401 741 "-" "Mozilla/5.0 (compatible; Googlebot/2.1; +http://www.google.com/bot.html)"
5.255.253.145 - - [02/Jun/2021:21:47:40 +0200] "GET /robots.txt HTTP/1.1" 401 741 "-" "Mozilla/5.0 (compatible; YandexBot/3.0; +http://yandex.com/bots)"
5.255.253.145 - - [02/Jun/2021:21:47:44 +0200] "GET / HTTP/1.1" 401 740 "-" "Mozilla/5.0 (compatible; YandexBot/3.0; +http://yandex.com/bots)"
213.180.203.2 - - [02/Jun/2021:21:49:10 +0200] "GET /robots.txt HTTP/1.1" 401 737 "-" "Mozilla/5.0 (compatible; YandexBot/3.0; +http://yandex.com/bots)"
5.45.207.130 - - [02/Jun/2021:21:49:14 +0200] "GET / HTTP/1.1" 401 737 "-" "Mozilla/5.0 (compatible; YandexBot/3.0; +http://yandex.com/bots)"
66.249.64.207 - - [02/Jun/2021:23:27:20 +0200] "GET / HTTP/1.1" 401 737 "-" "Mozilla/5.0 (compatible; Googlebot/2.1; +http://www.google.com/bot.html)"
66.249.70.44 - - [03/Jun/2021:01:43:28 +0200] "GET /robots.txt HTTP/1.1" 401 741 "-" "Mozilla/5.0 (compatible; Googlebot/2.1; +http://www.google.com/bot.html)"
66.249.70.48 - - [03/Jun/2021:01:43:29 +0200] "GET /index.php?m=polkmiu&id=14050 HTTP/1.1" 401 741 "-" "Mozilla/5.0 (Linux; Android 6.0.1; Nexus 5X Build/MMB29P) AppleWebKit/537.36 (KHTML, like Gecko) Chrome/90.0.4430.97 Mobile Safari/537.36 (compatible; Googlebot/2.1; +http://www.google.com/bot.html)"
66.249.70.44 - - [03/Jun/2021:01:43:29 +0200] "GET / HTTP/1.1" 401 740 "-" "Mozilla/5.0 (Linux; Android 6.0.1; Nexus 5X Build/MMB29P) AppleWebKit/537.36 (KHTML, like Gecko) Chrome/90.0.4430.97 Mobile Safari/537.36 (compatible; Googlebot/2.1; +http://www.google.com/bot.html)"
66.249.64.207 - - [03/Jun/2021:02:53:16 +0200] "GET /robots.txt HTTP/1.1" 401 737 "-" "Mozilla/5.0 (compatible; Googlebot/2.1; +http://www.google.com/bot.html)"
66.249.64.205 - - [03/Jun/2021:02:53:17 +0200] "GET / HTTP/1.1" 401 737 "-" "Mozilla/5.0 (Linux; Android 6.0.1; Nexus 5X Build/MMB29P) AppleWebKit/537.36 (KHTML, like Gecko) Chrome/90.0.4430.97 Mobile Safari/537.36 (compatible; Googlebot/2.1; +http://www.google.com/bot.html)"
148.81.194.138 - - [03/Jun/2021:03:14:41 +0200] "GET /robots.txt HTTP/1.1" 401 685 "-" "Mozilla/5.0 (Nekstbot; Pierwsza semantyczna wyszukiwarka Polskiego Internetu www.nekst.pl, http://nekst.ipipan.waw.pl/nekstbot/)"
51.15.224.119 - - [03/Jun/2021:03:30:21 +0200] "GET / HTTP/1.1" 401 700 "-" "Mozilla/5.0 (Windows NT 6.3; WOW64) AppleWebKit/537.36 (KHTML, like Gecko) Chrome/51.0.2704.103 Safari/537.36"
66.249.70.48 - - [03/Jun/2021:04:43:40 +0200] "GET / HTTP/1.1" 401 741 "-" "Mozilla/5.0 (compatible; Googlebot/2.1; +http://www.google.com/bot.html)"
114.119.157.239 - - [03/Jun/2021:05:35:52 +0200] "GET /robots.txt HTTP/1.1" 401 741 "-" "Mozilla/5.0 (compatible;PetalBot;+https://webmaster.petalsearch.com/site/petalbot)"
66.249.70.44 - - [03/Jun/2021:06:12:46 +0200] "GET /index.php?m=polkmiu&id=18331 HTTP/1.1" 401 741 "-" "Mozilla/5.0 (Linux; Android 6.0.1; Nexus 5X Build/MMB29P) AppleWebKit/537.36 (KHTML, like Gecko) Chrome/90.0.4430.97 Mobile Safari/537.36 (compatible; Googlebot/2.1; +http://www.google.com/bot.html)"
114.119.145.205 - - [03/Jun/2021:07:55:14 +0200] "GET /robots.txt HTTP/1.1" 401 741 "-" "Mozilla/5.0 (compatible;PetalBot;+https://webmaster.petalsearch.com/site/petalbot)"
66.249.64.207 - - [03/Jun/2021:08:48:19 +0200] "GET / HTTP/1.1" 401 737 "-" "Mozilla/5.0 (compatible; Googlebot/2.1; +http://www.google.com/bot.html)"
66.249.70.44 - - [03/Jun/2021:11:07:37 +0200] "GET / HTTP/1.1" 401 741 "-" "Mozilla/5.0 (Linux; Android 6.0.1; Nexus 5X Build/MMB29P) AppleWebKit/537.36 (KHTML, like Gecko) Chrome/90.0.4430.97 Mobile Safari/537.36 (compatible; Googlebot/2.1; +http://www.google.com/bot.html)"
66.249.64.209 - - [03/Jun/2021:12:52:54 +0200] "GET / HTTP/1.1" 401 737 "-" "Mozilla/5.0 (Linux; Android 6.0.1; Nexus 5X Build/MMB29P) AppleWebKit/537.36 (KHTML, like Gecko) Chrome/90.0.4430.97 Mobile Safari/537.36 (compatible; Googlebot/2.1; +http://www.google.com/bot.html)"
66.249.70.46 - - [03/Jun/2021:16:20:04 +0200] "GET /robots.txt HTTP/1.1" 401 741 "-" "Mozilla/5.0 (compatible; Googlebot/2.1; +http://www.google.com/bot.html)"
66.249.70.44 - - [03/Jun/2021:16:20:04 +0200] "GET / HTTP/1.1" 401 741 "-" "Mozilla/5.0 (compatible; Googlebot/2.1; +http://www.google.com/bot.html)"
64.227.90.185 - - [03/Jun/2021:21:29:39 +0200] "GET / HTTP/1.1" 401 681 "-" "Mozilla/5.0 (Windows NT 6.1) AppleWebKit/537.36 (KHTML, like Gecko) Chrome/41.0.2228.0 Safari/537.36"
64.227.90.185 - - [03/Jun/2021:21:29:50 +0200] "GET /robots.txt HTTP/1.1" 401 681 "-" "-"
64.227.90.185 - - [03/Jun/2021:21:29:51 +0200] "GET /sitemap.xml HTTP/1.1" 401 681 "-" "-"
66.249.64.209 - - [03/Jun/2021:22:08:49 +0200] "GET /robots.txt HTTP/1.1" 401 737 "-" "Mozilla/5.0 (compatible; Googlebot/2.1; +http://www.google.com/bot.html)"
66.249.64.209 - - [03/Jun/2021:22:08:49 +0200] "GET / HTTP/1.1" 401 736 "-" "Mozilla/5.0 (compatible; Googlebot/2.1; +http://www.google.com/bot.html)"
66.249.70.44 - - [03/Jun/2021:22:56:22 +0200] "GET / HTTP/1.1" 401 741 "-" "Mozilla/5.0 (Linux; Android 6.0.1; Nexus 5X Build/MMB29P) AppleWebKit/537.36 (KHTML, like Gecko) Chrome/90.0.4430.97 Mobile Safari/537.36 (compatible; Googlebot/2.1; +http://www.google.com/bot.html)"
66.249.70.44 - - [04/Jun/2021:01:08:03 +0200] "GET /index.php?m=polkmiu&id=18331 HTTP/1.1" 401 741 "-" "Mozilla/5.0 (compatible; Googlebot/2.1; +http://www.google.com/bot.html)"
71.6.167.124 - - [04/Jun/2021:02:22:51 +0200] "GET / HTTP/1.1" 401 681 "-" "Mozilla/5.0 (Windows NT 6.1) AppleWebKit/537.36 (KHTML, like Gecko) Chrome/41.0.2228.0 Safari/537.36"
71.6.167.124 - - [04/Jun/2021:02:22:56 +0200] "GET /robots.txt HTTP/1.1" 401 681 "-" "-"
71.6.167.124 - - [04/Jun/2021:02:23:05 +0200] "GET /sitemap.xml HTTP/1.1" 401 681 "-" "-"
114.119.142.208 - - [04/Jun/2021:02:40:36 +0200] "GET /robots.txt HTTP/1.1" 401 741 "-" "Mozilla/5.0 (compatible;PetalBot;+https://webmaster.petalsearch.com/site/petalbot)"
51.15.64.111 - - [04/Jun/2021:03:41:46 +0200] "GET / HTTP/1.1" 401 700 "-" "Mozilla/5.0 (Windows NT 6.3; WOW64) AppleWebKit/537.36 (KHTML, like Gecko) Chrome/51.0.2704.103 Safari/537.36"
176.106.242.148 - - [04/Jun/2021:06:08:15 +0200] "GET /index.php HTTP/1.1" 401 737 "http://sno.uw.edu.pl/" "Mozilla/5.0 (Windows NT 10.0; Win64; x64) AppleWebKit/537.36 (KHTML, like Gecko) Chrome/52.0.2743.116 Safari/537.36 Edge/2F3EA5A0"
176.106.242.148 - - [04/Jun/2021:06:08:15 +0200] "GET / HTTP/1.1" 401 737 "http://sno.uw.edu.pl" "Mozilla/5.0 (Windows NT 10.0; Win64; x64) AppleWebKit/537.36 (KHTML, like Gecko) Chrome/52.0.2743.116 Safari/537.36 Edge/2F3EA5A0"
66.249.70.46 - - [04/Jun/2021:07:09:07 +0200] "GET /robots.txt HTTP/1.1" 401 741 "-" "Mozilla/5.0 (compatible; Googlebot/2.1; +http://www.google.com/bot.html)"
66.249.70.44 - - [04/Jun/2021:07:09:07 +0200] "GET /index.php?m=polkmiu&id=14208 HTTP/1.1" 401 741 "-" "Mozilla/5.0 (compatible; Googlebot/2.1; +http://www.google.com/bot.html)"
3.8.68.2 - - [04/Jun/2021:08:25:04 +0200] "GET / HTTP/1.1" 401 681 "-" "Mozilla/5.0 (Windows NT 6.3; WOW64) AppleWebKit/537.36 (KHTML, like Gecko) Chrome/41.0.2225.0 Safari/537.36"
3.8.68.2 - - [04/Jun/2021:08:25:04 +0200] "GET /wp-login.php HTTP/1.1" 401 681 "-" "Mozilla/5.0 (Windows NT 6.3; WOW64) AppleWebKit/537.36 (KHTML, like Gecko) Chrome/41.0.2225.0 Safari/537.36"
3.8.68.2 - - [04/Jun/2021:08:25:05 +0200] "GET /wordpress/wp-login.php HTTP/1.1" 401 681 "-" "Mozilla/5.0 (Windows NT 6.3; WOW64) AppleWebKit/537.36 (KHTML, like Gecko) Chrome/41.0.2225.0 Safari/537.36"
3.8.68.2 - - [04/Jun/2021:08:25:05 +0200] "GET /blog/wp-login.php HTTP/1.1" 401 681 "-" "Mozilla/5.0 (Windows NT 6.3; WOW64) AppleWebKit/537.36 (KHTML, like Gecko) Chrome/41.0.2225.0 Safari/537.36"
3.8.68.2 - - [04/Jun/2021:08:25:05 +0200] "GET /wp/wp-login.php HTTP/1.1" 401 681 "-" "Mozilla/5.0 (Windows NT 6.3; WOW64) AppleWebKit/537.36 (KHTML, like Gecko) Chrome/41.0.2225.0 Safari/537.36"
66.249.64.209 - - [04/Jun/2021:09:51:49 +0200] "GET / HTTP/1.1" 401 737 "-" "Mozilla/5.0 (Linux; Android 6.0.1; Nexus 5X Build/MMB29P) AppleWebKit/537.36 (KHTML, like Gecko) Chrome/90.0.4430.97 Mobile Safari/537.36 (compatible; Googlebot/2.1; +http://www.google.com/bot.html)"
40.77.167.58 - - [04/Jun/2021:11:06:12 +0200] "GET /robots.txt HTTP/1.1" 401 737 "-" "Mozilla/5.0 (compatible; bingbot/2.0; +http://www.bing.com/bingbot.htm)"
207.46.13.172 - - [04/Jun/2021:11:06:21 +0200] "GET /index.php?m=polkmiu&id=17391 HTTP/1.1" 401 737 "-" "Mozilla/5.0 (compatible; bingbot/2.0; +http://www.bing.com/bingbot.htm)"
66.249.70.44 - - [04/Jun/2021:11:23:31 +0200] "GET / HTTP/1.1" 401 741 "-" "Mozilla/5.0 (compatible; Googlebot/2.1; +http://www.google.com/bot.html)"
66.249.70.44 - - [04/Jun/2021:13:07:33 +0200] "GET /index.php?m=polkmiu&id=18222 HTTP/1.1" 401 741 "-" "Mozilla/5.0 (compatible; Googlebot/2.1; +http://www.google.com/bot.html)"
185.191.171.19 - - [04/Jun/2021:14:02:11 +0200] "GET /robots.txt HTTP/1.1" 401 700 "-" "Mozilla/5.0 (compatible; SemrushBot/7~bl; +http://www.semrush.com/bot.html)"
185.191.171.37 - - [04/Jun/2021:14:02:11 +0200] "GET / HTTP/1.1" 401 700 "-" "Mozilla/5.0 (compatible; SemrushBot/7~bl; +http://www.semrush.com/bot.html)"
191.101.174.13 - - [04/Jun/2021:14:12:25 +0200] "GET /.env HTTP/1.1" 401 737 "-" "Mozilla/5.0 (X11; Linux x86_64) AppleWebKit/537.36 (KHTML, like Gecko) Chrome/81.0.4044.129 Safari/537.36"
191.101.174.13 - - [04/Jun/2021:14:13:02 +0200] "POST / HTTP/1.1" 401 737 "-" "Mozilla/5.0 (X11; Linux x86_64) AppleWebKit/537.36 (KHTML, like Gecko) Chrome/81.0.4044.129 Safari/537.36"
148.81.194.138 - - [04/Jun/2021:15:42:29 +0200] "GET /robots.txt HTTP/1.1" 401 685 "-" "Mozilla/5.0 (Nekstbot; Pierwsza semantyczna wyszukiwarka Polskiego Internetu www.nekst.pl, http://nekst.ipipan.waw.pl/nekstbot/)"
66.249.70.46 - - [05/Jun/2021:00:20:07 +0200] "GET /robots.txt HTTP/1.1" 401 741 "-" "Mozilla/5.0 (compatible; Googlebot/2.1; +http://www.google.com/bot.html)"
66.249.70.46 - - [05/Jun/2021:00:20:07 +0200] "GET /index.php?m=polkmiu&id=12202 HTTP/1.1" 401 740 "-" "Mozilla/5.0 (compatible; Googlebot/2.1; +http://www.google.com/bot.html)"
66.249.64.207 - - [05/Jun/2021:02:09:51 +0200] "GET /robots.txt HTTP/1.1" 401 737 "-" "Mozilla/5.0 (compatible; Googlebot/2.1; +http://www.google.com/bot.html)"
66.249.64.209 - - [05/Jun/2021:02:09:51 +0200] "GET /index.php?m=polkmiu&id=17081 HTTP/1.1" 401 737 "-" "Mozilla/5.0 (compatible; Googlebot/2.1; +http://www.google.com/bot.html)"
66.249.64.209 - - [05/Jun/2021:02:51:07 +0200] "GET /index.php?m=polkmiu&id=14114 HTTP/1.1" 401 737 "-" "Mozilla/5.0 (compatible; Googlebot/2.1; +http://www.google.com/bot.html)"
51.15.235.181 - - [05/Jun/2021:03:44:00 +0200] "GET / HTTP/1.1" 401 700 "-" "Mozilla/5.0 (Windows NT 6.3; WOW64) AppleWebKit/537.36 (KHTML, like Gecko) Chrome/51.0.2704.103 Safari/537.36"
114.119.144.41 - - [05/Jun/2021:05:16:19 +0200] "GET /robots.txt HTTP/1.1" 401 741 "-" "Mozilla/5.0 (compatible;PetalBot;+https://webmaster.petalsearch.com/site/petalbot)"
54.212.246.10 - - [05/Jun/2021:06:07:23 +0200] "GET / HTTP/1.1" 401 700 "-" "Mozilla/5.0 (Windows NT 10.0; Win64; x64) AppleWebKit/537.36 (KHTML, like Gecko; compatible; BW/1.1; bit.ly/2W6Px8S) Chrome/84.0.4147.105 Safari/537.36"
66.249.70.46 - - [05/Jun/2021:06:18:05 +0200] "GET /index.php?m=polkmiu&id=18222 HTTP/1.1" 401 741 "-" "Mozilla/5.0 (compatible; Googlebot/2.1; +http://www.google.com/bot.html)"
114.119.138.202 - - [05/Jun/2021:07:33:14 +0200] "GET /robots.txt HTTP/1.1" 401 741 "-" "Mozilla/5.0 (compatible;PetalBot;+https://webmaster.petalsearch.com/site/petalbot)"
66.249.64.207 - - [05/Jun/2021:08:09:55 +0200] "GET / HTTP/1.1" 401 737 "-" "Mozilla/5.0 (compatible; Googlebot/2.1; +http://www.google.com/bot.html)"
66.249.70.48 - - [05/Jun/2021:08:37:05 +0200] "GET / HTTP/1.1" 401 741 "-" "Mozilla/5.0 (Linux; Android 6.0.1; Nexus 5X Build/MMB29P) AppleWebKit/537.36 (KHTML, like Gecko) Chrome/90.0.4430.97 Mobile Safari/537.36 (compatible; Googlebot/2.1; +http://www.google.com/bot.html)"
66.249.64.205 - - [05/Jun/2021:09:21:14 +0200] "GET / HTTP/1.1" 401 737 "-" "Mozilla/5.0 (Linux; Android 6.0.1; Nexus 5X Build/MMB29P) AppleWebKit/537.36 (KHTML, like Gecko) Chrome/90.0.4430.97 Mobile Safari/537.36 (compatible; Googlebot/2.1; +http://www.google.com/bot.html)"
66.249.70.48 - - [05/Jun/2021:09:48:24 +0200] "GET /index.php?m=polkmiu&id=17422 HTTP/1.1" 401 741 "-" "Mozilla/5.0 (Linux; Android 6.0.1; Nexus 5X Build/MMB29P) AppleWebKit/537.36 (KHTML, like Gecko) Chrome/90.0.4430.97 Mobile Safari/537.36 (compatible; Googlebot/2.1; +http://www.google.com/bot.html)"
114.119.145.183 - - [05/Jun/2021:10:02:12 +0200] "GET /robots.txt HTTP/1.1" 401 741 "-" "Mozilla/5.0 (compatible;PetalBot;+https://webmaster.petalsearch.com/site/petalbot)"
66.249.70.44 - - [05/Jun/2021:10:12:10 +0200] "GET / HTTP/1.1" 401 741 "-" "Mozilla/5.0 (compatible; Googlebot/2.1; +http://www.google.com/bot.html)"
66.249.64.209 - - [05/Jun/2021:21:42:31 +0200] "GET /robots.txt HTTP/1.1" 401 737 "-" "Mozilla/5.0 (compatible; Googlebot/2.1; +http://www.google.com/bot.html)"
66.249.64.205 - - [05/Jun/2021:21:42:31 +0200] "GET /index.php?m=polkmiu&id=13666 HTTP/1.1" 401 737 "-" "Mozilla/5.0 (compatible; Googlebot/2.1; +http://www.google.com/bot.html)"
66.249.70.44 - - [05/Jun/2021:23:12:31 +0200] "GET /robots.txt HTTP/1.1" 401 741 "-" "Mozilla/5.0 (compatible; Googlebot/2.1; +http://www.google.com/bot.html)"
66.249.70.48 - - [05/Jun/2021:23:12:31 +0200] "GET /index.php?m=polkmiu&id=14252 HTTP/1.1" 401 741 "-" "Mozilla/5.0 (compatible; Googlebot/2.1; +http://www.google.com/bot.html)"
66.249.64.207 - - [05/Jun/2021:23:31:42 +0200] "GET / HTTP/1.1" 401 737 "-" "Mozilla/5.0 (compatible; Googlebot/2.1; +http://www.google.com/bot.html)"
66.249.70.44 - - [05/Jun/2021:23:48:40 +0200] "GET / HTTP/1.1" 401 741 "-" "Mozilla/5.0 (Linux; Android 6.0.1; Nexus 5X Build/MMB29P) AppleWebKit/537.36 (KHTML, like Gecko) Chrome/90.0.4430.97 Mobile Safari/537.36 (compatible; Googlebot/2.1; +http://www.google.com/bot.html)"
51.15.245.44 - - [06/Jun/2021:03:48:04 +0200] "GET / HTTP/1.1" 401 700 "-" "Mozilla/5.0 (Windows NT 6.3; WOW64) AppleWebKit/537.36 (KHTML, like Gecko) Chrome/51.0.2704.103 Safari/537.36"
148.81.194.138 - - [06/Jun/2021:03:48:58 +0200] "GET /robots.txt HTTP/1.1" 401 685 "-" "Mozilla/5.0 (Nekstbot; Pierwsza semantyczna wyszukiwarka Polskiego Internetu www.nekst.pl, http://nekst.ipipan.waw.pl/nekstbot/)"
34.230.156.67 - - [06/Jun/2021:09:08:48 +0200] "GET / HTTP/1.1" 401 681 "-" "Mozilla/5.0 (Macintosh; Intel Mac OS X 10_9_0) AppleWebKit/537.36 (KHTML, like Gecko) Chrome/32.0.1664.3 Safari/537.36"
34.230.156.67 - - [06/Jun/2021:09:08:48 +0200] "GET /wp-login.php HTTP/1.1" 401 681 "-" "Mozilla/5.0 (Macintosh; Intel Mac OS X 10_9_0) AppleWebKit/537.36 (KHTML, like Gecko) Chrome/32.0.1664.3 Safari/537.36"
34.230.156.67 - - [06/Jun/2021:09:08:49 +0200] "GET /wordpress/wp-login.php HTTP/1.1" 401 681 "-" "Mozilla/5.0 (Macintosh; Intel Mac OS X 10_9_0) AppleWebKit/537.36 (KHTML, like Gecko) Chrome/32.0.1664.3 Safari/537.36"
34.230.156.67 - - [06/Jun/2021:09:08:49 +0200] "GET /blog/wp-login.php HTTP/1.1" 401 681 "-" "Mozilla/5.0 (Macintosh; Intel Mac OS X 10_9_0) AppleWebKit/537.36 (KHTML, like Gecko) Chrome/32.0.1664.3 Safari/537.36"
34.230.156.67 - - [06/Jun/2021:09:08:50 +0200] "GET /wp/wp-login.php HTTP/1.1" 401 681 "-" "Mozilla/5.0 (Macintosh; Intel Mac OS X 10_9_0) AppleWebKit/537.36 (KHTML, like Gecko) Chrome/32.0.1664.3 Safari/537.36"
51.15.81.169 - - [07/Jun/2021:03:50:14 +0200] "GET / HTTP/1.1" 401 700 "-" "Mozilla/5.0 (Windows NT 6.3; WOW64) AppleWebKit/537.36 (KHTML, like Gecko) Chrome/51.0.2704.103 Safari/537.36"
66.249.70.46 - - [07/Jun/2021:05:51:53 +0200] "GET /robots.txt HTTP/1.1" 401 741 "-" "Mozilla/5.0 (compatible; Googlebot/2.1; +http://www.google.com/bot.html)"
66.249.70.46 - - [07/Jun/2021:05:51:53 +0200] "GET /index.php?m=polkmiu&id=adorator HTTP/1.1" 401 740 "-" "Mozilla/5.0 (compatible; Googlebot/2.1; +http://www.google.com/bot.html)"
114.119.140.79 - - [07/Jun/2021:06:58:49 +0200] "GET /robots.txt HTTP/1.1" 401 741 "-" "Mozilla/5.0 (compatible;PetalBot;+https://webmaster.petalsearch.com/site/petalbot)"
114.119.133.194 - - [07/Jun/2021:07:46:35 +0200] "GET /robots.txt HTTP/1.1" 401 741 "-" "Mozilla/5.0 (compatible;PetalBot;+https://webmaster.petalsearch.com/site/petalbot)"
66.249.64.205 - - [07/Jun/2021:11:41:52 +0200] "GET /robots.txt HTTP/1.1" 401 737 "-" "Mozilla/5.0 (compatible; Googlebot/2.1; +http://www.google.com/bot.html)"
66.249.64.205 - - [07/Jun/2021:11:41:52 +0200] "GET / HTTP/1.1" 401 736 "-" "Mozilla/5.0 (Linux; Android 6.0.1; Nexus 5X Build/MMB29P) AppleWebKit/537.36 (KHTML, like Gecko) Chrome/90.0.4430.97 Mobile Safari/537.36 (compatible; Googlebot/2.1; +http://www.google.com/bot.html)"
66.249.70.48 - - [07/Jun/2021:11:55:26 +0200] "GET / HTTP/1.1" 401 741 "-" "Mozilla/5.0 (compatible; Googlebot/2.1; +http://www.google.com/bot.html)"
66.249.64.209 - - [07/Jun/2021:12:46:23 +0200] "GET / HTTP/1.1" 401 737 "-" "Mozilla/5.0 (compatible; Googlebot/2.1; +http://www.google.com/bot.html)"
66.249.70.48 - - [07/Jun/2021:13:10:09 +0200] "GET / HTTP/1.1" 401 741 "-" "Mozilla/5.0 (Linux; Android 6.0.1; Nexus 5X Build/MMB29P) AppleWebKit/537.36 (KHTML, like Gecko) Chrome/90.0.4430.97 Mobile Safari/537.36 (compatible; Googlebot/2.1; +http://www.google.com/bot.html)"
148.81.194.138 - - [07/Jun/2021:16:16:41 +0200] "GET /robots.txt HTTP/1.1" 401 685 "-" "Mozilla/5.0 (Nekstbot; Pierwsza semantyczna wyszukiwarka Polskiego Internetu www.nekst.pl, http://nekst.ipipan.waw.pl/nekstbot/)"
66.249.70.44 - - [07/Jun/2021:18:19:12 +0200] "GET /robots.txt HTTP/1.1" 401 741 "-" "Mozilla/5.0 (compatible; Googlebot/2.1; +http://www.google.com/bot.html)"
66.249.70.48 - - [07/Jun/2021:18:19:12 +0200] "GET /index.php?m=polkmiu&id=17746 HTTP/1.1" 401 741 "-" "Mozilla/5.0 (Linux; Android 6.0.1; Nexus 5X Build/MMB29P) AppleWebKit/537.36 (KHTML, like Gecko) Chrome/90.0.4430.97 Mobile Safari/537.36 (compatible; Googlebot/2.1; +http://www.google.com/bot.html)"
114.119.153.209 - - [08/Jun/2021:02:16:54 +0200] "GET /robots.txt HTTP/1.1" 401 741 "-" "Mozilla/5.0 (compatible;PetalBot;+https://webmaster.petalsearch.com/site/petalbot)"
191.101.174.13 - - [08/Jun/2021:03:46:34 +0200] "GET /.env HTTP/1.1" 401 737 "-" "Mozilla/5.0 (X11; Linux x86_64) AppleWebKit/537.36 (KHTML, like Gecko) Chrome/81.0.4044.129 Safari/537.36"
191.101.174.13 - - [08/Jun/2021:03:47:24 +0200] "POST / HTTP/1.1" 401 737 "-" "Mozilla/5.0 (X11; Linux x86_64) AppleWebKit/537.36 (KHTML, like Gecko) Chrome/81.0.4044.129 Safari/537.36"
51.15.224.119 - - [08/Jun/2021:03:51:06 +0200] "GET / HTTP/1.1" 401 700 "-" "Mozilla/5.0 (Windows NT 6.3; WOW64) AppleWebKit/537.36 (KHTML, like Gecko) Chrome/51.0.2704.103 Safari/537.36"
71.6.167.124 - - [08/Jun/2021:04:27:17 +0200] "GET / HTTP/1.1" 401 681 "-" "Mozilla/5.0 (Windows NT 6.1) AppleWebKit/537.36 (KHTML, like Gecko) Chrome/41.0.2228.0 Safari/537.36"
71.6.167.124 - - [08/Jun/2021:04:27:20 +0200] "GET /robots.txt HTTP/1.1" 401 681 "-" "-"
71.6.167.124 - - [08/Jun/2021:04:27:21 +0200] "GET /sitemap.xml HTTP/1.1" 401 681 "-" "-"
71.6.167.124 - - [08/Jun/2021:04:27:23 +0200] "GET /.well-known/security.txt HTTP/1.1" 401 681 "-" "-"
71.6.167.124 - - [08/Jun/2021:04:27:52 +0200] "GET /favicon.ico HTTP/1.1" 401 737 "-" "Mozilla/5.0 (Macintosh; Intel Mac OS X 10.15; rv:80.0) Gecko/20100101 Firefox/80.0"
114.119.151.174 - - [08/Jun/2021:04:36:22 +0200] "GET /robots.txt HTTP/1.1" 401 741 "-" "Mozilla/5.0 (compatible;PetalBot;+https://webmaster.petalsearch.com/site/petalbot)"
114.119.131.195 - - [08/Jun/2021:06:55:06 +0200] "GET /robots.txt HTTP/1.1" 401 741 "-" "Mozilla/5.0 (compatible;PetalBot;+https://webmaster.petalsearch.com/site/petalbot)"
167.172.219.157 - - [08/Jun/2021:15:20:45 +0200] "GET / HTTP/1.1" 401 681 "-" "Mozilla/5.0 (Windows NT 6.1) AppleWebKit/537.36 (KHTML, like Gecko) Chrome/41.0.2228.0 Safari/537.36"
167.172.219.157 - - [08/Jun/2021:15:20:47 +0200] "GET /robots.txt HTTP/1.1" 401 681 "-" "-"
167.172.219.157 - - [08/Jun/2021:15:20:48 +0200] "GET /sitemap.xml HTTP/1.1" 401 681 "-" "-"
167.172.219.157 - - [08/Jun/2021:15:20:48 +0200] "GET /.well-known/security.txt HTTP/1.1" 401 681 "-" "-"
167.172.219.157 - - [08/Jun/2021:15:20:49 +0200] "GET /favicon.ico HTTP/1.1" 401 737 "-" "Mozilla/5.0 (Macintosh; Intel Mac OS X 10.15; rv:80.0) Gecko/20100101 Firefox/80.0"
64.227.90.185 - - [08/Jun/2021:18:58:16 +0200] "GET / HTTP/1.1" 401 681 "-" "Mozilla/5.0 (Windows NT 6.1) AppleWebKit/537.36 (KHTML, like Gecko) Chrome/41.0.2228.0 Safari/537.36"
64.227.90.185 - - [08/Jun/2021:18:58:16 +0200] "GET /robots.txt HTTP/1.1" 401 681 "-" "-"
64.227.90.185 - - [08/Jun/2021:18:58:17 +0200] "GET /sitemap.xml HTTP/1.1" 401 681 "-" "-"
64.227.90.185 - - [08/Jun/2021:18:58:18 +0200] "GET /.well-known/security.txt HTTP/1.1" 401 681 "-" "-"
64.227.90.185 - - [08/Jun/2021:18:58:19 +0200] "GET /favicon.ico HTTP/1.1" 401 737 "-" "Mozilla/5.0 (Macintosh; Intel Mac OS X 10.15; rv:80.0) Gecko/20100101 Firefox/80.0"
64.227.90.185 - - [08/Jun/2021:21:14:34 +0200] "GET / HTTP/1.1" 401 681 "-" "Mozilla/5.0 (Windows NT 6.1) AppleWebKit/537.36 (KHTML, like Gecko) Chrome/41.0.2228.0 Safari/537.36"
64.227.90.185 - - [08/Jun/2021:21:14:37 +0200] "GET /robots.txt HTTP/1.1" 401 681 "-" "-"
