52.52.190.187 - - [05/Apr/2021:15:13:45 +0200] "GET /wordpress/wp-login.php HTTP/1.1" 401 681 "-" "Mozilla/5.0 (Windows NT 6.1; WOW64) AppleWebKit/537.36 (KHTML, like Gecko) Chrome/41.0.2227.0 Safari/537.36"
52.52.190.187 - - [05/Apr/2021:15:13:46 +0200] "GET /blog/wp-login.php HTTP/1.1" 401 681 "-" "Mozilla/5.0 (Windows NT 6.1; WOW64) AppleWebKit/537.36 (KHTML, like Gecko) Chrome/41.0.2227.0 Safari/537.36"
52.52.190.187 - - [05/Apr/2021:15:13:46 +0200] "GET /wp/wp-login.php HTTP/1.1" 401 681 "-" "Mozilla/5.0 (Windows NT 6.1; WOW64) AppleWebKit/537.36 (KHTML, like Gecko) Chrome/41.0.2227.0 Safari/537.36"
51.15.64.111 - - [06/Apr/2021:01:53:52 +0200] "GET / HTTP/1.1" 401 700 "-" "Mozilla/5.0 (Windows NT 6.3; WOW64) AppleWebKit/537.36 (KHTML, like Gecko) Chrome/51.0.2704.103 Safari/537.36"
148.81.194.138 - - [06/Apr/2021:03:38:02 +0200] "GET /robots.txt HTTP/1.1" 401 685 "-" "Mozilla/5.0 (Nekstbot; Pierwsza semantyczna wyszukiwarka Polskiego Internetu www.nekst.pl, http://nekst.ipipan.waw.pl/nekstbot/)"
114.119.132.43 - - [06/Apr/2021:09:10:49 +0200] "GET /robots.txt HTTP/1.1" 401 741 "-" "(compatible;PetalBot;+https://aspiegel.com/petalbot)"
5.255.253.145 - - [06/Apr/2021:22:24:50 +0200] "GET /robots.txt HTTP/1.1" 401 737 "-" "Mozilla/5.0 (compatible; YandexBot/3.0; +http://yandex.com/bots)"
5.255.253.145 - - [06/Apr/2021:22:24:54 +0200] "GET / HTTP/1.1" 401 736 "-" "Mozilla/5.0 (compatible; YandexBot/3.0; +http://yandex.com/bots)"
3.94.185.146 - - [06/Apr/2021:22:58:03 +0200] "GET /robots.txt HTTP/1.1" 401 737 "-" "MauiBot (crawler.feedback+wc@gmail.com)"
3.94.185.146 - - [06/Apr/2021:22:58:04 +0200] "GET / HTTP/1.1" 401 736 "-" "MauiBot (crawler.feedback+wc@gmail.com)"
51.15.81.169 - - [07/Apr/2021:01:56:14 +0200] "GET / HTTP/1.1" 401 700 "-" "Mozilla/5.0 (Windows NT 6.3; WOW64) AppleWebKit/537.36 (KHTML, like Gecko) Chrome/51.0.2704.103 Safari/537.36"
114.119.138.206 - - [07/Apr/2021:03:40:05 +0200] "GET /robots.txt HTTP/1.1" 401 741 "-" "(compatible;PetalBot;+https://aspiegel.com/petalbot)"
35.181.112.20 - - [07/Apr/2021:05:50:00 +0200] "GET / HTTP/1.1" 401 681 "-" "Mozilla/5.0 (Macintosh; Intel Mac OS X 10_10_1) AppleWebKit/537.36 (KHTML, like Gecko) Chrome/37.0.2062.124 Safari/537.36"
35.181.112.20 - - [07/Apr/2021:05:50:00 +0200] "GET /wp-login.php HTTP/1.1" 401 681 "-" "Mozilla/5.0 (Macintosh; Intel Mac OS X 10_10_1) AppleWebKit/537.36 (KHTML, like Gecko) Chrome/37.0.2062.124 Safari/537.36"
35.181.112.20 - - [07/Apr/2021:05:50:00 +0200] "GET /wordpress/wp-login.php HTTP/1.1" 401 681 "-" "Mozilla/5.0 (Macintosh; Intel Mac OS X 10_10_1) AppleWebKit/537.36 (KHTML, like Gecko) Chrome/37.0.2062.124 Safari/537.36"
35.181.112.20 - - [07/Apr/2021:05:50:00 +0200] "GET /blog/wp-login.php HTTP/1.1" 401 681 "-" "Mozilla/5.0 (Macintosh; Intel Mac OS X 10_10_1) AppleWebKit/537.36 (KHTML, like Gecko) Chrome/37.0.2062.124 Safari/537.36"
35.181.112.20 - - [07/Apr/2021:05:50:00 +0200] "GET /wp/wp-login.php HTTP/1.1" 401 681 "-" "Mozilla/5.0 (Macintosh; Intel Mac OS X 10_10_1) AppleWebKit/537.36 (KHTML, like Gecko) Chrome/37.0.2062.124 Safari/537.36"
66.249.75.243 - - [07/Apr/2021:08:30:04 +0200] "GET /robots.txt HTTP/1.1" 401 737 "-" "Mozilla/5.0 (compatible; Googlebot/2.1; +http://www.google.com/bot.html)"
66.249.75.243 - - [07/Apr/2021:08:30:04 +0200] "GET / HTTP/1.1" 401 736 "-" "Mozilla/5.0 (Linux; Android 6.0.1; Nexus 5X Build/MMB29P) AppleWebKit/537.36 (KHTML, like Gecko) Chrome/89.0.4389.122 Mobile Safari/537.36 (compatible; Googlebot/2.1; +http://www.google.com/bot.html)"
207.46.13.10 - - [07/Apr/2021:12:05:21 +0200] "GET /robots.txt HTTP/1.1" 401 741 "-" "Mozilla/5.0 (compatible; bingbot/2.0; +http://www.bing.com/bingbot.htm)"
13.66.139.75 - - [07/Apr/2021:12:05:36 +0200] "GET /index.php?m=Start HTTP/1.1" 401 741 "-" "Mozilla/5.0 (iPhone; CPU iPhone OS 7_0 like Mac OS X) AppleWebKit/537.51.1 (KHTML, like Gecko) Version/7.0 Mobile/11A465 Safari/9537.53 (compatible; bingbot/2.0; +http://www.bing.com/bingbot.htm)"
148.81.194.138 - - [07/Apr/2021:15:48:05 +0200] "GET /robots.txt HTTP/1.1" 401 685 "-" "Mozilla/5.0 (Nekstbot; Pierwsza semantyczna wyszukiwarka Polskiego Internetu www.nekst.pl, http://nekst.ipipan.waw.pl/nekstbot/)"
66.249.75.243 - - [07/Apr/2021:16:45:03 +0200] "GET / HTTP/1.1" 401 737 "-" "Mozilla/5.0 (compatible; Googlebot/2.1; +http://www.google.com/bot.html)"
3.94.185.146 - - [07/Apr/2021:19:45:03 +0200] "GET /robots.txt HTTP/1.1" 401 741 "-" "MauiBot (crawler.feedback+wc@gmail.com)"
3.94.185.146 - - [07/Apr/2021:19:45:03 +0200] "GET / HTTP/1.1" 401 740 "-" "MauiBot (crawler.feedback+wc@gmail.com)"
114.119.153.7 - - [07/Apr/2021:22:01:38 +0200] "GET /robots.txt HTTP/1.1" 401 741 "-" "(compatible;PetalBot;+https://aspiegel.com/petalbot)"
172.104.122.160 - - [07/Apr/2021:22:47:25 +0200] "GET /ipython/tree HTTP/1.1" 401 700 "-" "Mozilla/5.0 AppleWebKit/537.73 (KHTML, like Gecko)"
172.104.122.160 - - [07/Apr/2021:22:59:51 +0200] "GET /ipython/tree HTTP/1.1" 401 704 "-" "Mozilla/5.0 AppleWebKit/537.73 (KHTML, like Gecko)"
66.249.75.241 - - [07/Apr/2021:23:25:24 +0200] "GET /robots.txt HTTP/1.1" 401 737 "-" "Mozilla/5.0 (compatible; Googlebot/2.1; +http://www.google.com/bot.html)"
66.249.75.239 - - [07/Apr/2021:23:25:25 +0200] "GET /index.php?m=polkmiu&id=15287 HTTP/1.1" 401 737 "-" "Mozilla/5.0 (compatible; Googlebot/2.1; +http://www.google.com/bot.html)"
66.249.75.165 - - [08/Apr/2021:00:00:03 +0200] "GET /robots.txt HTTP/1.1" 401 741 "-" "Mozilla/5.0 (compatible; Googlebot/2.1; +http://www.google.com/bot.html)"
66.249.75.162 - - [08/Apr/2021:00:00:04 +0200] "GET / HTTP/1.1" 401 741 "-" "Mozilla/5.0 (Linux; Android 6.0.1; Nexus 5X Build/MMB29P) AppleWebKit/537.36 (KHTML, like Gecko) Chrome/89.0.4389.122 Mobile Safari/537.36 (compatible; Googlebot/2.1; +http://www.google.com/bot.html)"
13.53.208.18 - - [08/Apr/2021:01:38:19 +0200] "GET / HTTP/1.1" 401 681 "-" "Mozilla/5.0 (Windows NT 5.1) AppleWebKit/537.36 (KHTML, like Gecko) Chrome/41.0.2224.3 Safari/537.36"
13.53.208.18 - - [08/Apr/2021:01:38:19 +0200] "GET /wp-login.php HTTP/1.1" 401 681 "-" "Mozilla/5.0 (Windows NT 5.1) AppleWebKit/537.36 (KHTML, like Gecko) Chrome/41.0.2224.3 Safari/537.36"
13.53.208.18 - - [08/Apr/2021:01:38:19 +0200] "GET /wordpress/wp-login.php HTTP/1.1" 401 681 "-" "Mozilla/5.0 (Windows NT 5.1) AppleWebKit/537.36 (KHTML, like Gecko) Chrome/41.0.2224.3 Safari/537.36"
13.53.208.18 - - [08/Apr/2021:01:38:19 +0200] "GET /blog/wp-login.php HTTP/1.1" 401 681 "-" "Mozilla/5.0 (Windows NT 5.1) AppleWebKit/537.36 (KHTML, like Gecko) Chrome/41.0.2224.3 Safari/537.36"
13.53.208.18 - - [08/Apr/2021:01:38:19 +0200] "GET /wp/wp-login.php HTTP/1.1" 401 681 "-" "Mozilla/5.0 (Windows NT 5.1) AppleWebKit/537.36 (KHTML, like Gecko) Chrome/41.0.2224.3 Safari/537.36"
51.15.81.169 - - [08/Apr/2021:01:58:46 +0200] "GET / HTTP/1.1" 401 700 "-" "Mozilla/5.0 (Windows NT 6.3; WOW64) AppleWebKit/537.36 (KHTML, like Gecko) Chrome/51.0.2704.103 Safari/537.36"
5.255.253.145 - - [08/Apr/2021:06:55:25 +0200] "GET /robots.txt HTTP/1.1" 401 741 "-" "Mozilla/5.0 (compatible; YandexBot/3.0; +http://yandex.com/bots)"
5.255.253.145 - - [08/Apr/2021:06:55:29 +0200] "GET / HTTP/1.1" 401 740 "-" "Mozilla/5.0 (compatible; YandexBot/3.0; +http://yandex.com/bots)"
18.194.196.202 - - [08/Apr/2021:10:47:00 +0200] "GET / HTTP/1.1" 401 681 "-" "Mozilla/5.0 (Windows NT 6.3; WOW64) AppleWebKit/537.36 (KHTML, like Gecko) Chrome/41.0.2226.0 Safari/537.36"
18.194.196.202 - - [08/Apr/2021:10:47:00 +0200] "GET /wp-login.php HTTP/1.1" 401 681 "-" "Mozilla/5.0 (Windows NT 6.3; WOW64) AppleWebKit/537.36 (KHTML, like Gecko) Chrome/41.0.2226.0 Safari/537.36"
18.194.196.202 - - [08/Apr/2021:10:47:00 +0200] "GET /wordpress/wp-login.php HTTP/1.1" 401 681 "-" "Mozilla/5.0 (Windows NT 6.3; WOW64) AppleWebKit/537.36 (KHTML, like Gecko) Chrome/41.0.2226.0 Safari/537.36"
18.194.196.202 - - [08/Apr/2021:10:47:00 +0200] "GET /blog/wp-login.php HTTP/1.1" 401 681 "-" "Mozilla/5.0 (Windows NT 6.3; WOW64) AppleWebKit/537.36 (KHTML, like Gecko) Chrome/41.0.2226.0 Safari/537.36"
18.194.196.202 - - [08/Apr/2021:10:47:00 +0200] "GET /wp/wp-login.php HTTP/1.1" 401 681 "-" "Mozilla/5.0 (Windows NT 6.3; WOW64) AppleWebKit/537.36 (KHTML, like Gecko) Chrome/41.0.2226.0 Safari/537.36"
114.119.153.171 - - [08/Apr/2021:16:27:09 +0200] "GET /robots.txt HTTP/1.1" 401 741 "-" "(compatible;PetalBot;+https://aspiegel.com/petalbot)"
51.15.245.44 - - [09/Apr/2021:01:58:47 +0200] "GET / HTTP/1.1" 401 700 "-" "Mozilla/5.0 (Windows NT 6.3; WOW64) AppleWebKit/537.36 (KHTML, like Gecko) Chrome/51.0.2704.103 Safari/537.36"
148.81.194.138 - - [09/Apr/2021:04:31:03 +0200] "GET /robots.txt HTTP/1.1" 401 685 "-" "Mozilla/5.0 (Nekstbot; Pierwsza semantyczna wyszukiwarka Polskiego Internetu www.nekst.pl, http://nekst.ipipan.waw.pl/nekstbot/)"
167.172.219.157 - - [09/Apr/2021:07:53:35 +0200] "GET / HTTP/1.1" 401 681 "-" "Mozilla/5.0 (Windows NT 6.1) AppleWebKit/537.36 (KHTML, like Gecko) Chrome/41.0.2228.0 Safari/537.36"
167.172.219.157 - - [09/Apr/2021:07:53:36 +0200] "GET /robots.txt HTTP/1.1" 401 681 "-" "-"
167.172.219.157 - - [09/Apr/2021:07:53:37 +0200] "GET /sitemap.xml HTTP/1.1" 401 681 "-" "-"
167.172.219.157 - - [09/Apr/2021:07:53:37 +0200] "GET /.well-known/security.txt HTTP/1.1" 401 681 "-" "-"
167.172.219.157 - - [09/Apr/2021:07:53:38 +0200] "GET /favicon.ico HTTP/1.1" 401 737 "-" "Mozilla/5.0 (Macintosh; Intel Mac OS X 10.15; rv:80.0) Gecko/20100101 Firefox/80.0"
114.119.134.12 - - [09/Apr/2021:10:53:58 +0200] "GET /robots.txt HTTP/1.1" 401 741 "-" "Mozilla/5.0 (compatible;PetalBot;+https://webmaster.petalsearch.com/site/petalbot)"
40.77.167.49 - - [09/Apr/2021:16:26:56 +0200] "GET /robots.txt HTTP/1.1" 401 741 "-" "Mozilla/5.0 (compatible; bingbot/2.0; +http://www.bing.com/bingbot.htm)"
13.66.139.47 - - [09/Apr/2021:16:27:01 +0200] "GET /index.php?m=Start HTTP/1.1" 401 741 "-" "Mozilla/5.0 (iPhone; CPU iPhone OS 7_0 like Mac OS X) AppleWebKit/537.51.1 (KHTML, like Gecko) Version/7.0 Mobile/11A465 Safari/9537.53 (compatible; bingbot/2.0; +http://www.bing.com/bingbot.htm)"
13.210.164.2 - - [09/Apr/2021:16:48:18 +0200] "GET / HTTP/1.1" 401 700 "-" "Mozilla/5.0 (Windows NT 10.0; Win64; x64) AppleWebKit/537.36 (KHTML, like Gecko; compatible; BW/1.1; bit.ly/2W6Px8S) Chrome/84.0.4147.105 Safari/537.36"
64.227.90.185 - - [09/Apr/2021:17:22:08 +0200] "GET / HTTP/1.1" 401 681 "-" "Mozilla/5.0 (Windows NT 6.1) AppleWebKit/537.36 (KHTML, like Gecko) Chrome/41.0.2228.0 Safari/537.36"
64.227.90.185 - - [09/Apr/2021:17:22:10 +0200] "GET /robots.txt HTTP/1.1" 401 681 "-" "-"
64.227.90.185 - - [09/Apr/2021:17:22:11 +0200] "GET /sitemap.xml HTTP/1.1" 401 681 "-" "-"
64.227.90.185 - - [09/Apr/2021:17:22:12 +0200] "GET /.well-known/security.txt HTTP/1.1" 401 681 "-" "-"
64.227.90.185 - - [09/Apr/2021:17:22:13 +0200] "GET /favicon.ico HTTP/1.1" 401 737 "-" "Mozilla/5.0 (Macintosh; Intel Mac OS X 10.15; rv:80.0) Gecko/20100101 Firefox/80.0"
155.138.215.157 - - [09/Apr/2021:19:16:06 +0200] "GET / HTTP/1.1" 401 737 "-" "Mozilla/5.0 (Windows NT 10.0; Win64; x64) AppleWebKit/537.36 (KHTML, like Gecko) Chrome/79.0 Safari/537.36"
155.138.215.157 - - [09/Apr/2021:19:16:11 +0200] "GET / HTTP/1.1" 401 737 "-" "Mozilla/5.0 (Windows NT 10.0; Win64; x64) AppleWebKit/537.36 (KHTML, like Gecko) Chrome/79.0 Safari/537.36"
155.138.215.157 - - [09/Apr/2021:19:16:18 +0200] "GET / HTTP/1.1" 401 737 "-" "Mozilla/5.0 (Windows NT 10.0; Win64; x64) AppleWebKit/537.36 (KHTML, like Gecko) Chrome/79.0 Safari/537.36"
155.138.215.157 - - [09/Apr/2021:19:16:19 +0200] "GET /wp-includes/wlwmanifest.xml HTTP/1.1" 401 737 "-" "Mozilla/5.0 (Windows NT 10.0; Win64; x64) AppleWebKit/537.36 (KHTML, like Gecko) Chrome/79.0 Safari/537.36"
155.138.215.157 - - [09/Apr/2021:19:16:23 +0200] "GET / HTTP/1.1" 401 737 "-" "Mozilla/5.0 (Windows NT 10.0; Win64; x64) AppleWebKit/537.36 (KHTML, like Gecko) Chrome/79.0 Safari/537.36"
155.138.215.157 - - [09/Apr/2021:19:16:27 +0200] "GET /xmlrpc.php?rsd HTTP/1.1" 401 737 "-" "Mozilla/5.0 (Windows NT 10.0; Win64; x64) AppleWebKit/537.36 (KHTML, like Gecko) Chrome/79.0 Safari/537.36"
155.138.215.157 - - [09/Apr/2021:19:16:28 +0200] "GET /wp-includes/wlwmanifest.xml HTTP/1.1" 401 737 "-" "Mozilla/5.0 (Windows NT 10.0; Win64; x64) AppleWebKit/537.36 (KHTML, like Gecko) Chrome/79.0 Safari/537.36"
155.138.215.157 - - [09/Apr/2021:19:16:33 +0200] "GET / HTTP/1.1" 401 737 "-" "Mozilla/5.0 (Windows NT 10.0; Win64; x64) AppleWebKit/537.36 (KHTML, like Gecko) Chrome/79.0 Safari/537.36"
155.138.215.157 - - [09/Apr/2021:19:16:34 +0200] "GET /xmlrpc.php?rsd HTTP/1.1" 401 737 "-" "Mozilla/5.0 (Windows NT 10.0; Win64; x64) AppleWebKit/537.36 (KHTML, like Gecko) Chrome/79.0 Safari/537.36"
155.138.215.157 - - [09/Apr/2021:19:16:39 +0200] "GET / HTTP/1.1" 401 737 "-" "Mozilla/5.0 (Windows NT 10.0; Win64; x64) AppleWebKit/537.36 (KHTML, like Gecko) Chrome/79.0 Safari/537.36"
155.138.215.157 - - [09/Apr/2021:19:16:47 +0200] "GET /blog/wp-includes/wlwmanifest.xml HTTP/1.1" 401 737 "-" "Mozilla/5.0 (Windows NT 10.0; Win64; x64) AppleWebKit/537.36 (KHTML, like Gecko) Chrome/79.0 Safari/537.36"
155.138.215.157 - - [09/Apr/2021:19:16:47 +0200] "GET /blog/wp-includes/wlwmanifest.xml HTTP/1.1" 401 737 "-" "Mozilla/5.0 (Windows NT 10.0; Win64; x64) AppleWebKit/537.36 (KHTML, like Gecko) Chrome/79.0 Safari/537.36"
155.138.215.157 - - [09/Apr/2021:19:16:52 +0200] "GET /wordpress/wp-includes/wlwmanifest.xml HTTP/1.1" 401 737 "-" "Mozilla/5.0 (Windows NT 10.0; Win64; x64) AppleWebKit/537.36 (KHTML, like Gecko) Chrome/79.0 Safari/537.36"
155.138.215.157 - - [09/Apr/2021:19:16:52 +0200] "GET /web/wp-includes/wlwmanifest.xml HTTP/1.1" 401 737 "-" "Mozilla/5.0 (Windows NT 10.0; Win64; x64) AppleWebKit/537.36 (KHTML, like Gecko) Chrome/79.0 Safari/537.36"
157.245.164.170 - - [09/Apr/2021:19:17:00 +0200] "GET / HTTP/1.1" 401 681 "-" "Mozilla/5.0 (Windows NT 6.1) AppleWebKit/537.36 (KHTML, like Gecko) Chrome/41.0.2228.0 Safari/537.36"
157.245.164.170 - - [09/Apr/2021:19:17:01 +0200] "GET /robots.txt HTTP/1.1" 401 681 "-" "-"
157.245.164.170 - - [09/Apr/2021:19:17:02 +0200] "GET /sitemap.xml HTTP/1.1" 401 681 "-" "-"
155.138.215.157 - - [09/Apr/2021:19:16:58 +0200] "GET /website/wp-includes/wlwmanifest.xml HTTP/1.1" 401 737 "-" "Mozilla/5.0 (Windows NT 10.0; Win64; x64) AppleWebKit/537.36 (KHTML, like Gecko) Chrome/79.0 Safari/537.36"
155.138.215.157 - - [09/Apr/2021:19:16:58 +0200] "GET /wordpress/wp-includes/wlwmanifest.xml HTTP/1.1" 401 737 "-" "Mozilla/5.0 (Windows NT 10.0; Win64; x64) AppleWebKit/537.36 (KHTML, like Gecko) Chrome/79.0 Safari/537.36"
157.245.164.170 - - [09/Apr/2021:19:17:03 +0200] "GET /.well-known/security.txt HTTP/1.1" 401 681 "-" "-"
155.138.215.157 - - [09/Apr/2021:19:17:03 +0200] "GET /wp/wp-includes/wlwmanifest.xml HTTP/1.1" 401 737 "-" "Mozilla/5.0 (Windows NT 10.0; Win64; x64) AppleWebKit/537.36 (KHTML, like Gecko) Chrome/79.0 Safari/537.36"
155.138.215.157 - - [09/Apr/2021:19:17:03 +0200] "GET /website/wp-includes/wlwmanifest.xml HTTP/1.1" 401 737 "-" "Mozilla/5.0 (Windows NT 10.0; Win64; x64) AppleWebKit/537.36 (KHTML, like Gecko) Chrome/79.0 Safari/537.36"
155.138.215.157 - - [09/Apr/2021:19:17:08 +0200] "GET /news/wp-includes/wlwmanifest.xml HTTP/1.1" 401 737 "-" "Mozilla/5.0 (Windows NT 10.0; Win64; x64) AppleWebKit/537.36 (KHTML, like Gecko) Chrome/79.0 Safari/537.36"
155.138.215.157 - - [09/Apr/2021:19:17:08 +0200] "GET /wp/wp-includes/wlwmanifest.xml HTTP/1.1" 401 737 "-" "Mozilla/5.0 (Windows NT 10.0; Win64; x64) AppleWebKit/537.36 (KHTML, like Gecko) Chrome/79.0 Safari/537.36"
155.138.215.157 - - [09/Apr/2021:19:17:13 +0200] "GET /wp1/wp-includes/wlwmanifest.xml HTTP/1.1" 401 737 "-" "Mozilla/5.0 (Windows NT 10.0; Win64; x64) AppleWebKit/537.36 (KHTML, like Gecko) Chrome/79.0 Safari/537.36"
155.138.215.157 - - [09/Apr/2021:19:17:13 +0200] "GET /news/wp-includes/wlwmanifest.xml HTTP/1.1" 401 737 "-" "Mozilla/5.0 (Windows NT 10.0; Win64; x64) AppleWebKit/537.36 (KHTML, like Gecko) Chrome/79.0 Safari/537.36"
155.138.215.157 - - [09/Apr/2021:19:17:19 +0200] "GET /wp2/wp-includes/wlwmanifest.xml HTTP/1.1" 401 737 "-" "Mozilla/5.0 (Windows NT 10.0; Win64; x64) AppleWebKit/537.36 (KHTML, like Gecko) Chrome/79.0 Safari/537.36"
155.138.215.157 - - [09/Apr/2021:19:17:19 +0200] "GET /test/wp-includes/wlwmanifest.xml HTTP/1.1" 401 737 "-" "Mozilla/5.0 (Windows NT 10.0; Win64; x64) AppleWebKit/537.36 (KHTML, like Gecko) Chrome/79.0 Safari/537.36"
155.138.215.157 - - [09/Apr/2021:19:17:24 +0200] "GET /cms/wp-includes/wlwmanifest.xml HTTP/1.1" 401 737 "-" "Mozilla/5.0 (Windows NT 10.0; Win64; x64) AppleWebKit/537.36 (KHTML, like Gecko) Chrome/79.0 Safari/537.36"
155.138.215.157 - - [09/Apr/2021:19:17:24 +0200] "GET /site/wp-includes/wlwmanifest.xml HTTP/1.1" 401 737 "-" "Mozilla/5.0 (Windows NT 10.0; Win64; x64) AppleWebKit/537.36 (KHTML, like Gecko) Chrome/79.0 Safari/537.36"
155.138.215.157 - - [09/Apr/2021:19:17:29 +0200] "GET /sito/wp-includes/wlwmanifest.xml HTTP/1.1" 401 737 "-" "Mozilla/5.0 (Windows NT 10.0; Win64; x64) AppleWebKit/537.36 (KHTML, like Gecko) Chrome/79.0 Safari/537.36"
155.138.215.157 - - [09/Apr/2021:19:17:29 +0200] "GET /cms/wp-includes/wlwmanifest.xml HTTP/1.1" 401 737 "-" "Mozilla/5.0 (Windows NT 10.0; Win64; x64) AppleWebKit/537.36 (KHTML, like Gecko) Chrome/79.0 Safari/537.36"
66.249.70.30 - - [10/Apr/2021:00:20:13 +0200] "GET /robots.txt HTTP/1.1" 401 741 "-" "Mozilla/5.0 (compatible; Googlebot/2.1; +http://www.google.com/bot.html)"
66.249.70.4 - - [10/Apr/2021:00:20:13 +0200] "GET /index.php?m=polkmiu&id=kr%C3%B3tkometra%C5%BCysta HTTP/1.1" 401 741 "-" "Mozilla/5.0 (compatible; Googlebot/2.1; +http://www.google.com/bot.html)"
155.138.215.157 - - [10/Apr/2021:01:04:11 +0200] "POST /index.php?option=com_jce&task=plugin&plugin=imgmanager&file=imgmanager&method=form&cid=20 HTTP/1.1" 401 741 "-" "Mozilla/5.0 (Windows NT 10.0; Win64; x64) AppleWebKit/537.36 (KHTML, like Gecko) Chrome/86.0.4240.111 Safari/537.36"
155.138.215.157 - - [10/Apr/2021:01:04:19 +0200] "POST /index.php?option=com_fabrik&c=import&view=import&filetype=csv&table=1 HTTP/1.1" 401 741 "-" "Mozilla/5.0 (Windows NT 10.0; Win64; x64) AppleWebKit/537.36 (KHTML, like Gecko) Chrome/86.0.4240.111 Safari/537.36"
155.138.215.157 - - [10/Apr/2021:01:04:22 +0200] "GET /media/ngent000d.php HTTP/1.1" 401 741 "-" "Mozilla/5.0 (Windows NT 10.0; Win64; x64) AppleWebKit/537.36 (KHTML, like Gecko) Chrome/86.0.4240.111 Safari/537.36"
155.138.215.157 - - [10/Apr/2021:01:04:30 +0200] "GET /?option=com_jdownloads&Itemid=1&view=upload HTTP/1.1" 401 741 "-" "Mozilla/5.0 (Windows NT 10.0; Win64; x64) AppleWebKit/537.36 (KHTML, like Gecko) Chrome/86.0.4240.111 Safari/537.36"
155.138.215.157 - - [10/Apr/2021:01:04:31 +0200] "POST / HTTP/1.1" 401 741 "-" "Mozilla/5.0 (Windows NT 10.0; Win64; x64) AppleWebKit/537.36 (KHTML, like Gecko) Chrome/86.0.4240.111 Safari/537.36"
155.138.215.157 - - [10/Apr/2021:01:04:33 +0200] "POST /index.php?option=com_gmapfp&controller=editlieux&tmpl=component&task=upload_image HTTP/1.1" 401 741 "-" "Mozilla/5.0 (Windows NT 10.0; Win64; x64) AppleWebKit/537.36 (KHTML, like Gecko) Chrome/86.0.4240.111 Safari/537.36"
155.138.215.157 - - [10/Apr/2021:01:04:35 +0200] "GET /images/gmapfp/xd_sheller.php.png HTTP/1.1" 401 741 "-" "Mozilla/5.0 (Windows NT 10.0; Win64; x64) AppleWebKit/537.36 (KHTML, like Gecko) Chrome/86.0.4240.111 Safari/537.36"
155.138.215.157 - - [10/Apr/2021:01:04:38 +0200] "GET /index.php?option=com_media&view=images&tmpl=component&fieldid=&e_name=jform_articletext&asset=com_content&author=&folder= HTTP/1.1" 401 741 "-" "Mozilla/5.0 (Windows NT 10.0; Win64; x64) AppleWebKit/537.36 (KHTML, like Gecko) Chrome/86.0.4240.111 Safari/537.36"
51.15.224.119 - - [10/Apr/2021:01:59:26 +0200] "GET / HTTP/1.1" 401 700 "-" "Mozilla/5.0 (Windows NT 6.3; WOW64) AppleWebKit/537.36 (KHTML, like Gecko) Chrome/51.0.2704.103 Safari/537.36"
66.240.219.133 - - [10/Apr/2021:02:11:34 +0200] "GET / HTTP/1.1" 401 681 "-" "Mozilla/5.0 (Windows NT 6.1) AppleWebKit/537.36 (KHTML, like Gecko) Chrome/41.0.2228.0 Safari/537.36"
66.240.219.133 - - [10/Apr/2021:02:11:35 +0200] "GET /robots.txt HTTP/1.1" 401 681 "-" "-"
66.240.219.133 - - [10/Apr/2021:02:11:36 +0200] "GET /sitemap.xml HTTP/1.1" 401 681 "-" "-"
66.240.219.133 - - [10/Apr/2021:02:11:37 +0200] "GET /.well-known/security.txt HTTP/1.1" 401 681 "-" "-"
66.240.219.133 - - [10/Apr/2021:02:11:39 +0200] "GET /favicon.ico HTTP/1.1" 401 737 "-" "Mozilla/5.0 (Macintosh; Intel Mac OS X 10.15; rv:80.0) Gecko/20100101 Firefox/80.0"
114.119.133.247 - - [10/Apr/2021:05:14:33 +0200] "GET /robots.txt HTTP/1.1" 401 741 "-" "Mozilla/5.0 (compatible;PetalBot;+https://webmaster.petalsearch.com/site/petalbot)"
66.249.70.30 - - [10/Apr/2021:20:10:32 +0200] "GET /robots.txt HTTP/1.1" 401 741 "-" "Mozilla/5.0 (compatible; Googlebot/2.1; +http://www.google.com/bot.html)"
66.249.70.4 - - [10/Apr/2021:20:10:34 +0200] "GET /index.php?m=polkmiu&id=kr%C3%B3tkometra%C5%BCysta HTTP/1.1" 401 741 "-" "Mozilla/5.0 (compatible; Googlebot/2.1; +http://www.google.com/bot.html)"
46.21.250.205 - - [10/Apr/2021:20:10:34 +0200] "GET /index.php HTTP/1.0" 401 700 "http://sno.uw.edu.pl/index.php" "Mozilla/5.0 (Windows NT 6.1; WOW64) AppleWebKit/537.36 (KHTML, like Gecko) Chrome/83.0.4102.0 Safari/537.36"
66.249.70.4 - - [10/Apr/2021:21:20:31 +0200] "GET /index.php?m=polkmiu&id=16695 HTTP/1.1" 401 741 "-" "Mozilla/5.0 (compatible; Googlebot/2.1; +http://www.google.com/bot.html)"
151.106.35.44 - - [10/Apr/2021:22:39:07 +0200] "GET /wp-login.php HTTP/1.1" 401 700 "-" "Mozilla/5.0 (X11; Ubuntu; Linux x86_64; rv:62.0) Gecko/20100101 Firefox/62.0"
66.249.70.65 - - [10/Apr/2021:23:10:32 +0200] "GET /robots.txt HTTP/1.1" 401 737 "-" "Mozilla/5.0 (compatible; Googlebot/2.1; +http://www.google.com/bot.html)"
66.249.70.95 - - [10/Apr/2021:23:10:32 +0200] "GET /index.php?m=polkmiu&id=13666 HTTP/1.1" 401 737 "-" "Mozilla/5.0 (compatible; Googlebot/2.1; +http://www.google.com/bot.html)"
114.119.145.193 - - [10/Apr/2021:23:56:59 +0200] "GET /robots.txt HTTP/1.1" 401 741 "-" "Mozilla/5.0 (compatible;PetalBot;+https://webmaster.petalsearch.com/site/petalbot)"
51.15.64.111 - - [11/Apr/2021:02:00:58 +0200] "GET / HTTP/1.1" 401 700 "-" "Mozilla/5.0 (Windows NT 6.3; WOW64) AppleWebKit/537.36 (KHTML, like Gecko) Chrome/51.0.2704.103 Safari/537.36"
66.249.70.65 - - [11/Apr/2021:06:46:33 +0200] "GET /index.php?m=polkmiu&id=18017 HTTP/1.1" 401 737 "-" "Mozilla/5.0 (compatible; Googlebot/2.1; +http://www.google.com/bot.html)"
66.249.70.3 - - [11/Apr/2021:10:46:31 +0200] "GET /robots.txt HTTP/1.1" 401 741 "-" "Mozilla/5.0 (compatible; Googlebot/2.1; +http://www.google.com/bot.html)"
66.249.70.30 - - [11/Apr/2021:10:46:32 +0200] "GET /index.php?m=polkmiu&id=nadg%C3%B3rnik HTTP/1.1" 401 741 "-" "Mozilla/5.0 (compatible; Googlebot/2.1; +http://www.google.com/bot.html)"
78.46.161.81 - - [11/Apr/2021:15:42:17 +0200] "GET / HTTP/1.1" 401 681 "-" "Mozilla/5.0 (compatible; MegaIndex.ru/2.0; +http://megaindex.com/crawler)"
78.46.161.81 - - [11/Apr/2021:15:42:19 +0200] "GET / HTTP/1.1" 401 685 "-" "Mozilla/5.0 (compatible; MegaIndex.ru/2.0; +http://megaindex.com/crawler)"
114.119.132.163 - - [11/Apr/2021:18:34:29 +0200] "GET /robots.txt HTTP/1.1" 401 741 "-" "Mozilla/5.0 (compatible;PetalBot;+https://webmaster.petalsearch.com/site/petalbot)"
66.249.70.4 - - [12/Apr/2021:01:54:32 +0200] "GET /robots.txt HTTP/1.1" 401 741 "-" "Mozilla/5.0 (compatible; Googlebot/2.1; +http://www.google.com/bot.html)"
66.249.70.3 - - [12/Apr/2021:01:54:33 +0200] "GET /index.php?m=polkmiu&id=straszyd%C5%82o HTTP/1.1" 401 741 "-" "Mozilla/5.0 (compatible; Googlebot/2.1; +http://www.google.com/bot.html)"
51.15.197.128 - - [12/Apr/2021:02:03:41 +0200] "GET / HTTP/1.1" 401 700 "-" "Mozilla/5.0 (Windows NT 6.3; WOW64) AppleWebKit/537.36 (KHTML, like Gecko) Chrome/51.0.2704.103 Safari/537.36"
66.249.70.3 - - [12/Apr/2021:12:46:47 +0200] "GET / HTTP/1.1" 401 741 "-" "Mozilla/5.0 (compatible; Googlebot/2.1; +http://www.google.com/bot.html)"
114.119.134.64 - - [12/Apr/2021:13:14:50 +0200] "GET /robots.txt HTTP/1.1" 401 741 "-" "Mozilla/5.0 (compatible;PetalBot;+https://webmaster.petalsearch.com/site/petalbot)"
157.230.224.229 - - [13/Apr/2021:00:56:56 +0200] "GET / HTTP/1.1" 401 737 "-" "Mozilla/5.0 (Windows NT 10.0; Win64; x64) AppleWebKit/537.36 (KHTML, like Gecko) Chrome/79.0 Safari/537.36"
157.230.224.229 - - [13/Apr/2021:00:57:01 +0200] "GET /wp-includes/wlwmanifest.xml HTTP/1.1" 401 737 "-" "Mozilla/5.0 (Windows NT 10.0; Win64; x64) AppleWebKit/537.36 (KHTML, like Gecko) Chrome/79.0 Safari/537.36"
157.230.224.229 - - [13/Apr/2021:00:57:06 +0200] "GET /xmlrpc.php?rsd HTTP/1.1" 401 737 "-" "Mozilla/5.0 (Windows NT 10.0; Win64; x64) AppleWebKit/537.36 (KHTML, like Gecko) Chrome/79.0 Safari/537.36"
157.230.224.229 - - [13/Apr/2021:00:57:11 +0200] "GET / HTTP/1.1" 401 737 "-" "Mozilla/5.0 (Windows NT 10.0; Win64; x64) AppleWebKit/537.36 (KHTML, like Gecko) Chrome/79.0 Safari/537.36"
157.230.224.229 - - [13/Apr/2021:00:57:20 +0200] "GET /blog/wp-includes/wlwmanifest.xml HTTP/1.1" 401 737 "-" "Mozilla/5.0 (Windows NT 10.0; Win64; x64) AppleWebKit/537.36 (KHTML, like Gecko) Chrome/79.0 Safari/537.36"
157.230.224.229 - - [13/Apr/2021:00:57:28 +0200] "GET /web/wp-includes/wlwmanifest.xml HTTP/1.1" 401 737 "-" "Mozilla/5.0 (Windows NT 10.0; Win64; x64) AppleWebKit/537.36 (KHTML, like Gecko) Chrome/79.0 Safari/537.36"
157.230.224.229 - - [13/Apr/2021:00:57:33 +0200] "GET /wordpress/wp-includes/wlwmanifest.xml HTTP/1.1" 401 737 "-" "Mozilla/5.0 (Windows NT 10.0; Win64; x64) AppleWebKit/537.36 (KHTML, like Gecko) Chrome/79.0 Safari/537.36"
157.230.224.229 - - [13/Apr/2021:00:57:38 +0200] "GET /website/wp-includes/wlwmanifest.xml HTTP/1.1" 401 737 "-" "Mozilla/5.0 (Windows NT 10.0; Win64; x64) AppleWebKit/537.36 (KHTML, like Gecko) Chrome/79.0 Safari/537.36"
157.230.224.229 - - [13/Apr/2021:00:57:44 +0200] "GET /wp/wp-includes/wlwmanifest.xml HTTP/1.1" 401 737 "-" "Mozilla/5.0 (Windows NT 10.0; Win64; x64) AppleWebKit/537.36 (KHTML, like Gecko) Chrome/79.0 Safari/537.36"
157.230.224.229 - - [13/Apr/2021:00:57:49 +0200] "GET /news/wp-includes/wlwmanifest.xml HTTP/1.1" 401 737 "-" "Mozilla/5.0 (Windows NT 10.0; Win64; x64) AppleWebKit/537.36 (KHTML, like Gecko) Chrome/79.0 Safari/537.36"
157.230.224.229 - - [13/Apr/2021:00:57:54 +0200] "GET /wp1/wp-includes/wlwmanifest.xml HTTP/1.1" 401 737 "-" "Mozilla/5.0 (Windows NT 10.0; Win64; x64) AppleWebKit/537.36 (KHTML, like Gecko) Chrome/79.0 Safari/537.36"
157.230.224.229 - - [13/Apr/2021:00:57:59 +0200] "GET /test/wp-includes/wlwmanifest.xml HTTP/1.1" 401 737 "-" "Mozilla/5.0 (Windows NT 10.0; Win64; x64) AppleWebKit/537.36 (KHTML, like Gecko) Chrome/79.0 Safari/537.36"
157.230.224.229 - - [13/Apr/2021:00:58:04 +0200] "GET /wp2/wp-includes/wlwmanifest.xml HTTP/1.1" 401 737 "-" "Mozilla/5.0 (Windows NT 10.0; Win64; x64) AppleWebKit/537.36 (KHTML, like Gecko) Chrome/79.0 Safari/537.36"
157.230.224.229 - - [13/Apr/2021:00:58:10 +0200] "GET /site/wp-includes/wlwmanifest.xml HTTP/1.1" 401 737 "-" "Mozilla/5.0 (Windows NT 10.0; Win64; x64) AppleWebKit/537.36 (KHTML, like Gecko) Chrome/79.0 Safari/537.36"
157.230.224.229 - - [13/Apr/2021:00:58:15 +0200] "GET /cms/wp-includes/wlwmanifest.xml HTTP/1.1" 401 737 "-" "Mozilla/5.0 (Windows NT 10.0; Win64; x64) AppleWebKit/537.36 (KHTML, like Gecko) Chrome/79.0 Safari/537.36"
157.230.224.229 - - [13/Apr/2021:00:58:20 +0200] "GET /sito/wp-includes/wlwmanifest.xml HTTP/1.1" 401 737 "-" "Mozilla/5.0 (Windows NT 10.0; Win64; x64) AppleWebKit/537.36 (KHTML, like Gecko) Chrome/79.0 Safari/537.36"
51.15.235.181 - - [13/Apr/2021:02:04:51 +0200] "GET / HTTP/1.1" 401 700 "-" "Mozilla/5.0 (Windows NT 6.3; WOW64) AppleWebKit/537.36 (KHTML, like Gecko) Chrome/51.0.2704.103 Safari/537.36"
114.119.140.153 - - [13/Apr/2021:07:49:35 +0200] "GET /robots.txt HTTP/1.1" 401 741 "-" "Mozilla/5.0 (compatible;PetalBot;+https://webmaster.petalsearch.com/site/petalbot)"
66.249.70.95 - - [13/Apr/2021:09:16:22 +0200] "GET /robots.txt HTTP/1.1" 401 737 "-" "Mozilla/5.0 (compatible; Googlebot/2.1; +http://www.google.com/bot.html)"
66.249.70.67 - - [13/Apr/2021:09:16:22 +0200] "GET / HTTP/1.1" 401 737 "-" "Mozilla/5.0 (Linux; Android 6.0.1; Nexus 5X Build/MMB29P) AppleWebKit/537.36 (KHTML, like Gecko) Chrome/89.0.4389.127 Mobile Safari/537.36 (compatible; Googlebot/2.1; +http://www.google.com/bot.html)"
66.249.70.1 - - [13/Apr/2021:09:18:56 +0200] "GET /robots.txt HTTP/1.1" 401 741 "-" "Mozilla/5.0 (compatible; Googlebot/2.1; +http://www.google.com/bot.html)"
66.249.70.3 - - [13/Apr/2021:09:18:56 +0200] "GET /index.php?m=polkmiu&id=16381 HTTP/1.1" 401 741 "-" "Mozilla/5.0 (Linux; Android 6.0.1; Nexus 5X Build/MMB29P) AppleWebKit/537.36 (KHTML, like Gecko) Chrome/89.0.4389.125 Mobile Safari/537.36 (compatible; Googlebot/2.1; +http://www.google.com/bot.html)"
66.249.70.95 - - [13/Apr/2021:10:41:07 +0200] "GET / HTTP/1.1" 401 737 "-" "Mozilla/5.0 (compatible; Googlebot/2.1; +http://www.google.com/bot.html)"
66.249.70.1 - - [13/Apr/2021:11:17:01 +0200] "GET / HTTP/1.1" 401 741 "-" "Mozilla/5.0 (Linux; Android 6.0.1; Nexus 5X Build/MMB29P) AppleWebKit/537.36 (KHTML, like Gecko) Chrome/89.0.4389.127 Mobile Safari/537.36 (compatible; Googlebot/2.1; +http://www.google.com/bot.html)"
66.249.70.67 - - [13/Apr/2021:16:10:00 +0200] "GET /index.php?m=polkmiu&id=18017 HTTP/1.1" 401 737 "-" "Mozilla/5.0 (compatible; Googlebot/2.1; +http://www.google.com/bot.html)"
66.249.70.17 - - [13/Apr/2021:16:47:51 +0200] "GET /index.php?m=polkmiu&id=16381 HTTP/1.1" 401 741 "-" "Mozilla/5.0 (compatible; Googlebot/2.1; +http://www.google.com/bot.html)"
66.249.70.1 - - [14/Apr/2021:01:55:06 +0200] "GET /robots.txt HTTP/1.1" 401 741 "-" "Mozilla/5.0 (compatible; Googlebot/2.1; +http://www.google.com/bot.html)"
66.249.70.29 - - [14/Apr/2021:01:55:06 +0200] "GET / HTTP/1.1" 401 741 "-" "Mozilla/5.0 (compatible; Googlebot/2.1; +http://www.google.com/bot.html)"
51.15.35.105 - - [14/Apr/2021:02:05:30 +0200] "GET / HTTP/1.1" 401 700 "-" "Mozilla/5.0 (Windows NT 6.3; WOW64) AppleWebKit/537.36 (KHTML, like Gecko) Chrome/51.0.2704.103 Safari/537.36"
114.119.130.30 - - [14/Apr/2021:02:32:32 +0200] "GET /robots.txt HTTP/1.1" 401 741 "-" "Mozilla/5.0 (compatible;PetalBot;+https://webmaster.petalsearch.com/site/petalbot)"
66.249.70.1 - - [14/Apr/2021:03:53:14 +0200] "GET /index.php?m=polkmiu&id=straszyd%C5%82o HTTP/1.1" 401 741 "-" "Mozilla/5.0 (compatible; Googlebot/2.1; +http://www.google.com/bot.html)"
66.249.70.3 - - [14/Apr/2021:07:32:03 +0200] "GET /index.php?m=polkmiu&id=17081 HTTP/1.1" 401 741 "-" "Mozilla/5.0 (Linux; Android 6.0.1; Nexus 5X Build/MMB29P) AppleWebKit/537.36 (KHTML, like Gecko) Chrome/89.0.4389.127 Mobile Safari/537.36 (compatible; Googlebot/2.1; +http://www.google.com/bot.html)"
66.249.70.67 - - [14/Apr/2021:07:52:13 +0200] "GET /robots.txt HTTP/1.1" 401 737 "-" "Mozilla/5.0 (compatible; Googlebot/2.1; +http://www.google.com/bot.html)"
66.249.70.65 - - [14/Apr/2021:07:52:13 +0200] "GET / HTTP/1.1" 401 737 "-" "Mozilla/5.0 (Linux; Android 6.0.1; Nexus 5X Build/MMB29P) AppleWebKit/537.36 (KHTML, like Gecko) Chrome/89.0.4389.127 Mobile Safari/537.36 (compatible; Googlebot/2.1; +http://www.google.com/bot.html)"
66.249.70.95 - - [14/Apr/2021:09:15:44 +0200] "GET / HTTP/1.1" 401 737 "-" "Mozilla/5.0 (compatible; Googlebot/2.1; +http://www.google.com/bot.html)"
66.249.70.29 - - [14/Apr/2021:09:21:30 +0200] "GET / HTTP/1.1" 401 741 "-" "Mozilla/5.0 (Linux; Android 6.0.1; Nexus 5X Build/MMB29P) AppleWebKit/537.36 (KHTML, like Gecko) Chrome/89.0.4389.127 Mobile Safari/537.36 (compatible; Googlebot/2.1; +http://www.google.com/bot.html)"
5.255.253.145 - - [14/Apr/2021:09:54:58 +0200] "GET /robots.txt HTTP/1.1" 401 737 "-" "Mozilla/5.0 (compatible; YandexBot/3.0; +http://yandex.com/bots)"
5.255.253.145 - - [14/Apr/2021:09:55:01 +0200] "GET / HTTP/1.1" 401 736 "-" "Mozilla/5.0 (compatible; YandexBot/3.0; +http://yandex.com/bots)"
167.172.219.157 - - [14/Apr/2021:11:00:32 +0200] "GET / HTTP/1.1" 401 681 "-" "Mozilla/5.0 (Windows NT 6.1) AppleWebKit/537.36 (KHTML, like Gecko) Chrome/41.0.2228.0 Safari/537.36"
167.172.219.157 - - [14/Apr/2021:11:00:41 +0200] "GET /robots.txt HTTP/1.1" 401 681 "-" "-"
167.172.219.157 - - [14/Apr/2021:11:00:41 +0200] "GET /sitemap.xml HTTP/1.1" 401 681 "-" "-"
167.172.219.157 - - [14/Apr/2021:11:00:42 +0200] "GET /.well-known/security.txt HTTP/1.1" 401 681 "-" "-"
167.172.219.157 - - [14/Apr/2021:11:00:43 +0200] "GET /favicon.ico HTTP/1.1" 401 737 "-" "Mozilla/5.0 (Macintosh; Intel Mac OS X 10.15; rv:80.0) Gecko/20100101 Firefox/80.0"
40.77.167.49 - - [14/Apr/2021:12:03:18 +0200] "GET /robots.txt HTTP/1.1" 401 741 "-" "Mozilla/5.0 (compatible; bingbot/2.0; +http://www.bing.com/bingbot.htm)"
13.66.139.47 - - [14/Apr/2021:12:03:26 +0200] "GET /index.php?m=Start HTTP/1.1" 401 741 "-" "Mozilla/5.0 (iPhone; CPU iPhone OS 7_0 like Mac OS X) AppleWebKit/537.51.1 (KHTML, like Gecko) Version/7.0 Mobile/11A465 Safari/9537.53 (compatible; bingbot/2.0; +http://www.bing.com/bingbot.htm)"
71.6.167.124 - - [14/Apr/2021:14:32:37 +0200] "GET / HTTP/1.1" 401 681 "-" "Mozilla/5.0 (Windows NT 6.1) AppleWebKit/537.36 (KHTML, like Gecko) Chrome/41.0.2228.0 Safari/537.36"
71.6.167.124 - - [14/Apr/2021:14:32:38 +0200] "GET /robots.txt HTTP/1.1" 401 681 "-" "-"
71.6.167.124 - - [14/Apr/2021:14:32:38 +0200] "GET /sitemap.xml HTTP/1.1" 401 681 "-" "-"
71.6.167.124 - - [14/Apr/2021:14:32:43 +0200] "GET /.well-known/security.txt HTTP/1.1" 401 681 "-" "-"
71.6.167.124 - - [14/Apr/2021:14:32:51 +0200] "GET /favicon.ico HTTP/1.1" 401 737 "-" "Mozilla/5.0 (Macintosh; Intel Mac OS X 10.15; rv:80.0) Gecko/20100101 Firefox/80.0"
66.249.70.1 - - [14/Apr/2021:15:00:52 +0200] "GET /robots.txt HTTP/1.1" 401 741 "-" "Mozilla/5.0 (compatible; Googlebot/2.1; +http://www.google.com/bot.html)"
66.249.70.29 - - [14/Apr/2021:15:00:52 +0200] "GET /index.php?m=polkmiu&id=nadg%C3%B3rnik HTTP/1.1" 401 741 "-" "Mozilla/5.0 (compatible; Googlebot/2.1; +http://www.google.com/bot.html)"
66.240.219.133 - - [14/Apr/2021:18:57:05 +0200] "GET / HTTP/1.1" 401 681 "-" "Mozilla/5.0 (Windows NT 6.1) AppleWebKit/537.36 (KHTML, like Gecko) Chrome/41.0.2228.0 Safari/537.36"
66.240.219.133 - - [14/Apr/2021:18:57:18 +0200] "GET /robots.txt HTTP/1.1" 401 681 "-" "-"
114.119.133.14 - - [14/Apr/2021:21:45:22 +0200] "GET /robots.txt HTTP/1.1" 401 741 "-" "Mozilla/5.0 (compatible;PetalBot;+https://webmaster.petalsearch.com/site/petalbot)"
51.15.113.160 - - [15/Apr/2021:02:07:54 +0200] "GET / HTTP/1.1" 401 700 "-" "Mozilla/5.0 (Windows NT 6.3; WOW64) AppleWebKit/537.36 (KHTML, like Gecko) Chrome/51.0.2704.103 Safari/537.36"
66.249.70.29 - - [15/Apr/2021:03:22:23 +0200] "GET /robots.txt HTTP/1.1" 401 741 "-" "Mozilla/5.0 (compatible; Googlebot/2.1; +http://www.google.com/bot.html)"
66.249.70.3 - - [15/Apr/2021:03:22:23 +0200] "GET /index.php?m=polkmiu&id=18574 HTTP/1.1" 401 741 "-" "Mozilla/5.0 (Linux; Android 6.0.1; Nexus 5X Build/MMB29P) AppleWebKit/537.36 (KHTML, like Gecko) Chrome/89.0.4389.127 Mobile Safari/537.36 (compatible; Googlebot/2.1; +http://www.google.com/bot.html)"
66.249.70.1 - - [15/Apr/2021:03:30:47 +0200] "GET / HTTP/1.1" 401 741 "-" "Mozilla/5.0 (compatible; Googlebot/2.1; +http://www.google.com/bot.html)"
66.249.70.95 - - [15/Apr/2021:04:07:48 +0200] "GET /robots.txt HTTP/1.1" 401 737 "-" "Mozilla/5.0 (compatible; Googlebot/2.1; +http://www.google.com/bot.html)"
66.249.70.67 - - [15/Apr/2021:04:07:48 +0200] "GET / HTTP/1.1" 401 737 "-" "Mozilla/5.0 (Linux; Android 6.0.1; Nexus 5X Build/MMB29P) AppleWebKit/537.36 (KHTML, like Gecko) Chrome/89.0.4389.127 Mobile Safari/537.36 (compatible; Googlebot/2.1; +http://www.google.com/bot.html)"
66.249.70.65 - - [15/Apr/2021:04:21:15 +0200] "GET / HTTP/1.1" 401 737 "-" "Mozilla/5.0 (compatible; Googlebot/2.1; +http://www.google.com/bot.html)"
66.249.70.3 - - [15/Apr/2021:04:22:56 +0200] "GET / HTTP/1.1" 401 741 "-" "Mozilla/5.0 (Linux; Android 6.0.1; Nexus 5X Build/MMB29P) AppleWebKit/537.36 (KHTML, like Gecko) Chrome/89.0.4389.127 Mobile Safari/537.36 (compatible; Googlebot/2.1; +http://www.google.com/bot.html)"
64.227.90.185 - - [15/Apr/2021:07:37:16 +0200] "GET / HTTP/1.1" 401 681 "-" "Mozilla/5.0 (Windows NT 6.1) AppleWebKit/537.36 (KHTML, like Gecko) Chrome/41.0.2228.0 Safari/537.36"
64.227.90.185 - - [15/Apr/2021:07:37:18 +0200] "GET /robots.txt HTTP/1.1" 401 681 "-" "-"
64.227.90.185 - - [15/Apr/2021:07:37:19 +0200] "GET /sitemap.xml HTTP/1.1" 401 681 "-" "-"
64.227.90.185 - - [15/Apr/2021:07:37:20 +0200] "GET /.well-known/security.txt HTTP/1.1" 401 681 "-" "-"
64.227.90.185 - - [15/Apr/2021:07:37:20 +0200] "GET /favicon.ico HTTP/1.1" 401 737 "-" "Mozilla/5.0 (Macintosh; Intel Mac OS X 10.15; rv:80.0) Gecko/20100101 Firefox/80.0"
157.245.164.170 - - [15/Apr/2021:08:23:57 +0200] "GET / HTTP/1.1" 401 681 "-" "Mozilla/5.0 (Windows NT 6.1) AppleWebKit/537.36 (KHTML, like Gecko) Chrome/41.0.2228.0 Safari/537.36"
157.245.164.170 - - [15/Apr/2021:08:24:00 +0200] "GET /robots.txt HTTP/1.1" 401 681 "-" "-"
157.245.164.170 - - [15/Apr/2021:08:24:01 +0200] "GET /sitemap.xml HTTP/1.1" 401 681 "-" "-"
157.245.164.170 - - [15/Apr/2021:08:24:01 +0200] "GET /.well-known/security.txt HTTP/1.1" 401 681 "-" "-"
157.245.164.170 - - [15/Apr/2021:08:24:02 +0200] "GET /favicon.ico HTTP/1.1" 401 737 "-" "Mozilla/5.0 (Macintosh; Intel Mac OS X 10.15; rv:80.0) Gecko/20100101 Firefox/80.0"
66.249.70.1 - - [15/Apr/2021:12:10:36 +0200] "GET /index.php?m=polkmiu&id=16663 HTTP/1.1" 401 741 "-" "Mozilla/5.0 (Linux; Android 6.0.1; Nexus 5X Build/MMB29P) AppleWebKit/537.36 (KHTML, like Gecko) Chrome/89.0.4389.127 Mobile Safari/537.36 (compatible; Googlebot/2.1; +http://www.google.com/bot.html)"
5.255.253.145 - - [15/Apr/2021:12:43:41 +0200] "GET /robots.txt HTTP/1.1" 401 737 "-" "Mozilla/5.0 (compatible; YandexBot/3.0; +http://yandex.com/bots)"
5.255.253.145 - - [15/Apr/2021:12:43:45 +0200] "GET / HTTP/1.1" 401 736 "-" "Mozilla/5.0 (compatible; YandexBot/3.0; +http://yandex.com/bots)"
40.77.167.56 - - [15/Apr/2021:14:34:51 +0200] "GET /robots.txt HTTP/1.1" 401 737 "-" "Mozilla/5.0 (compatible; bingbot/2.0; +http://www.bing.com/bingbot.htm)"
207.46.13.27 - - [15/Apr/2021:14:34:59 +0200] "GET / HTTP/1.1" 401 737 "-" "Mozilla/5.0 (compatible; bingbot/2.0; +http://www.bing.com/bingbot.htm)"
114.119.142.42 - - [15/Apr/2021:16:30:04 +0200] "GET /robots.txt HTTP/1.1" 401 741 "-" "Mozilla/5.0 (compatible;PetalBot;+https://webmaster.petalsearch.com/site/petalbot)"
51.15.224.119 - - [16/Apr/2021:02:07:56 +0200] "GET / HTTP/1.1" 401 700 "-" "Mozilla/5.0 (Windows NT 6.3; WOW64) AppleWebKit/537.36 (KHTML, like Gecko) Chrome/51.0.2704.103 Safari/537.36"
148.81.194.138 - - [16/Apr/2021:03:18:13 +0200] "GET /robots.txt HTTP/1.1" 401 685 "-" "Mozilla/5.0 (Nekstbot; Pierwsza semantyczna wyszukiwarka Polskiego Internetu www.nekst.pl, http://nekst.ipipan.waw.pl/nekstbot/)"
13.53.208.18 - - [16/Apr/2021:09:22:26 +0200] "GET / HTTP/1.1" 401 681 "-" "Mozilla/5.0 (Windows NT 6.1) AppleWebKit/537.36 (KHTML, like Gecko) Chrome/41.0.2228.0 Safari/537.36"
13.53.208.18 - - [16/Apr/2021:09:22:26 +0200] "GET /wp-login.php HTTP/1.1" 401 681 "-" "Mozilla/5.0 (Windows NT 6.1) AppleWebKit/537.36 (KHTML, like Gecko) Chrome/41.0.2228.0 Safari/537.36"
13.53.208.18 - - [16/Apr/2021:09:22:26 +0200] "GET /wordpress/wp-login.php HTTP/1.1" 401 681 "-" "Mozilla/5.0 (Windows NT 6.1) AppleWebKit/537.36 (KHTML, like Gecko) Chrome/41.0.2228.0 Safari/537.36"
13.53.208.18 - - [16/Apr/2021:09:22:27 +0200] "GET /blog/wp-login.php HTTP/1.1" 401 681 "-" "Mozilla/5.0 (Windows NT 6.1) AppleWebKit/537.36 (KHTML, like Gecko) Chrome/41.0.2228.0 Safari/537.36"
13.53.208.18 - - [16/Apr/2021:09:22:27 +0200] "GET /wp/wp-login.php HTTP/1.1" 401 681 "-" "Mozilla/5.0 (Windows NT 6.1) AppleWebKit/537.36 (KHTML, like Gecko) Chrome/41.0.2228.0 Safari/537.36"
114.119.140.122 - - [16/Apr/2021:11:25:31 +0200] "GET /robots.txt HTTP/1.1" 401 741 "-" "Mozilla/5.0 (compatible;PetalBot;+https://webmaster.petalsearch.com/site/petalbot)"
207.46.13.27 - - [16/Apr/2021:17:27:54 +0200] "GET / HTTP/1.1" 401 737 "-" "Mozilla/5.0 (compatible; bingbot/2.0; +http://www.bing.com/bingbot.htm)"
13.232.96.15 - - [16/Apr/2021:18:03:48 +0200] "GET / HTTP/1.1" 401 681 "-" "Mozilla/5.0 (Macintosh; Intel Mac OS X 10_10_1) AppleWebKit/537.36 (KHTML, like Gecko) Chrome/41.0.2227.1 Safari/537.36"
13.232.96.15 - - [16/Apr/2021:18:03:48 +0200] "GET /wp-login.php HTTP/1.1" 401 681 "-" "Mozilla/5.0 (Macintosh; Intel Mac OS X 10_10_1) AppleWebKit/537.36 (KHTML, like Gecko) Chrome/41.0.2227.1 Safari/537.36"
13.232.96.15 - - [16/Apr/2021:18:03:49 +0200] "GET /wordpress/wp-login.php HTTP/1.1" 401 681 "-" "Mozilla/5.0 (Macintosh; Intel Mac OS X 10_10_1) AppleWebKit/537.36 (KHTML, like Gecko) Chrome/41.0.2227.1 Safari/537.36"
13.232.96.15 - - [16/Apr/2021:18:03:49 +0200] "GET /blog/wp-login.php HTTP/1.1" 401 681 "-" "Mozilla/5.0 (Macintosh; Intel Mac OS X 10_10_1) AppleWebKit/537.36 (KHTML, like Gecko) Chrome/41.0.2227.1 Safari/537.36"
13.232.96.15 - - [16/Apr/2021:18:03:49 +0200] "GET /wp/wp-login.php HTTP/1.1" 401 681 "-" "Mozilla/5.0 (Macintosh; Intel Mac OS X 10_10_1) AppleWebKit/537.36 (KHTML, like Gecko) Chrome/41.0.2227.1 Safari/537.36"
51.15.113.160 - - [17/Apr/2021:02:08:52 +0200] "GET / HTTP/1.1" 401 700 "-" "Mozilla/5.0 (Windows NT 6.3; WOW64) AppleWebKit/537.36 (KHTML, like Gecko) Chrome/51.0.2704.103 Safari/537.36"
172.104.122.160 - - [17/Apr/2021:02:21:20 +0200] "GET /josso/%5C../invoker/EJBInvokerServlet/ HTTP/1.1" 401 700 "-" "Mozilla/5.0 AppleWebKit/537.73 (KHTML, like Gecko)"
172.104.122.160 - - [17/Apr/2021:02:21:20 +0200] "GET /josso/%5C../invoker/JMXInvokerServlet/ HTTP/1.1" 401 700 "-" "Mozilla/5.0 AppleWebKit/537.73 (KHTML, like Gecko)"
172.104.122.160 - - [17/Apr/2021:02:21:21 +0200] "GET /invoker/JMXInvokerServlet/ HTTP/1.1" 401 700 "-" "Mozilla/5.0 AppleWebKit/537.73 (KHTML, like Gecko)"
172.104.122.160 - - [17/Apr/2021:02:21:21 +0200] "GET /invoker/EJBInvokerServlet/ HTTP/1.1" 401 700 "-" "Mozilla/5.0 AppleWebKit/537.73 (KHTML, like Gecko)"
172.104.122.160 - - [17/Apr/2021:03:18:28 +0200] "GET /josso/%5C../invoker/EJBInvokerServlet/ HTTP/1.1" 401 704 "-" "Mozilla/5.0 AppleWebKit/537.73 (KHTML, like Gecko)"
172.104.122.160 - - [17/Apr/2021:03:18:29 +0200] "GET /josso/%5C../invoker/JMXInvokerServlet/ HTTP/1.1" 401 704 "-" "Mozilla/5.0 AppleWebKit/537.73 (KHTML, like Gecko)"
172.104.122.160 - - [17/Apr/2021:03:18:29 +0200] "GET /invoker/JMXInvokerServlet/ HTTP/1.1" 401 704 "-" "Mozilla/5.0 AppleWebKit/537.73 (KHTML, like Gecko)"
172.104.122.160 - - [17/Apr/2021:03:18:30 +0200] "GET /invoker/EJBInvokerServlet/ HTTP/1.1" 401 704 "-" "Mozilla/5.0 AppleWebKit/537.73 (KHTML, like Gecko)"
66.249.70.3 - - [17/Apr/2021:03:52:12 +0200] "GET /robots.txt HTTP/1.1" 401 741 "-" "Mozilla/5.0 (compatible; Googlebot/2.1; +http://www.google.com/bot.html)"
66.249.70.3 - - [17/Apr/2021:03:52:12 +0200] "GET / HTTP/1.1" 401 740 "-" "Mozilla/5.0 (compatible; Googlebot/2.1; +http://www.google.com/bot.html)"
66.249.70.65 - - [17/Apr/2021:04:16:42 +0200] "GET /robots.txt HTTP/1.1" 401 737 "-" "Mozilla/5.0 (compatible; Googlebot/2.1; +http://www.google.com/bot.html)"
66.249.70.67 - - [17/Apr/2021:04:16:42 +0200] "GET / HTTP/1.1" 401 737 "-" "Mozilla/5.0 (Linux; Android 6.0.1; Nexus 5X Build/MMB29P) AppleWebKit/537.36 (KHTML, like Gecko) Chrome/89.0.4389.127 Mobile Safari/537.36 (compatible; Googlebot/2.1; +http://www.google.com/bot.html)"
66.249.70.65 - - [17/Apr/2021:04:51:17 +0200] "GET / HTTP/1.1" 401 737 "-" "Mozilla/5.0 (compatible; Googlebot/2.1; +http://www.google.com/bot.html)"
66.249.70.29 - - [17/Apr/2021:04:52:20 +0200] "GET / HTTP/1.1" 401 741 "-" "Mozilla/5.0 (Linux; Android 6.0.1; Nexus 5X Build/MMB29P) AppleWebKit/537.36 (KHTML, like Gecko) Chrome/89.0.4389.127 Mobile Safari/537.36 (compatible; Googlebot/2.1; +http://www.google.com/bot.html)"
114.119.153.67 - - [17/Apr/2021:06:31:26 +0200] "GET /robots.txt HTTP/1.1" 401 741 "-" "Mozilla/5.0 (compatible;PetalBot;+https://webmaster.petalsearch.com/site/petalbot)"
66.249.70.29 - - [17/Apr/2021:09:38:02 +0200] "GET /index.php?m=polkmiu&id=14050 HTTP/1.1" 401 741 "-" "Mozilla/5.0 (Linux; Android 6.0.1; Nexus 5X Build/MMB29P) AppleWebKit/537.36 (KHTML, like Gecko) Chrome/89.0.4389.127 Mobile Safari/537.36 (compatible; Googlebot/2.1; +http://www.google.com/bot.html)"
34.236.18.197 - - [17/Apr/2021:10:24:05 +0200] "GET / HTTP/1.1" 401 681 "-" "Mozilla/5.0 (Windows NT 5.1) AppleWebKit/537.36 (KHTML, like Gecko) Chrome/41.0.2224.3 Safari/537.36"
34.236.18.197 - - [17/Apr/2021:10:24:06 +0200] "GET /wp-login.php HTTP/1.1" 401 681 "-" "Mozilla/5.0 (Windows NT 5.1) AppleWebKit/537.36 (KHTML, like Gecko) Chrome/41.0.2224.3 Safari/537.36"
34.236.18.197 - - [17/Apr/2021:10:24:06 +0200] "GET /wordpress/wp-login.php HTTP/1.1" 401 681 "-" "Mozilla/5.0 (Windows NT 5.1) AppleWebKit/537.36 (KHTML, like Gecko) Chrome/41.0.2224.3 Safari/537.36"
34.236.18.197 - - [17/Apr/2021:10:24:07 +0200] "GET /blog/wp-login.php HTTP/1.1" 401 681 "-" "Mozilla/5.0 (Windows NT 5.1) AppleWebKit/537.36 (KHTML, like Gecko) Chrome/41.0.2224.3 Safari/537.36"
34.236.18.197 - - [17/Apr/2021:10:24:07 +0200] "GET /wp/wp-login.php HTTP/1.1" 401 681 "-" "Mozilla/5.0 (Windows NT 5.1) AppleWebKit/537.36 (KHTML, like Gecko) Chrome/41.0.2224.3 Safari/537.36"
66.249.70.1 - - [17/Apr/2021:13:03:09 +0200] "GET / HTTP/1.1" 401 741 "-" "Mozilla/5.0 (compatible; Googlebot/2.1; +http://www.google.com/bot.html)"
66.249.70.95 - - [17/Apr/2021:13:14:59 +0200] "GET / HTTP/1.1" 401 737 "-" "Mozilla/5.0 (Linux; Android 6.0.1; Nexus 5X Build/MMB29P) AppleWebKit/537.36 (KHTML, like Gecko) Chrome/89.0.4389.127 Mobile Safari/537.36 (compatible; Googlebot/2.1; +http://www.google.com/bot.html)"
66.249.70.65 - - [17/Apr/2021:13:54:45 +0200] "GET / HTTP/1.1" 401 737 "-" "Mozilla/5.0 (compatible; Googlebot/2.1; +http://www.google.com/bot.html)"
66.249.70.15 - - [17/Apr/2021:13:56:10 +0200] "GET / HTTP/1.1" 401 741 "-" "Mozilla/5.0 (Linux; Android 6.0.1; Nexus 5X Build/MMB29P) AppleWebKit/537.36 (KHTML, like Gecko) Chrome/89.0.4389.127 Mobile Safari/537.36 (compatible; Googlebot/2.1; +http://www.google.com/bot.html)"
13.232.96.15 - - [17/Apr/2021:18:59:02 +0200] "GET / HTTP/1.1" 401 681 "-" "Mozilla/5.0 (Macintosh; Intel Mac OS X 10_10_1) AppleWebKit/537.36 (KHTML, like Gecko) Chrome/37.0.2062.124 Safari/537.36"
13.232.96.15 - - [17/Apr/2021:18:59:02 +0200] "GET /wp-login.php HTTP/1.1" 401 681 "-" "Mozilla/5.0 (Macintosh; Intel Mac OS X 10_10_1) AppleWebKit/537.36 (KHTML, like Gecko) Chrome/37.0.2062.124 Safari/537.36"
13.232.96.15 - - [17/Apr/2021:18:59:03 +0200] "GET /wordpress/wp-login.php HTTP/1.1" 401 681 "-" "Mozilla/5.0 (Macintosh; Intel Mac OS X 10_10_1) AppleWebKit/537.36 (KHTML, like Gecko) Chrome/37.0.2062.124 Safari/537.36"
13.232.96.15 - - [17/Apr/2021:18:59:03 +0200] "GET /blog/wp-login.php HTTP/1.1" 401 681 "-" "Mozilla/5.0 (Macintosh; Intel Mac OS X 10_10_1) AppleWebKit/537.36 (KHTML, like Gecko) Chrome/37.0.2062.124 Safari/537.36"
13.232.96.15 - - [17/Apr/2021:18:59:04 +0200] "GET /wp/wp-login.php HTTP/1.1" 401 681 "-" "Mozilla/5.0 (Macintosh; Intel Mac OS X 10_10_1) AppleWebKit/537.36 (KHTML, like Gecko) Chrome/37.0.2062.124 Safari/537.36"
66.249.70.3 - - [18/Apr/2021:00:04:53 +0200] "GET /robots.txt HTTP/1.1" 401 741 "-" "Mozilla/5.0 (compatible; Googlebot/2.1; +http://www.google.com/bot.html)"
66.249.70.3 - - [18/Apr/2021:00:04:53 +0200] "GET / HTTP/1.1" 401 740 "-" "Mozilla/5.0 (compatible; Googlebot/2.1; +http://www.google.com/bot.html)"
66.249.70.65 - - [18/Apr/2021:00:16:47 +0200] "GET /robots.txt HTTP/1.1" 401 737 "-" "Mozilla/5.0 (compatible; Googlebot/2.1; +http://www.google.com/bot.html)"
66.249.70.95 - - [18/Apr/2021:00:16:47 +0200] "GET / HTTP/1.1" 401 737 "-" "Mozilla/5.0 (Linux; Android 6.0.1; Nexus 5X Build/MMB29P) AppleWebKit/537.36 (KHTML, like Gecko) Chrome/89.0.4389.127 Mobile Safari/537.36 (compatible; Googlebot/2.1; +http://www.google.com/bot.html)"
66.249.70.67 - - [18/Apr/2021:01:25:13 +0200] "GET / HTTP/1.1" 401 737 "-" "Mozilla/5.0 (compatible; Googlebot/2.1; +http://www.google.com/bot.html)"
66.249.70.3 - - [18/Apr/2021:01:46:02 +0200] "GET / HTTP/1.1" 401 741 "-" "Mozilla/5.0 (Linux; Android 6.0.1; Nexus 5X Build/MMB29P) AppleWebKit/537.36 (KHTML, like Gecko) Chrome/89.0.4389.127 Mobile Safari/537.36 (compatible; Googlebot/2.1; +http://www.google.com/bot.html)"
51.15.35.105 - - [18/Apr/2021:02:09:34 +0200] "GET / HTTP/1.1" 401 700 "-" "Mozilla/5.0 (Windows NT 6.3; WOW64) AppleWebKit/537.36 (KHTML, like Gecko) Chrome/51.0.2704.103 Safari/537.36"
114.119.156.140 - - [18/Apr/2021:02:10:44 +0200] "GET /robots.txt HTTP/1.1" 401 741 "-" "Mozilla/5.0 (compatible;PetalBot;+https://webmaster.petalsearch.com/site/petalbot)"
46.235.14.11 - - [18/Apr/2021:06:26:12 +0200] "GET /wp-login.php HTTP/1.1" 401 700 "-" "Mozilla/5.0 (X11; Ubuntu; Linux x86_64; rv:62.0) Gecko/20100101 Firefox/62.0"
66.249.70.29 - - [18/Apr/2021:06:43:24 +0200] "GET /index.php?m=polkmiu&id=14252 HTTP/1.1" 401 741 "-" "Mozilla/5.0 (compatible; Googlebot/2.1; +http://www.google.com/bot.html)"
93.114.234.242 - - [18/Apr/2021:09:18:19 +0200] "GET /wp-login.php HTTP/1.1" 401 704 "-" "Mozilla/5.0 (X11; Ubuntu; Linux x86_64; rv:62.0) Gecko/20100101 Firefox/62.0"
52.52.190.187 - - [18/Apr/2021:15:38:42 +0200] "GET / HTTP/1.1" 401 681 "-" "Mozilla/5.0 (Windows NT 6.3; WOW64) AppleWebKit/537.36 (KHTML, like Gecko) Chrome/41.0.2226.0 Safari/537.36"
52.52.190.187 - - [18/Apr/2021:15:38:43 +0200] "GET /wp-login.php HTTP/1.1" 401 681 "-" "Mozilla/5.0 (Windows NT 6.3; WOW64) AppleWebKit/537.36 (KHTML, like Gecko) Chrome/41.0.2226.0 Safari/537.36"
52.52.190.187 - - [18/Apr/2021:15:38:43 +0200] "GET /wordpress/wp-login.php HTTP/1.1" 401 681 "-" "Mozilla/5.0 (Windows NT 6.3; WOW64) AppleWebKit/537.36 (KHTML, like Gecko) Chrome/41.0.2226.0 Safari/537.36"
