64.227.90.185 - - [08/Jun/2021:21:14:37 +0200] "GET /sitemap.xml HTTP/1.1" 401 681 "-" "-"
64.227.90.185 - - [08/Jun/2021:21:14:38 +0200] "GET /.well-known/security.txt HTTP/1.1" 401 681 "-" "-"
64.227.90.185 - - [08/Jun/2021:21:14:39 +0200] "GET /favicon.ico HTTP/1.1" 401 737 "-" "Mozilla/5.0 (Macintosh; Intel Mac OS X 10.15; rv:80.0) Gecko/20100101 Firefox/80.0"
66.249.70.69 - - [08/Jun/2021:23:52:09 +0200] "GET /robots.txt HTTP/1.1" 401 737 "-" "Mozilla/5.0 (compatible; Googlebot/2.1; +http://www.google.com/bot.html)"
66.249.70.69 - - [08/Jun/2021:23:52:09 +0200] "GET / HTTP/1.1" 401 736 "-" "Mozilla/5.0 (Linux; Android 6.0.1; Nexus 5X Build/MMB29P) AppleWebKit/537.36 (KHTML, like Gecko) Chrome/91.0.4472.90 Mobile Safari/537.36 (compatible; Googlebot/2.1; +http://www.google.com/bot.html)"
185.220.101.148 - - [08/Jun/2021:23:52:42 +0200] "GET /.git/config HTTP/1.1" 401 681 "-" "Go-http-client/1.1"
5.255.253.145 - - [09/Jun/2021:00:00:21 +0200] "GET /robots.txt HTTP/1.1" 401 741 "-" "Mozilla/5.0 (compatible; YandexBot/3.0; +http://yandex.com/bots)"
5.255.253.145 - - [09/Jun/2021:00:00:25 +0200] "GET / HTTP/1.1" 401 740 "-" "Mozilla/5.0 (compatible; YandexBot/3.0; +http://yandex.com/bots)"
66.249.70.14 - - [09/Jun/2021:00:05:44 +0200] "GET /robots.txt HTTP/1.1" 401 741 "-" "Mozilla/5.0 (compatible; Googlebot/2.1; +http://www.google.com/bot.html)"
66.249.70.14 - - [09/Jun/2021:00:05:44 +0200] "GET / HTTP/1.1" 401 740 "-" "Mozilla/5.0 (compatible; Googlebot/2.1; +http://www.google.com/bot.html)"
5.255.253.145 - - [09/Jun/2021:00:16:38 +0200] "GET /robots.txt HTTP/1.1" 401 737 "-" "Mozilla/5.0 (compatible; YandexBot/3.0; +http://yandex.com/bots)"
5.255.253.145 - - [09/Jun/2021:00:16:42 +0200] "GET / HTTP/1.1" 401 736 "-" "Mozilla/5.0 (compatible; YandexBot/3.0; +http://yandex.com/bots)"
66.249.70.65 - - [09/Jun/2021:00:22:42 +0200] "GET / HTTP/1.1" 401 737 "-" "Mozilla/5.0 (compatible; Googlebot/2.1; +http://www.google.com/bot.html)"
66.249.70.16 - - [09/Jun/2021:01:06:51 +0200] "GET / HTTP/1.1" 401 741 "-" "Mozilla/5.0 (Linux; Android 6.0.1; Nexus 5X Build/MMB29P) AppleWebKit/537.36 (KHTML, like Gecko) Chrome/91.0.4472.90 Mobile Safari/537.36 (compatible; Googlebot/2.1; +http://www.google.com/bot.html)"
35.235.65.83 - - [09/Jun/2021:02:36:31 +0200] "GET /wp-login.php HTTP/1.1" 401 700 "-" "Mozilla/5.0 (X11; Ubuntu; Linux x86_64; rv:62.0) Gecko/20100101 Firefox/62.0"
35.235.65.83 - - [09/Jun/2021:02:36:31 +0200] "GET /wp-login.php HTTP/1.1" 401 700 "-" "Mozilla/5.0 (X11; Ubuntu; Linux x86_64; rv:62.0) Gecko/20100101 Firefox/62.0"
35.235.65.83 - - [09/Jun/2021:02:36:31 +0200] "GET /wp-login.php HTTP/1.1" 401 700 "-" "Mozilla/5.0 (X11; Ubuntu; Linux x86_64; rv:62.0) Gecko/20100101 Firefox/62.0"
35.235.65.83 - - [09/Jun/2021:02:36:31 +0200] "GET /wp-login.php HTTP/1.1" 401 700 "-" "Mozilla/5.0 (X11; Ubuntu; Linux x86_64; rv:62.0) Gecko/20100101 Firefox/62.0"
51.15.224.119 - - [09/Jun/2021:03:51:20 +0200] "GET / HTTP/1.1" 401 700 "-" "Mozilla/5.0 (Windows NT 6.3; WOW64) AppleWebKit/537.36 (KHTML, like Gecko) Chrome/51.0.2704.103 Safari/537.36"
148.81.194.138 - - [09/Jun/2021:04:16:56 +0200] "GET /robots.txt HTTP/1.1" 401 685 "-" "Mozilla/5.0 (Nekstbot; Pierwsza semantyczna wyszukiwarka Polskiego Internetu www.nekst.pl, http://nekst.ipipan.waw.pl/nekstbot/)"
66.240.219.173 - - [09/Jun/2021:04:35:21 +0200] "GET / HTTP/1.1" 401 681 "-" "Mozilla/5.0 (Windows NT 6.1) AppleWebKit/537.36 (KHTML, like Gecko) Chrome/41.0.2228.0 Safari/537.36"
66.240.219.173 - - [09/Jun/2021:04:35:29 +0200] "GET /robots.txt HTTP/1.1" 401 681 "-" "-"
66.240.219.173 - - [09/Jun/2021:04:35:33 +0200] "GET /sitemap.xml HTTP/1.1" 401 681 "-" "-"
66.240.219.173 - - [09/Jun/2021:04:35:34 +0200] "GET /.well-known/security.txt HTTP/1.1" 401 681 "-" "-"
66.240.219.173 - - [09/Jun/2021:04:35:35 +0200] "GET /favicon.ico HTTP/1.1" 401 737 "-" "Mozilla/5.0 (Macintosh; Intel Mac OS X 10.15; rv:80.0) Gecko/20100101 Firefox/80.0"
206.189.85.88 - - [09/Jun/2021:05:31:29 +0200] "GET /wp-login.php HTTP/1.1" 401 704 "-" "Mozilla/5.0 (X11; Ubuntu; Linux x86_64; rv:62.0) Gecko/20100101 Firefox/62.0"
206.189.85.88 - - [09/Jun/2021:05:31:29 +0200] "GET /wp-login.php HTTP/1.1" 401 704 "-" "Mozilla/5.0 (X11; Ubuntu; Linux x86_64; rv:62.0) Gecko/20100101 Firefox/62.0"
206.189.85.88 - - [09/Jun/2021:05:31:29 +0200] "GET /wp-login.php HTTP/1.1" 401 704 "-" "Mozilla/5.0 (X11; Ubuntu; Linux x86_64; rv:62.0) Gecko/20100101 Firefox/62.0"
206.189.85.88 - - [09/Jun/2021:05:31:29 +0200] "GET /wp-login.php HTTP/1.1" 401 704 "-" "Mozilla/5.0 (X11; Ubuntu; Linux x86_64; rv:62.0) Gecko/20100101 Firefox/62.0"
40.77.167.58 - - [09/Jun/2021:12:52:57 +0200] "GET /robots.txt HTTP/1.1" 401 737 "-" "Mozilla/5.0 (compatible; bingbot/2.0; +http://www.bing.com/bingbot.htm)"
40.77.167.105 - - [09/Jun/2021:12:53:06 +0200] "GET /index.php?m=polkmiu&id=12041 HTTP/1.1" 401 737 "-" "Mozilla/5.0 (compatible; bingbot/2.0; +http://www.bing.com/bingbot.htm)"
114.119.139.59 - - [09/Jun/2021:14:19:39 +0200] "GET /robots.txt HTTP/1.1" 401 741 "-" "Mozilla/5.0 (compatible;PetalBot;+https://webmaster.petalsearch.com/site/petalbot)"
34.251.241.226 - - [09/Jun/2021:17:03:58 +0200] "GET / HTTP/1.1" 401 681 "-" "Mozilla/5.0 (Macintosh; Intel Mac OS X 10_10_1) AppleWebKit/537.36 (KHTML, like Gecko) Chrome/41.0.2227.1 Safari/537.36"
34.251.241.226 - - [09/Jun/2021:17:03:58 +0200] "GET /wp-login.php HTTP/1.1" 401 681 "-" "Mozilla/5.0 (Macintosh; Intel Mac OS X 10_10_1) AppleWebKit/537.36 (KHTML, like Gecko) Chrome/41.0.2227.1 Safari/537.36"
34.251.241.226 - - [09/Jun/2021:17:03:58 +0200] "GET /wordpress/wp-login.php HTTP/1.1" 401 681 "-" "Mozilla/5.0 (Macintosh; Intel Mac OS X 10_10_1) AppleWebKit/537.36 (KHTML, like Gecko) Chrome/41.0.2227.1 Safari/537.36"
34.251.241.226 - - [09/Jun/2021:17:03:59 +0200] "GET /blog/wp-login.php HTTP/1.1" 401 681 "-" "Mozilla/5.0 (Macintosh; Intel Mac OS X 10_10_1) AppleWebKit/537.36 (KHTML, like Gecko) Chrome/41.0.2227.1 Safari/537.36"
34.251.241.226 - - [09/Jun/2021:17:03:59 +0200] "GET /wp/wp-login.php HTTP/1.1" 401 681 "-" "Mozilla/5.0 (Macintosh; Intel Mac OS X 10_10_1) AppleWebKit/537.36 (KHTML, like Gecko) Chrome/41.0.2227.1 Safari/537.36"
40.77.167.58 - - [09/Jun/2021:19:23:17 +0200] "GET /robots.txt HTTP/1.1" 401 741 "-" "Mozilla/5.0 (compatible; bingbot/2.0; +http://www.bing.com/bingbot.htm)"
207.46.13.172 - - [09/Jun/2021:19:23:26 +0200] "GET / HTTP/1.1" 401 741 "-" "Mozilla/5.0 (compatible; bingbot/2.0; +http://www.bing.com/bingbot.htm)"
66.249.66.80 - - [10/Jun/2021:00:50:01 +0200] "GET /robots.txt HTTP/1.1" 401 737 "-" "Mozilla/5.0 (compatible; Googlebot/2.1; +http://www.google.com/bot.html)"
66.249.66.80 - - [10/Jun/2021:00:50:01 +0200] "GET /index.php?m=polkmiu&id=13512 HTTP/1.1" 401 736 "-" "Mozilla/5.0 (Linux; Android 6.0.1; Nexus 5X Build/MMB29P) AppleWebKit/537.36 (KHTML, like Gecko) Chrome/91.0.4472.90 Mobile Safari/537.36 (compatible; Googlebot/2.1; +http://www.google.com/bot.html)"
66.249.66.80 - - [10/Jun/2021:02:00:14 +0200] "GET / HTTP/1.1" 401 737 "-" "Mozilla/5.0 (Linux; Android 6.0.1; Nexus 5X Build/MMB29P) AppleWebKit/537.36 (KHTML, like Gecko) Chrome/91.0.4472.90 Mobile Safari/537.36 (compatible; Googlebot/2.1; +http://www.google.com/bot.html)"
66.249.66.138 - - [10/Jun/2021:02:06:06 +0200] "GET /robots.txt HTTP/1.1" 401 741 "-" "Mozilla/5.0 (compatible; Googlebot/2.1; +http://www.google.com/bot.html)"
66.249.66.138 - - [10/Jun/2021:02:06:06 +0200] "GET / HTTP/1.1" 401 740 "-" "Mozilla/5.0 (compatible; Googlebot/2.1; +http://www.google.com/bot.html)"
66.249.66.78 - - [10/Jun/2021:02:17:48 +0200] "GET / HTTP/1.1" 401 737 "-" "Mozilla/5.0 (compatible; Googlebot/2.1; +http://www.google.com/bot.html)"
66.249.66.134 - - [10/Jun/2021:02:44:08 +0200] "GET / HTTP/1.1" 401 741 "-" "Mozilla/5.0 (Linux; Android 6.0.1; Nexus 5X Build/MMB29P) AppleWebKit/537.36 (KHTML, like Gecko) Chrome/91.0.4472.90 Mobile Safari/537.36 (compatible; Googlebot/2.1; +http://www.google.com/bot.html)"
51.15.235.181 - - [10/Jun/2021:03:52:38 +0200] "GET / HTTP/1.1" 401 700 "-" "Mozilla/5.0 (Windows NT 6.3; WOW64) AppleWebKit/537.36 (KHTML, like Gecko) Chrome/51.0.2704.103 Safari/537.36"
114.119.156.235 - - [10/Jun/2021:11:00:05 +0200] "GET /robots.txt HTTP/1.1" 401 741 "-" "Mozilla/5.0 (compatible;PetalBot;+https://webmaster.petalsearch.com/site/petalbot)"
114.119.136.215 - - [10/Jun/2021:13:14:15 +0200] "GET /robots.txt HTTP/1.1" 401 741 "-" "Mozilla/5.0 (compatible;PetalBot;+https://webmaster.petalsearch.com/site/petalbot)"
148.81.194.138 - - [10/Jun/2021:16:45:17 +0200] "GET /robots.txt HTTP/1.1" 401 685 "-" "Mozilla/5.0 (Nekstbot; Pierwsza semantyczna wyszukiwarka Polskiego Internetu www.nekst.pl, http://nekst.ipipan.waw.pl/nekstbot/)"
66.249.66.138 - - [10/Jun/2021:22:30:14 +0200] "GET /robots.txt HTTP/1.1" 401 741 "-" "Mozilla/5.0 (compatible; Googlebot/2.1; +http://www.google.com/bot.html)"
66.249.66.138 - - [10/Jun/2021:22:30:14 +0200] "GET / HTTP/1.1" 401 740 "-" "Mozilla/5.0 (compatible; Googlebot/2.1; +http://www.google.com/bot.html)"
51.15.113.160 - - [11/Jun/2021:03:54:51 +0200] "GET / HTTP/1.1" 401 700 "-" "Mozilla/5.0 (Windows NT 6.3; WOW64) AppleWebKit/537.36 (KHTML, like Gecko) Chrome/51.0.2704.103 Safari/537.36"
114.119.154.67 - - [11/Jun/2021:08:56:54 +0200] "GET /robots.txt HTTP/1.1" 401 741 "-" "Mozilla/5.0 (compatible;PetalBot;+https://webmaster.petalsearch.com/site/petalbot)"
13.232.96.15 - - [11/Jun/2021:13:17:18 +0200] "GET / HTTP/1.1" 401 681 "-" "Mozilla/5.0 (Windows NT 6.3; Win64; x64) AppleWebKit/537.36 (KHTML, like Gecko) Chrome/37.0.2049.0 Safari/537.36"
13.232.96.15 - - [11/Jun/2021:13:17:19 +0200] "GET /wp-login.php HTTP/1.1" 401 681 "-" "Mozilla/5.0 (Windows NT 6.3; Win64; x64) AppleWebKit/537.36 (KHTML, like Gecko) Chrome/37.0.2049.0 Safari/537.36"
13.232.96.15 - - [11/Jun/2021:13:17:19 +0200] "GET /wordpress/wp-login.php HTTP/1.1" 401 681 "-" "Mozilla/5.0 (Windows NT 6.3; Win64; x64) AppleWebKit/537.36 (KHTML, like Gecko) Chrome/37.0.2049.0 Safari/537.36"
13.232.96.15 - - [11/Jun/2021:13:17:19 +0200] "GET /blog/wp-login.php HTTP/1.1" 401 681 "-" "Mozilla/5.0 (Windows NT 6.3; Win64; x64) AppleWebKit/537.36 (KHTML, like Gecko) Chrome/37.0.2049.0 Safari/537.36"
13.232.96.15 - - [11/Jun/2021:13:17:20 +0200] "GET /wp/wp-login.php HTTP/1.1" 401 681 "-" "Mozilla/5.0 (Windows NT 6.3; Win64; x64) AppleWebKit/537.36 (KHTML, like Gecko) Chrome/37.0.2049.0 Safari/537.36"
66.249.66.78 - - [11/Jun/2021:19:16:55 +0200] "GET /robots.txt HTTP/1.1" 401 737 "-" "Mozilla/5.0 (compatible; Googlebot/2.1; +http://www.google.com/bot.html)"
66.249.66.80 - - [11/Jun/2021:19:16:55 +0200] "GET / HTTP/1.1" 401 737 "-" "Mozilla/5.0 (Linux; Android 6.0.1; Nexus 5X Build/MMB29P) AppleWebKit/537.36 (KHTML, like Gecko) Chrome/91.0.4472.90 Mobile Safari/537.36 (compatible; Googlebot/2.1; +http://www.google.com/bot.html)"
66.249.66.79 - - [11/Jun/2021:19:27:02 +0200] "GET / HTTP/1.1" 401 737 "-" "Mozilla/5.0 (compatible; Googlebot/2.1; +http://www.google.com/bot.html)"
66.249.66.138 - - [11/Jun/2021:20:27:24 +0200] "GET /robots.txt HTTP/1.1" 401 741 "-" "Mozilla/5.0 (compatible; Googlebot/2.1; +http://www.google.com/bot.html)"
66.249.66.134 - - [11/Jun/2021:20:27:25 +0200] "GET / HTTP/1.1" 401 741 "-" "Mozilla/5.0 (Linux; Android 6.0.1; Nexus 5X Build/MMB29P) AppleWebKit/537.36 (KHTML, like Gecko) Chrome/91.0.4472.90 Mobile Safari/537.36 (compatible; Googlebot/2.1; +http://www.google.com/bot.html)"
18.223.160.223 - - [12/Jun/2021:01:55:30 +0200] "GET / HTTP/1.1" 401 700 "-" "Mozilla/5.0 (Windows NT 10.0; Win64; x64) AppleWebKit/537.36 (KHTML, like Gecko; compatible; BW/1.1; bit.ly/2W6Px8S) Chrome/84.0.4147.105 Safari/537.36"
114.119.137.122 - - [12/Jun/2021:03:09:58 +0200] "GET /robots.txt HTTP/1.1" 401 741 "-" "Mozilla/5.0 (compatible;PetalBot;+https://webmaster.petalsearch.com/site/petalbot)"
51.15.224.119 - - [12/Jun/2021:03:57:33 +0200] "GET / HTTP/1.1" 401 700 "-" "Mozilla/5.0 (Windows NT 6.3; WOW64) AppleWebKit/537.36 (KHTML, like Gecko) Chrome/51.0.2704.103 Safari/537.36"
66.249.66.80 - - [12/Jun/2021:05:10:23 +0200] "GET / HTTP/1.1" 401 737 "-" "Mozilla/5.0 (compatible; Googlebot/2.1; +http://www.google.com/bot.html)"
148.81.194.138 - - [12/Jun/2021:05:13:55 +0200] "GET /robots.txt HTTP/1.1" 401 685 "-" "Mozilla/5.0 (Nekstbot; Pierwsza semantyczna wyszukiwarka Polskiego Internetu www.nekst.pl, http://nekst.ipipan.waw.pl/nekstbot/)"
114.119.145.216 - - [12/Jun/2021:05:22:57 +0200] "GET /robots.txt HTTP/1.1" 401 741 "-" "Mozilla/5.0 (compatible;PetalBot;+https://webmaster.petalsearch.com/site/petalbot)"
66.249.66.134 - - [12/Jun/2021:06:40:50 +0200] "GET / HTTP/1.1" 401 741 "-" "Mozilla/5.0 (Linux; Android 6.0.1; Nexus 5X Build/MMB29P) AppleWebKit/537.36 (KHTML, like Gecko) Chrome/91.0.4472.90 Mobile Safari/537.36 (compatible; Googlebot/2.1; +http://www.google.com/bot.html)"
78.46.161.81 - - [12/Jun/2021:15:08:57 +0200] "GET / HTTP/1.1" 401 681 "-" "Mozilla/5.0 (compatible; MegaIndex.ru/2.0; +http://megaindex.com/crawler)"
78.46.161.81 - - [12/Jun/2021:15:08:58 +0200] "GET / HTTP/1.1" 401 685 "-" "Mozilla/5.0 (compatible; MegaIndex.ru/2.0; +http://megaindex.com/crawler)"
154.54.249.17 - - [12/Jun/2021:16:17:45 +0200] "GET /robots.txt HTTP/1.1" 401 741 "-" "Mozilla/5.0 (compatible; Barkrowler/0.9; +https://babbar.tech/crawler)"
154.54.249.17 - - [12/Jun/2021:16:19:55 +0200] "GET / HTTP/1.1" 401 741 "-" "Mozilla/5.0 (compatible; Barkrowler/0.9; +https://babbar.tech/crawler)"
66.249.66.138 - - [12/Jun/2021:16:43:55 +0200] "GET /robots.txt HTTP/1.1" 401 741 "-" "Mozilla/5.0 (compatible; Googlebot/2.1; +http://www.google.com/bot.html)"
66.249.66.134 - - [12/Jun/2021:16:43:56 +0200] "GET / HTTP/1.1" 401 741 "-" "Mozilla/5.0 (Linux; Android 6.0.1; Nexus 5X Build/MMB29P) AppleWebKit/537.36 (KHTML, like Gecko) Chrome/91.0.4472.90 Mobile Safari/537.36 (compatible; Googlebot/2.1; +http://www.google.com/bot.html)"
52.52.190.187 - - [12/Jun/2021:16:54:24 +0200] "GET / HTTP/1.1" 401 681 "-" "Mozilla/5.0 (Windows NT 6.1; WOW64) AppleWebKit/537.36 (KHTML, like Gecko) Chrome/27.0.1453.93 Safari/537.36"
52.52.190.187 - - [12/Jun/2021:16:54:24 +0200] "GET /wp-login.php HTTP/1.1" 401 681 "-" "Mozilla/5.0 (Windows NT 6.1; WOW64) AppleWebKit/537.36 (KHTML, like Gecko) Chrome/27.0.1453.93 Safari/537.36"
52.52.190.187 - - [12/Jun/2021:16:54:25 +0200] "GET /wordpress/wp-login.php HTTP/1.1" 401 681 "-" "Mozilla/5.0 (Windows NT 6.1; WOW64) AppleWebKit/537.36 (KHTML, like Gecko) Chrome/27.0.1453.93 Safari/537.36"
52.52.190.187 - - [12/Jun/2021:16:54:25 +0200] "GET /blog/wp-login.php HTTP/1.1" 401 681 "-" "Mozilla/5.0 (Windows NT 6.1; WOW64) AppleWebKit/537.36 (KHTML, like Gecko) Chrome/27.0.1453.93 Safari/537.36"
52.52.190.187 - - [12/Jun/2021:16:54:26 +0200] "GET /wp/wp-login.php HTTP/1.1" 401 681 "-" "Mozilla/5.0 (Windows NT 6.1; WOW64) AppleWebKit/537.36 (KHTML, like Gecko) Chrome/27.0.1453.93 Safari/537.36"
66.249.66.134 - - [12/Jun/2021:19:44:06 +0200] "GET /index.php?m=polkmiu&id=18574 HTTP/1.1" 401 741 "-" "Mozilla/5.0 (Linux; Android 6.0.1; Nexus 5X Build/MMB29P) AppleWebKit/537.36 (KHTML, like Gecko) Chrome/91.0.4472.90 Mobile Safari/537.36 (compatible; Googlebot/2.1; +http://www.google.com/bot.html)"
114.119.145.235 - - [13/Jun/2021:02:05:25 +0200] "GET /robots.txt HTTP/1.1" 401 741 "-" "Mozilla/5.0 (compatible;PetalBot;+https://webmaster.petalsearch.com/site/petalbot)"
66.249.66.138 - - [13/Jun/2021:02:06:35 +0200] "GET / HTTP/1.1" 401 741 "-" "Mozilla/5.0 (Linux; Android 6.0.1; Nexus 5X Build/MMB29P) AppleWebKit/537.36 (KHTML, like Gecko) Chrome/91.0.4472.90 Mobile Safari/537.36 (compatible; Googlebot/2.1; +http://www.google.com/bot.html)"
51.15.64.111 - - [13/Jun/2021:03:58:20 +0200] "GET / HTTP/1.1" 401 700 "-" "Mozilla/5.0 (Windows NT 6.3; WOW64) AppleWebKit/537.36 (KHTML, like Gecko) Chrome/51.0.2704.103 Safari/537.36"
66.249.66.138 - - [13/Jun/2021:04:17:32 +0200] "GET / HTTP/1.1" 401 741 "-" "Mozilla/5.0 (compatible; Googlebot/2.1; +http://www.google.com/bot.html)"
71.6.167.124 - - [13/Jun/2021:07:06:40 +0200] "GET / HTTP/1.1" 401 681 "-" "Mozilla/5.0 (Windows NT 6.1) AppleWebKit/537.36 (KHTML, like Gecko) Chrome/41.0.2228.0 Safari/537.36"
71.6.167.124 - - [13/Jun/2021:07:06:42 +0200] "GET /robots.txt HTTP/1.1" 401 681 "-" "-"
71.6.167.124 - - [13/Jun/2021:07:06:42 +0200] "GET /sitemap.xml HTTP/1.1" 401 681 "-" "-"
71.6.167.124 - - [13/Jun/2021:07:06:45 +0200] "GET /.well-known/security.txt HTTP/1.1" 401 681 "-" "-"
71.6.167.124 - - [13/Jun/2021:07:06:48 +0200] "GET /favicon.ico HTTP/1.1" 401 737 "-" "Mozilla/5.0 (Macintosh; Intel Mac OS X 10.15; rv:80.0) Gecko/20100101 Firefox/80.0"
66.249.66.138 - - [13/Jun/2021:11:29:42 +0200] "GET /robots.txt HTTP/1.1" 401 741 "-" "Mozilla/5.0 (compatible; Googlebot/2.1; +http://www.google.com/bot.html)"
66.249.66.138 - - [13/Jun/2021:11:29:43 +0200] "GET / HTTP/1.1" 401 740 "-" "Mozilla/5.0 (Linux; Android 6.0.1; Nexus 5X Build/MMB29P) AppleWebKit/537.36 (KHTML, like Gecko) Chrome/91.0.4472.90 Mobile Safari/537.36 (compatible; Googlebot/2.1; +http://www.google.com/bot.html)"
162.214.54.112 - - [13/Jun/2021:12:09:11 +0200] "GET /wp-login.php HTTP/1.1" 401 704 "-" "Mozilla/5.0 (X11; Ubuntu; Linux x86_64; rv:62.0) Gecko/20100101 Firefox/62.0"
64.227.90.185 - - [13/Jun/2021:13:29:22 +0200] "GET / HTTP/1.1" 401 681 "-" "Mozilla/5.0 (Windows NT 6.1) AppleWebKit/537.36 (KHTML, like Gecko) Chrome/41.0.2228.0 Safari/537.36"
64.227.90.185 - - [13/Jun/2021:13:29:24 +0200] "GET /robots.txt HTTP/1.1" 401 681 "-" "-"
64.227.90.185 - - [13/Jun/2021:13:29:25 +0200] "GET /sitemap.xml HTTP/1.1" 401 681 "-" "-"
64.227.90.185 - - [13/Jun/2021:13:29:29 +0200] "GET /.well-known/security.txt HTTP/1.1" 401 681 "-" "-"
64.227.90.185 - - [13/Jun/2021:13:29:29 +0200] "GET /favicon.ico HTTP/1.1" 401 737 "-" "Mozilla/5.0 (Macintosh; Intel Mac OS X 10.15; rv:80.0) Gecko/20100101 Firefox/80.0"
66.240.219.133 - - [13/Jun/2021:15:51:40 +0200] "GET / HTTP/1.1" 401 681 "-" "Mozilla/5.0 (Windows NT 6.1) AppleWebKit/537.36 (KHTML, like Gecko) Chrome/41.0.2228.0 Safari/537.36"
66.249.66.134 - - [13/Jun/2021:16:46:01 +0200] "GET /index.php?m=polkmiu&id=18331 HTTP/1.1" 401 741 "-" "Mozilla/5.0 (compatible; Googlebot/2.1; +http://www.google.com/bot.html)"
148.81.194.138 - - [13/Jun/2021:17:21:06 +0200] "GET /robots.txt HTTP/1.1" 401 685 "-" "Mozilla/5.0 (Nekstbot; Pierwsza semantyczna wyszukiwarka Polskiego Internetu www.nekst.pl, http://nekst.ipipan.waw.pl/nekstbot/)"
71.6.167.124 - - [13/Jun/2021:20:03:25 +0200] "GET / HTTP/1.1" 401 681 "-" "Mozilla/5.0 (Windows NT 6.1) AppleWebKit/537.36 (KHTML, like Gecko) Chrome/41.0.2228.0 Safari/537.36"
71.6.167.124 - - [13/Jun/2021:20:03:26 +0200] "GET /robots.txt HTTP/1.1" 401 681 "-" "-"
71.6.167.124 - - [13/Jun/2021:20:03:27 +0200] "GET /sitemap.xml HTTP/1.1" 401 681 "-" "-"
71.6.167.124 - - [13/Jun/2021:20:03:28 +0200] "GET /.well-known/security.txt HTTP/1.1" 401 681 "-" "-"
71.6.167.124 - - [13/Jun/2021:20:03:39 +0200] "GET /favicon.ico HTTP/1.1" 401 737 "-" "Mozilla/5.0 (Macintosh; Intel Mac OS X 10.15; rv:80.0) Gecko/20100101 Firefox/80.0"
52.30.16.188 - - [13/Jun/2021:20:45:05 +0200] "GET / HTTP/1.1" 401 681 "-" "Mozilla/5.0 (Windows NT 5.1) AppleWebKit/537.36 (KHTML, like Gecko) Chrome/41.0.2224.3 Safari/537.36"
52.30.16.188 - - [13/Jun/2021:20:45:05 +0200] "GET /wp-login.php HTTP/1.1" 401 681 "-" "Mozilla/5.0 (Windows NT 5.1) AppleWebKit/537.36 (KHTML, like Gecko) Chrome/41.0.2224.3 Safari/537.36"
52.30.16.188 - - [13/Jun/2021:20:45:05 +0200] "GET /wordpress/wp-login.php HTTP/1.1" 401 681 "-" "Mozilla/5.0 (Windows NT 5.1) AppleWebKit/537.36 (KHTML, like Gecko) Chrome/41.0.2224.3 Safari/537.36"
52.30.16.188 - - [13/Jun/2021:20:45:06 +0200] "GET /blog/wp-login.php HTTP/1.1" 401 681 "-" "Mozilla/5.0 (Windows NT 5.1) AppleWebKit/537.36 (KHTML, like Gecko) Chrome/41.0.2224.3 Safari/537.36"
52.30.16.188 - - [13/Jun/2021:20:45:06 +0200] "GET /wp/wp-login.php HTTP/1.1" 401 681 "-" "Mozilla/5.0 (Windows NT 5.1) AppleWebKit/537.36 (KHTML, like Gecko) Chrome/41.0.2224.3 Safari/537.36"
66.249.66.134 - - [13/Jun/2021:21:10:13 +0200] "GET /logo.png HTTP/1.1" 401 741 "-" "Googlebot-Image/1.0"
66.249.66.136 - - [14/Jun/2021:00:04:07 +0200] "GET /robots.txt HTTP/1.1" 401 741 "-" "Mozilla/5.0 (compatible; Googlebot/2.1; +http://www.google.com/bot.html)"
66.249.66.136 - - [14/Jun/2021:00:04:07 +0200] "GET / HTTP/1.1" 401 740 "-" "Mozilla/5.0 (Linux; Android 6.0.1; Nexus 5X Build/MMB29P) AppleWebKit/537.36 (KHTML, like Gecko) Chrome/91.0.4472.90 Mobile Safari/537.36 (compatible; Googlebot/2.1; +http://www.google.com/bot.html)"
66.249.66.78 - - [14/Jun/2021:00:44:05 +0200] "GET /robots.txt HTTP/1.1" 401 737 "-" "Mozilla/5.0 (compatible; Googlebot/2.1; +http://www.google.com/bot.html)"
66.249.66.79 - - [14/Jun/2021:00:44:05 +0200] "GET / HTTP/1.1" 401 737 "-" "Mozilla/5.0 (Linux; Android 6.0.1; Nexus 5X Build/MMB29P) AppleWebKit/537.36 (KHTML, like Gecko) Chrome/91.0.4472.90 Mobile Safari/537.36 (compatible; Googlebot/2.1; +http://www.google.com/bot.html)"
167.172.219.157 - - [14/Jun/2021:02:57:58 +0200] "GET / HTTP/1.1" 401 681 "-" "Mozilla/5.0 (Windows NT 6.1) AppleWebKit/537.36 (KHTML, like Gecko) Chrome/41.0.2228.0 Safari/537.36"
167.172.219.157 - - [14/Jun/2021:02:57:59 +0200] "GET /robots.txt HTTP/1.1" 401 681 "-" "-"
167.172.219.157 - - [14/Jun/2021:02:57:59 +0200] "GET /sitemap.xml HTTP/1.1" 401 681 "-" "-"
167.172.219.157 - - [14/Jun/2021:02:58:00 +0200] "GET /.well-known/security.txt HTTP/1.1" 401 681 "-" "-"
167.172.219.157 - - [14/Jun/2021:02:58:00 +0200] "GET /favicon.ico HTTP/1.1" 401 737 "-" "Mozilla/5.0 (Macintosh; Intel Mac OS X 10.15; rv:80.0) Gecko/20100101 Firefox/80.0"
51.15.224.119 - - [14/Jun/2021:03:58:16 +0200] "GET / HTTP/1.1" 401 700 "-" "Mozilla/5.0 (Windows NT 6.3; WOW64) AppleWebKit/537.36 (KHTML, like Gecko) Chrome/51.0.2704.103 Safari/537.36"
54.36.149.80 - - [14/Jun/2021:05:15:56 +0200] "GET /robots.txt HTTP/1.1" 401 685 "-" "Mozilla/5.0 (compatible; AhrefsBot/7.0; +http://ahrefs.com/robot/)"
66.249.66.134 - - [14/Jun/2021:09:07:06 +0200] "GET / HTTP/1.1" 401 741 "-" "Mozilla/5.0 (Linux; Android 6.0.1; Nexus 5X Build/MMB29P) AppleWebKit/537.36 (KHTML, like Gecko) Chrome/91.0.4472.90 Mobile Safari/537.36 (compatible; Googlebot/2.1; +http://www.google.com/bot.html)"
66.249.66.80 - - [14/Jun/2021:10:07:33 +0200] "GET / HTTP/1.1" 401 737 "-" "Mozilla/5.0 (Linux; Android 6.0.1; Nexus 5X Build/MMB29P) AppleWebKit/537.36 (KHTML, like Gecko) Chrome/91.0.4472.90 Mobile Safari/537.36 (compatible; Googlebot/2.1; +http://www.google.com/bot.html)"
114.119.148.13 - - [14/Jun/2021:11:11:38 +0200] "GET /robots.txt HTTP/1.1" 401 741 "-" "Mozilla/5.0 (compatible;PetalBot;+https://webmaster.petalsearch.com/site/petalbot)"
66.249.66.136 - - [14/Jun/2021:18:07:00 +0200] "GET /robots.txt HTTP/1.1" 401 741 "-" "Mozilla/5.0 (compatible; Googlebot/2.1; +http://www.google.com/bot.html)"
66.249.66.138 - - [14/Jun/2021:18:07:01 +0200] "GET / HTTP/1.1" 401 741 "-" "Mozilla/5.0 (Linux; Android 6.0.1; Nexus 5X Build/MMB29P) AppleWebKit/537.36 (KHTML, like Gecko) Chrome/91.0.4472.90 Mobile Safari/537.36 (compatible; Googlebot/2.1; +http://www.google.com/bot.html)"
66.249.66.80 - - [14/Jun/2021:21:28:14 +0200] "GET /robots.txt HTTP/1.1" 401 737 "-" "Mozilla/5.0 (compatible; Googlebot/2.1; +http://www.google.com/bot.html)"
66.249.66.79 - - [14/Jun/2021:21:28:18 +0200] "GET / HTTP/1.1" 401 737 "-" "Mozilla/5.0 (compatible; Googlebot/2.1; +http://www.google.com/bot.html)"
66.249.66.138 - - [14/Jun/2021:21:54:24 +0200] "GET / HTTP/1.1" 401 741 "-" "Mozilla/5.0 (compatible; Googlebot/2.1; +http://www.google.com/bot.html)"
5.255.253.145 - - [15/Jun/2021:00:15:00 +0200] "GET /robots.txt HTTP/1.1" 401 737 "-" "Mozilla/5.0 (compatible; YandexBot/3.0; +http://yandex.com/bots)"
5.255.253.145 - - [15/Jun/2021:00:15:00 +0200] "GET /robots.txt HTTP/1.1" 401 740 "-" "Mozilla/5.0 (compatible; YandexBot/3.0; +http://yandex.com/bots)"
5.255.253.145 - - [15/Jun/2021:00:15:04 +0200] "GET / HTTP/1.1" 401 736 "-" "Mozilla/5.0 (compatible; YandexBot/3.0; +http://yandex.com/bots)"
5.255.253.145 - - [15/Jun/2021:00:15:04 +0200] "GET / HTTP/1.1" 401 740 "-" "Mozilla/5.0 (compatible; YandexBot/3.0; +http://yandex.com/bots)"
51.15.197.128 - - [15/Jun/2021:04:00:20 +0200] "GET / HTTP/1.1" 401 700 "-" "Mozilla/5.0 (Windows NT 6.3; WOW64) AppleWebKit/537.36 (KHTML, like Gecko) Chrome/51.0.2704.103 Safari/537.36"
148.81.194.138 - - [15/Jun/2021:05:27:02 +0200] "GET /robots.txt HTTP/1.1" 401 685 "-" "Mozilla/5.0 (Nekstbot; Pierwsza semantyczna wyszukiwarka Polskiego Internetu www.nekst.pl, http://nekst.ipipan.waw.pl/nekstbot/)"
114.119.146.229 - - [15/Jun/2021:06:08:24 +0200] "GET /robots.txt HTTP/1.1" 401 741 "-" "Mozilla/5.0 (compatible;PetalBot;+https://webmaster.petalsearch.com/site/petalbot)"
66.249.66.78 - - [15/Jun/2021:12:44:35 +0200] "GET /robots.txt HTTP/1.1" 401 737 "-" "Mozilla/5.0 (compatible; Googlebot/2.1; +http://www.google.com/bot.html)"
66.249.66.79 - - [15/Jun/2021:12:44:35 +0200] "GET /index.php?m=polkmiu&id=13476 HTTP/1.1" 401 737 "-" "Mozilla/5.0 (Linux; Android 6.0.1; Nexus 5X Build/MMB29P) AppleWebKit/537.36 (KHTML, like Gecko) Chrome/91.0.4472.90 Mobile Safari/537.36 (compatible; Googlebot/2.1; +http://www.google.com/bot.html)"
35.247.71.19 - - [15/Jun/2021:15:51:12 +0200] "GET /wp-login.php HTTP/1.1" 401 704 "-" "Mozilla/5.0 (X11; Ubuntu; Linux x86_64; rv:62.0) Gecko/20100101 Firefox/62.0"
66.249.66.78 - - [15/Jun/2021:16:14:01 +0200] "GET /index.php?m=polkmiu&id=16950 HTTP/1.1" 401 737 "-" "Mozilla/5.0 (Linux; Android 6.0.1; Nexus 5X Build/MMB29P) AppleWebKit/537.36 (KHTML, like Gecko) Chrome/91.0.4472.90 Mobile Safari/537.36 (compatible; Googlebot/2.1; +http://www.google.com/bot.html)"
66.249.66.79 - - [15/Jun/2021:17:32:34 +0200] "GET / HTTP/1.1" 401 737 "-" "Mozilla/5.0 (Linux; Android 6.0.1; Nexus 5X Build/MMB29P) AppleWebKit/537.36 (KHTML, like Gecko) Chrome/91.0.4472.90 Mobile Safari/537.36 (compatible; Googlebot/2.1; +http://www.google.com/bot.html)"
66.249.66.138 - - [15/Jun/2021:18:11:51 +0200] "GET /robots.txt HTTP/1.1" 401 741 "-" "Mozilla/5.0 (compatible; Googlebot/2.1; +http://www.google.com/bot.html)"
66.249.66.136 - - [15/Jun/2021:18:11:51 +0200] "GET / HTTP/1.1" 401 741 "-" "Mozilla/5.0 (Linux; Android 6.0.1; Nexus 5X Build/MMB29P) AppleWebKit/537.36 (KHTML, like Gecko) Chrome/91.0.4472.90 Mobile Safari/537.36 (compatible; Googlebot/2.1; +http://www.google.com/bot.html)"
150.95.12.104 - - [15/Jun/2021:18:57:44 +0200] "GET /wp-login.php HTTP/1.1" 401 700 "-" "Mozilla/5.0 (X11; Ubuntu; Linux x86_64; rv:62.0) Gecko/20100101 Firefox/62.0"
66.249.66.78 - - [15/Jun/2021:19:43:28 +0200] "GET / HTTP/1.1" 401 737 "-" "Mozilla/5.0 (compatible; Googlebot/2.1; +http://www.google.com/bot.html)"
66.249.66.138 - - [15/Jun/2021:19:50:01 +0200] "GET / HTTP/1.1" 401 741 "-" "Mozilla/5.0 (compatible; Googlebot/2.1; +http://www.google.com/bot.html)"
114.119.139.205 - - [16/Jun/2021:01:27:39 +0200] "GET /robots.txt HTTP/1.1" 401 741 "-" "Mozilla/5.0 (compatible;PetalBot;+https://webmaster.petalsearch.com/site/petalbot)"
51.15.224.119 - - [16/Jun/2021:04:02:43 +0200] "GET / HTTP/1.1" 401 700 "-" "Mozilla/5.0 (Windows NT 6.3; WOW64) AppleWebKit/537.36 (KHTML, like Gecko) Chrome/51.0.2704.103 Safari/537.36"
66.249.66.134 - - [16/Jun/2021:06:57:07 +0200] "GET /robots.txt HTTP/1.1" 401 741 "-" "Mozilla/5.0 (compatible; Googlebot/2.1; +http://www.google.com/bot.html)"
66.249.66.134 - - [16/Jun/2021:06:57:07 +0200] "GET / HTTP/1.1" 401 740 "-" "Mozilla/5.0 (compatible; Googlebot/2.1; +http://www.google.com/bot.html)"
66.249.66.136 - - [16/Jun/2021:12:08:25 +0200] "GET /index.php?m=polkmiu&id=12058 HTTP/1.1" 401 741 "-" "Mozilla/5.0 (compatible; Googlebot/2.1; +http://www.google.com/bot.html)"
114.119.133.158 - - [16/Jun/2021:20:04:03 +0200] "GET /robots.txt HTTP/1.1" 401 741 "-" "Mozilla/5.0 (compatible;PetalBot;+https://webmaster.petalsearch.com/site/petalbot)"
66.249.66.136 - - [16/Jun/2021:21:00:20 +0200] "GET /robots.txt HTTP/1.1" 401 741 "-" "Mozilla/5.0 (compatible; Googlebot/2.1; +http://www.google.com/bot.html)"
66.249.66.136 - - [16/Jun/2021:21:00:20 +0200] "GET /index.php?m=polkmiu&id=15568 HTTP/1.1" 401 740 "-" "Mozilla/5.0 (compatible; Googlebot/2.1; +http://www.google.com/bot.html)"
114.119.146.206 - - [16/Jun/2021:22:12:57 +0200] "GET /robots.txt HTTP/1.1" 401 741 "-" "Mozilla/5.0 (compatible;PetalBot;+https://webmaster.petalsearch.com/site/petalbot)"
114.119.155.126 - - [17/Jun/2021:00:24:05 +0200] "GET /robots.txt HTTP/1.1" 401 741 "-" "Mozilla/5.0 (compatible;PetalBot;+https://webmaster.petalsearch.com/site/petalbot)"
66.249.66.136 - - [17/Jun/2021:02:59:42 +0200] "GET /index.php?m=polkmiu&id=12000 HTTP/1.1" 401 741 "-" "Mozilla/5.0 (compatible; Googlebot/2.1; +http://www.google.com/bot.html)"
51.15.81.169 - - [17/Jun/2021:04:05:16 +0200] "GET / HTTP/1.1" 401 700 "-" "Mozilla/5.0 (Windows NT 6.3; WOW64) AppleWebKit/537.36 (KHTML, like Gecko) Chrome/51.0.2704.103 Safari/537.36"
66.249.66.138 - - [17/Jun/2021:04:07:59 +0200] "GET /index.php?m=polkmiu&id=18318 HTTP/1.1" 401 741 "-" "Mozilla/5.0 (compatible; Googlebot/2.1; +http://www.google.com/bot.html)"
213.180.203.2 - - [17/Jun/2021:07:30:41 +0200] "GET /robots.txt HTTP/1.1" 401 737 "-" "Mozilla/5.0 (compatible; YandexBot/3.0; +http://yandex.com/bots)"
213.180.203.109 - - [17/Jun/2021:07:30:42 +0200] "GET /robots.txt HTTP/1.1" 401 741 "-" "Mozilla/5.0 (compatible; YandexBot/3.0; +http://yandex.com/bots)"
213.180.203.2 - - [17/Jun/2021:07:30:45 +0200] "GET / HTTP/1.1" 401 736 "-" "Mozilla/5.0 (compatible; YandexBot/3.0; +http://yandex.com/bots)"
213.180.203.2 - - [17/Jun/2021:07:30:45 +0200] "GET / HTTP/1.1" 401 740 "-" "Mozilla/5.0 (compatible; YandexBot/3.0; +http://yandex.com/bots)"
66.249.66.138 - - [17/Jun/2021:07:37:30 +0200] "GET /index.php?m=polkmiu&id=13239 HTTP/1.1" 401 741 "-" "Mozilla/5.0 (Linux; Android 6.0.1; Nexus 5X Build/MMB29P) AppleWebKit/537.36 (KHTML, like Gecko) Chrome/91.0.4472.90 Mobile Safari/537.36 (compatible; Googlebot/2.1; +http://www.google.com/bot.html)"
40.77.167.58 - - [18/Jun/2021:02:30:30 +0200] "GET /robots.txt HTTP/1.1" 401 741 "-" "Mozilla/5.0 (compatible; bingbot/2.0; +http://www.bing.com/bingbot.htm)"
40.77.167.40 - - [18/Jun/2021:02:30:39 +0200] "GET /index.php?m=Bibliografia HTTP/1.1" 401 741 "-" "Mozilla/5.0 (compatible; bingbot/2.0; +http://www.bing.com/bingbot.htm)"
51.15.64.111 - - [18/Jun/2021:04:07:38 +0200] "GET / HTTP/1.1" 401 700 "-" "Mozilla/5.0 (Windows NT 6.3; WOW64) AppleWebKit/537.36 (KHTML, like Gecko) Chrome/51.0.2704.103 Safari/537.36"
167.172.219.157 - - [18/Jun/2021:08:34:43 +0200] "GET / HTTP/1.1" 401 681 "-" "Mozilla/5.0 (Windows NT 6.1) AppleWebKit/537.36 (KHTML, like Gecko) Chrome/41.0.2228.0 Safari/537.36"
167.172.219.157 - - [18/Jun/2021:08:34:49 +0200] "GET /robots.txt HTTP/1.1" 401 681 "-" "-"
167.172.219.157 - - [18/Jun/2021:08:34:50 +0200] "GET /sitemap.xml HTTP/1.1" 401 681 "-" "-"
167.172.219.157 - - [18/Jun/2021:08:34:51 +0200] "GET /.well-known/security.txt HTTP/1.1" 401 681 "-" "-"
167.172.219.157 - - [18/Jun/2021:08:34:52 +0200] "GET /favicon.ico HTTP/1.1" 401 737 "-" "Mozilla/5.0 (Macintosh; Intel Mac OS X 10.15; rv:80.0) Gecko/20100101 Firefox/80.0"
66.249.66.80 - - [18/Jun/2021:10:10:13 +0200] "GET /robots.txt HTTP/1.1" 401 737 "-" "Mozilla/5.0 (compatible; Googlebot/2.1; +http://www.google.com/bot.html)"
66.249.66.78 - - [18/Jun/2021:10:10:13 +0200] "GET / HTTP/1.1" 401 737 "-" "Mozilla/5.0 (Linux; Android 6.0.1; Nexus 5X Build/MMB29P) AppleWebKit/537.36 (KHTML, like Gecko) Chrome/91.0.4472.90 Mobile Safari/537.36 (compatible; Googlebot/2.1; +http://www.google.com/bot.html)"
66.249.66.134 - - [18/Jun/2021:11:10:13 +0200] "GET /robots.txt HTTP/1.1" 401 741 "-" "Mozilla/5.0 (compatible; Googlebot/2.1; +http://www.google.com/bot.html)"
66.249.66.136 - - [18/Jun/2021:11:10:13 +0200] "GET / HTTP/1.1" 401 741 "-" "Mozilla/5.0 (Linux; Android 6.0.1; Nexus 5X Build/MMB29P) AppleWebKit/537.36 (KHTML, like Gecko) Chrome/91.0.4472.90 Mobile Safari/537.36 (compatible; Googlebot/2.1; +http://www.google.com/bot.html)"
66.249.66.80 - - [18/Jun/2021:11:59:18 +0200] "GET / HTTP/1.1" 401 737 "-" "Mozilla/5.0 (compatible; Googlebot/2.1; +http://www.google.com/bot.html)"
207.46.13.172 - - [18/Jun/2021:14:17:21 +0200] "GET /index.php?m=ZalozeniaIStruktura HTTP/1.1" 401 741 "-" "Mozilla/5.0 (compatible; bingbot/2.0; +http://www.bing.com/bingbot.htm)"
66.249.70.16 - - [18/Jun/2021:15:29:46 +0200] "GET / HTTP/1.1" 401 741 "-" "Mozilla/5.0 (compatible; Googlebot/2.1; +http://www.google.com/bot.html)"
34.230.156.67 - - [18/Jun/2021:15:38:40 +0200] "GET / HTTP/1.1" 401 681 "-" "Mozilla/5.0 (X11; Linux x86_64) AppleWebKit/537.36 (KHTML, like Gecko) Chrome/41.0.2227.0 Safari/537.36"
34.230.156.67 - - [18/Jun/2021:15:38:41 +0200] "GET /wp-login.php HTTP/1.1" 401 681 "-" "Mozilla/5.0 (X11; Linux x86_64) AppleWebKit/537.36 (KHTML, like Gecko) Chrome/41.0.2227.0 Safari/537.36"
34.230.156.67 - - [18/Jun/2021:15:38:41 +0200] "GET /wordpress/wp-login.php HTTP/1.1" 401 681 "-" "Mozilla/5.0 (X11; Linux x86_64) AppleWebKit/537.36 (KHTML, like Gecko) Chrome/41.0.2227.0 Safari/537.36"
34.230.156.67 - - [18/Jun/2021:15:38:42 +0200] "GET /blog/wp-login.php HTTP/1.1" 401 681 "-" "Mozilla/5.0 (X11; Linux x86_64) AppleWebKit/537.36 (KHTML, like Gecko) Chrome/41.0.2227.0 Safari/537.36"
34.230.156.67 - - [18/Jun/2021:15:38:42 +0200] "GET /wp/wp-login.php HTTP/1.1" 401 681 "-" "Mozilla/5.0 (X11; Linux x86_64) AppleWebKit/537.36 (KHTML, like Gecko) Chrome/41.0.2227.0 Safari/537.36"
5.255.253.145 - - [18/Jun/2021:18:56:51 +0200] "GET /robots.txt HTTP/1.1" 401 737 "-" "Mozilla/5.0 (compatible; YandexBot/3.0; +http://yandex.com/bots)"
5.255.253.145 - - [18/Jun/2021:18:56:55 +0200] "GET / HTTP/1.1" 401 736 "-" "Mozilla/5.0 (compatible; YandexBot/3.0; +http://yandex.com/bots)"
213.180.203.54 - - [18/Jun/2021:18:57:15 +0200] "GET /robots.txt HTTP/1.1" 401 741 "-" "Mozilla/5.0 (compatible; YandexBot/3.0; +http://yandex.com/bots)"
213.180.203.54 - - [18/Jun/2021:18:57:19 +0200] "GET / HTTP/1.1" 401 740 "-" "Mozilla/5.0 (compatible; YandexBot/3.0; +http://yandex.com/bots)"
64.227.90.185 - - [18/Jun/2021:20:38:31 +0200] "GET / HTTP/1.1" 401 681 "-" "Mozilla/5.0 (Windows NT 6.1) AppleWebKit/537.36 (KHTML, like Gecko) Chrome/41.0.2228.0 Safari/537.36"
64.227.90.185 - - [18/Jun/2021:20:38:38 +0200] "GET /robots.txt HTTP/1.1" 401 681 "-" "-"
64.227.90.185 - - [18/Jun/2021:20:38:42 +0200] "GET /sitemap.xml HTTP/1.1" 401 681 "-" "-"
64.227.90.185 - - [18/Jun/2021:20:54:47 +0200] "GET / HTTP/1.1" 401 681 "-" "Mozilla/5.0 (Windows NT 6.1) AppleWebKit/537.36 (KHTML, like Gecko) Chrome/41.0.2228.0 Safari/537.36"
64.227.90.185 - - [18/Jun/2021:20:54:55 +0200] "GET /robots.txt HTTP/1.1" 401 681 "-" "-"
64.227.90.185 - - [18/Jun/2021:20:54:55 +0200] "GET /sitemap.xml HTTP/1.1" 401 681 "-" "-"
114.119.150.210 - - [18/Jun/2021:21:31:16 +0200] "GET /robots.txt HTTP/1.1" 401 741 "-" "Mozilla/5.0 (compatible;PetalBot;+https://webmaster.petalsearch.com/site/petalbot)"
64.227.90.185 - - [19/Jun/2021:00:31:33 +0200] "GET / HTTP/1.1" 401 681 "-" "Mozilla/5.0 (Windows NT 6.1) AppleWebKit/537.36 (KHTML, like Gecko) Chrome/41.0.2228.0 Safari/537.36"
64.227.90.185 - - [19/Jun/2021:00:31:35 +0200] "GET /robots.txt HTTP/1.1" 401 681 "-" "-"
64.227.90.185 - - [19/Jun/2021:00:31:36 +0200] "GET /sitemap.xml HTTP/1.1" 401 681 "-" "-"
64.227.90.185 - - [19/Jun/2021:00:31:38 +0200] "GET /.well-known/security.txt HTTP/1.1" 401 681 "-" "-"
64.227.90.185 - - [19/Jun/2021:00:31:40 +0200] "GET /favicon.ico HTTP/1.1" 401 737 "-" "Mozilla/5.0 (Macintosh; Intel Mac OS X 10.15; rv:80.0) Gecko/20100101 Firefox/80.0"
71.6.167.124 - - [19/Jun/2021:02:25:27 +0200] "GET / HTTP/1.1" 401 681 "-" "Mozilla/5.0 (Windows NT 6.1) AppleWebKit/537.36 (KHTML, like Gecko) Chrome/41.0.2228.0 Safari/537.36"
71.6.167.124 - - [19/Jun/2021:02:25:28 +0200] "GET /robots.txt HTTP/1.1" 401 681 "-" "-"
71.6.167.124 - - [19/Jun/2021:02:25:35 +0200] "GET /sitemap.xml HTTP/1.1" 401 681 "-" "-"
71.6.167.124 - - [19/Jun/2021:02:25:39 +0200] "GET /.well-known/security.txt HTTP/1.1" 401 681 "-" "-"
71.6.167.124 - - [19/Jun/2021:02:25:44 +0200] "GET /favicon.ico HTTP/1.1" 401 737 "-" "Mozilla/5.0 (Macintosh; Intel Mac OS X 10.15; rv:80.0) Gecko/20100101 Firefox/80.0"
51.15.113.160 - - [19/Jun/2021:04:08:07 +0200] "GET / HTTP/1.1" 401 700 "-" "Mozilla/5.0 (Windows NT 6.3; WOW64) AppleWebKit/537.36 (KHTML, like Gecko) Chrome/51.0.2704.103 Safari/537.36"
66.249.70.67 - - [19/Jun/2021:05:17:21 +0200] "GET /robots.txt HTTP/1.1" 401 737 "-" "Mozilla/5.0 (compatible; Googlebot/2.1; +http://www.google.com/bot.html)"
66.249.70.69 - - [19/Jun/2021:05:17:21 +0200] "GET / HTTP/1.1" 401 737 "-" "Mozilla/5.0 (Linux; Android 6.0.1; Nexus 5X Build/MMB29P) AppleWebKit/537.36 (KHTML, like Gecko) Chrome/91.0.4472.90 Mobile Safari/537.36 (compatible; Googlebot/2.1; +http://www.google.com/bot.html)"
66.249.70.12 - - [19/Jun/2021:05:46:18 +0200] "GET /robots.txt HTTP/1.1" 401 741 "-" "Mozilla/5.0 (compatible; Googlebot/2.1; +http://www.google.com/bot.html)"
66.249.70.14 - - [19/Jun/2021:05:46:19 +0200] "GET / HTTP/1.1" 401 741 "-" "Mozilla/5.0 (Linux; Android 6.0.1; Nexus 5X Build/MMB29P) AppleWebKit/537.36 (KHTML, like Gecko) Chrome/91.0.4472.90 Mobile Safari/537.36 (compatible; Googlebot/2.1; +http://www.google.com/bot.html)"
66.249.70.67 - - [19/Jun/2021:06:55:21 +0200] "GET / HTTP/1.1" 401 737 "-" "Mozilla/5.0 (compatible; Googlebot/2.1; +http://www.google.com/bot.html)"
114.119.151.60 - - [19/Jun/2021:20:26:05 +0200] "GET /robots.txt HTTP/1.1" 401 741 "-" "Mozilla/5.0 (compatible;PetalBot;+https://webmaster.petalsearch.com/site/petalbot)"
114.119.148.106 - - [19/Jun/2021:23:19:20 +0200] "GET /robots.txt HTTP/1.1" 401 741 "-" "Mozilla/5.0 (compatible;PetalBot;+https://webmaster.petalsearch.com/site/petalbot)"
66.249.70.16 - - [20/Jun/2021:00:23:32 +0200] "GET /robots.txt HTTP/1.1" 401 741 "-" "Mozilla/5.0 (compatible; Googlebot/2.1; +http://www.google.com/bot.html)"
66.249.70.16 - - [20/Jun/2021:00:23:32 +0200] "GET / HTTP/1.1" 401 740 "-" "Mozilla/5.0 (Linux; Android 6.0.1; Nexus 5X Build/MMB29P) AppleWebKit/537.36 (KHTML, like Gecko) Chrome/91.0.4472.90 Mobile Safari/537.36 (compatible; Googlebot/2.1; +http://www.google.com/bot.html)"
51.15.64.111 - - [20/Jun/2021:04:09:11 +0200] "GET / HTTP/1.1" 401 700 "-" "Mozilla/5.0 (Windows NT 6.3; WOW64) AppleWebKit/537.36 (KHTML, like Gecko) Chrome/51.0.2704.103 Safari/537.36"
34.215.129.223 - - [20/Jun/2021:04:27:12 +0200] "GET / HTTP/1.1" 401 700 "-" "Mozilla/5.0 (Windows NT 10.0; Win64; x64) AppleWebKit/537.36 (KHTML, like Gecko; compatible; BW/1.1; bit.ly/2W6Px8S) Chrome/84.0.4147.105 Safari/537.36"
94.230.208.147 - - [20/Jun/2021:06:08:43 +0200] "GET /.git/config HTTP/1.1" 401 685 "-" "Go-http-client/1.1"
52.52.190.187 - - [20/Jun/2021:07:28:17 +0200] "GET / HTTP/1.1" 401 681 "-" "Mozilla/5.0 (Windows NT 5.1) AppleWebKit/537.36 (KHTML, like Gecko) Chrome/34.0.1847.116 Safari/537.36 Mozilla/5.0 (iPad; U; CPU OS 3_2 like Mac OS X; en-us) AppleWebKit/531.21.10 (KHTML, like Gecko) Version/4.0.4 Mobile/7B334b Safari/531.21.10"
52.52.190.187 - - [20/Jun/2021:07:28:18 +0200] "GET /wp-login.php HTTP/1.1" 401 681 "-" "Mozilla/5.0 (Windows NT 5.1) AppleWebKit/537.36 (KHTML, like Gecko) Chrome/34.0.1847.116 Safari/537.36 Mozilla/5.0 (iPad; U; CPU OS 3_2 like Mac OS X; en-us) AppleWebKit/531.21.10 (KHTML, like Gecko) Version/4.0.4 Mobile/7B334b Safari/531.21.10"
52.52.190.187 - - [20/Jun/2021:07:28:18 +0200] "GET /wordpress/wp-login.php HTTP/1.1" 401 681 "-" "Mozilla/5.0 (Windows NT 5.1) AppleWebKit/537.36 (KHTML, like Gecko) Chrome/34.0.1847.116 Safari/537.36 Mozilla/5.0 (iPad; U; CPU OS 3_2 like Mac OS X; en-us) AppleWebKit/531.21.10 (KHTML, like Gecko) Version/4.0.4 Mobile/7B334b Safari/531.21.10"
52.52.190.187 - - [20/Jun/2021:07:28:19 +0200] "GET /blog/wp-login.php HTTP/1.1" 401 681 "-" "Mozilla/5.0 (Windows NT 5.1) AppleWebKit/537.36 (KHTML, like Gecko) Chrome/34.0.1847.116 Safari/537.36 Mozilla/5.0 (iPad; U; CPU OS 3_2 like Mac OS X; en-us) AppleWebKit/531.21.10 (KHTML, like Gecko) Version/4.0.4 Mobile/7B334b Safari/531.21.10"
52.52.190.187 - - [20/Jun/2021:07:28:19 +0200] "GET /wp/wp-login.php HTTP/1.1" 401 681 "-" "Mozilla/5.0 (Windows NT 5.1) AppleWebKit/537.36 (KHTML, like Gecko) Chrome/34.0.1847.116 Safari/537.36 Mozilla/5.0 (iPad; U; CPU OS 3_2 like Mac OS X; en-us) AppleWebKit/531.21.10 (KHTML, like Gecko) Version/4.0.4 Mobile/7B334b Safari/531.21.10"
66.249.70.14 - - [20/Jun/2021:09:40:12 +0200] "GET / HTTP/1.1" 401 741 "-" "Mozilla/5.0 (compatible; Googlebot/2.1; +http://www.google.com/bot.html)"
66.249.70.69 - - [20/Jun/2021:12:06:58 +0200] "GET /robots.txt HTTP/1.1" 401 737 "-" "Mozilla/5.0 (compatible; Googlebot/2.1; +http://www.google.com/bot.html)"
66.249.70.65 - - [20/Jun/2021:12:06:59 +0200] "GET / HTTP/1.1" 401 737 "-" "Mozilla/5.0 (Linux; Android 6.0.1; Nexus 5X Build/MMB29P) AppleWebKit/537.36 (KHTML, like Gecko) Chrome/91.0.4472.90 Mobile Safari/537.36 (compatible; Googlebot/2.1; +http://www.google.com/bot.html)"
5.189.128.37 - - [20/Jun/2021:12:27:13 +0200] "GET /robots.txt HTTP/1.1" 401 737 "-" "Mozilla/5.0 (compatible; MJ12bot/v1.4.8; http://mj12bot.com/)"
66.249.70.16 - - [20/Jun/2021:13:46:17 +0200] "GET /robots.txt HTTP/1.1" 401 741 "-" "Mozilla/5.0 (compatible; Googlebot/2.1; +http://www.google.com/bot.html)"
66.249.70.16 - - [20/Jun/2021:13:46:17 +0200] "GET / HTTP/1.1" 401 740 "-" "Mozilla/5.0 (Linux; Android 6.0.1; Nexus 5X Build/MMB29P) AppleWebKit/537.36 (KHTML, like Gecko) Chrome/91.0.4472.90 Mobile Safari/537.36 (compatible; Googlebot/2.1; +http://www.google.com/bot.html)"
66.249.70.12 - - [20/Jun/2021:14:40:10 +0200] "GET /index.php?m=polkmiu&id=16381 HTTP/1.1" 401 741 "-" "Mozilla/5.0 (Linux; Android 6.0.1; Nexus 5X Build/MMB29P) AppleWebKit/537.36 (KHTML, like Gecko) Chrome/91.0.4472.90 Mobile Safari/537.36 (compatible; Googlebot/2.1; +http://www.google.com/bot.html)"
66.249.70.16 - - [20/Jun/2021:15:12:12 +0200] "GET /index.php?m=polkmiu&id=14324 HTTP/1.1" 401 741 "-" "Mozilla/5.0 (compatible; Googlebot/2.1; +http://www.google.com/bot.html)"
35.239.58.193 - - [20/Jun/2021:16:19:58 +0200] "GET /robots.txt HTTP/1.1" 401 704 "-" "ltx71 - (http://ltx71.com/)"
35.239.58.193 - - [20/Jun/2021:16:20:45 +0200] "GET / HTTP/1.1" 401 704 "-" "ltx71 - (http://ltx71.com/)"
66.249.70.14 - - [20/Jun/2021:17:42:11 +0200] "GET /index.php?m=polkmiu&id=18222 HTTP/1.1" 401 741 "-" "Mozilla/5.0 (compatible; Googlebot/2.1; +http://www.google.com/bot.html)"
34.230.156.67 - - [20/Jun/2021:18:03:57 +0200] "GET / HTTP/1.1" 401 681 "-" "Mozilla/5.0 (Windows NT 6.3; Win64; x64) AppleWebKit/537.36 (KHTML, like Gecko) Chrome/37.0.2049.0 Safari/537.36"
34.230.156.67 - - [20/Jun/2021:18:03:57 +0200] "GET /wp-login.php HTTP/1.1" 401 681 "-" "Mozilla/5.0 (Windows NT 6.3; Win64; x64) AppleWebKit/537.36 (KHTML, like Gecko) Chrome/37.0.2049.0 Safari/537.36"
34.230.156.67 - - [20/Jun/2021:18:03:57 +0200] "GET /wordpress/wp-login.php HTTP/1.1" 401 681 "-" "Mozilla/5.0 (Windows NT 6.3; Win64; x64) AppleWebKit/537.36 (KHTML, like Gecko) Chrome/37.0.2049.0 Safari/537.36"
34.230.156.67 - - [20/Jun/2021:18:03:58 +0200] "GET /blog/wp-login.php HTTP/1.1" 401 681 "-" "Mozilla/5.0 (Windows NT 6.3; Win64; x64) AppleWebKit/537.36 (KHTML, like Gecko) Chrome/37.0.2049.0 Safari/537.36"
34.230.156.67 - - [20/Jun/2021:18:03:58 +0200] "GET /wp/wp-login.php HTTP/1.1" 401 681 "-" "Mozilla/5.0 (Windows NT 6.3; Win64; x64) AppleWebKit/537.36 (KHTML, like Gecko) Chrome/37.0.2049.0 Safari/537.36"
114.119.153.121 - - [21/Jun/2021:01:38:49 +0200] "GET /robots.txt HTTP/1.1" 401 741 "-" "Mozilla/5.0 (compatible;PetalBot;+https://webmaster.petalsearch.com/site/petalbot)"
67.205.137.59 - - [21/Jun/2021:02:08:25 +0200] "GET / HTTP/1.1" 401 737 "-" "Mozilla/5.0 (Windows NT 10.0; Win64; x64) AppleWebKit/537.36 (KHTML, like Gecko) Chrome/79.0 Safari/537.36"
67.205.137.59 - - [21/Jun/2021:02:08:30 +0200] "GET / HTTP/1.1" 401 737 "-" "Mozilla/5.0 (Windows NT 10.0; Win64; x64) AppleWebKit/537.36 (KHTML, like Gecko) Chrome/79.0 Safari/537.36"
67.205.137.59 - - [21/Jun/2021:02:08:35 +0200] "GET /wp-includes/wlwmanifest.xml HTTP/1.1" 401 737 "-" "Mozilla/5.0 (Windows NT 10.0; Win64; x64) AppleWebKit/537.36 (KHTML, like Gecko) Chrome/79.0 Safari/537.36"
67.205.137.59 - - [21/Jun/2021:02:08:40 +0200] "GET /xmlrpc.php?rsd HTTP/1.1" 401 737 "-" "Mozilla/5.0 (Windows NT 10.0; Win64; x64) AppleWebKit/537.36 (KHTML, like Gecko) Chrome/79.0 Safari/537.36"
67.205.137.59 - - [21/Jun/2021:02:08:46 +0200] "GET / HTTP/1.1" 401 737 "-" "Mozilla/5.0 (Windows NT 10.0; Win64; x64) AppleWebKit/537.36 (KHTML, like Gecko) Chrome/79.0 Safari/537.36"
67.205.137.59 - - [21/Jun/2021:02:08:54 +0200] "GET / HTTP/1.1" 401 737 "-" "Mozilla/5.0 (Windows NT 10.0; Win64; x64) AppleWebKit/537.36 (KHTML, like Gecko) Chrome/79.0 Safari/537.36"
67.205.137.59 - - [21/Jun/2021:02:08:54 +0200] "GET /blog/wp-includes/wlwmanifest.xml HTTP/1.1" 401 737 "-" "Mozilla/5.0 (Windows NT 10.0; Win64; x64) AppleWebKit/537.36 (KHTML, like Gecko) Chrome/79.0 Safari/537.36"
67.205.137.59 - - [21/Jun/2021:02:08:59 +0200] "GET / HTTP/1.1" 401 737 "-" "Mozilla/5.0 (Windows NT 10.0; Win64; x64) AppleWebKit/537.36 (KHTML, like Gecko) Chrome/79.0 Safari/537.36"
67.205.137.59 - - [21/Jun/2021:02:08:59 +0200] "GET /web/wp-includes/wlwmanifest.xml HTTP/1.1" 401 737 "-" "Mozilla/5.0 (Windows NT 10.0; Win64; x64) AppleWebKit/537.36 (KHTML, like Gecko) Chrome/79.0 Safari/537.36"
67.205.137.59 - - [21/Jun/2021:02:09:04 +0200] "GET /wp-includes/wlwmanifest.xml HTTP/1.1" 401 737 "-" "Mozilla/5.0 (Windows NT 10.0; Win64; x64) AppleWebKit/537.36 (KHTML, like Gecko) Chrome/79.0 Safari/537.36"
67.205.137.59 - - [21/Jun/2021:02:09:05 +0200] "GET /wordpress/wp-includes/wlwmanifest.xml HTTP/1.1" 401 737 "-" "Mozilla/5.0 (Windows NT 10.0; Win64; x64) AppleWebKit/537.36 (KHTML, like Gecko) Chrome/79.0 Safari/537.36"
67.205.137.59 - - [21/Jun/2021:02:09:10 +0200] "GET /website/wp-includes/wlwmanifest.xml HTTP/1.1" 401 737 "-" "Mozilla/5.0 (Windows NT 10.0; Win64; x64) AppleWebKit/537.36 (KHTML, like Gecko) Chrome/79.0 Safari/537.36"
67.205.137.59 - - [21/Jun/2021:02:09:15 +0200] "GET /wp/wp-includes/wlwmanifest.xml HTTP/1.1" 401 737 "-" "Mozilla/5.0 (Windows NT 10.0; Win64; x64) AppleWebKit/537.36 (KHTML, like Gecko) Chrome/79.0 Safari/537.36"
67.205.137.59 - - [21/Jun/2021:02:09:18 +0200] "GET /xmlrpc.php?rsd HTTP/1.1" 401 737 "-" "Mozilla/5.0 (Windows NT 10.0; Win64; x64) AppleWebKit/537.36 (KHTML, like Gecko) Chrome/79.0 Safari/537.36"
67.205.137.59 - - [21/Jun/2021:02:09:21 +0200] "GET /news/wp-includes/wlwmanifest.xml HTTP/1.1" 401 737 "-" "Mozilla/5.0 (Windows NT 10.0; Win64; x64) AppleWebKit/537.36 (KHTML, like Gecko) Chrome/79.0 Safari/537.36"
67.205.137.59 - - [21/Jun/2021:02:09:24 +0200] "GET / HTTP/1.1" 401 737 "-" "Mozilla/5.0 (Windows NT 10.0; Win64; x64) AppleWebKit/537.36 (KHTML, like Gecko) Chrome/79.0 Safari/537.36"
67.205.137.59 - - [21/Jun/2021:02:09:26 +0200] "GET /wp1/wp-includes/wlwmanifest.xml HTTP/1.1" 401 737 "-" "Mozilla/5.0 (Windows NT 10.0; Win64; x64) AppleWebKit/537.36 (KHTML, like Gecko) Chrome/79.0 Safari/537.36"
67.205.137.59 - - [21/Jun/2021:02:09:29 +0200] "GET /blog/wp-includes/wlwmanifest.xml HTTP/1.1" 401 737 "-" "Mozilla/5.0 (Windows NT 10.0; Win64; x64) AppleWebKit/537.36 (KHTML, like Gecko) Chrome/79.0 Safari/537.36"
67.205.137.59 - - [21/Jun/2021:02:09:31 +0200] "GET /test/wp-includes/wlwmanifest.xml HTTP/1.1" 401 737 "-" "Mozilla/5.0 (Windows NT 10.0; Win64; x64) AppleWebKit/537.36 (KHTML, like Gecko) Chrome/79.0 Safari/537.36"
67.205.137.59 - - [21/Jun/2021:02:09:35 +0200] "GET /web/wp-includes/wlwmanifest.xml HTTP/1.1" 401 737 "-" "Mozilla/5.0 (Windows NT 10.0; Win64; x64) AppleWebKit/537.36 (KHTML, like Gecko) Chrome/79.0 Safari/537.36"
67.205.137.59 - - [21/Jun/2021:02:09:36 +0200] "GET /wp2/wp-includes/wlwmanifest.xml HTTP/1.1" 401 737 "-" "Mozilla/5.0 (Windows NT 10.0; Win64; x64) AppleWebKit/537.36 (KHTML, like Gecko) Chrome/79.0 Safari/537.36"
67.205.137.59 - - [21/Jun/2021:02:09:40 +0200] "GET /wordpress/wp-includes/wlwmanifest.xml HTTP/1.1" 401 737 "-" "Mozilla/5.0 (Windows NT 10.0; Win64; x64) AppleWebKit/537.36 (KHTML, like Gecko) Chrome/79.0 Safari/537.36"
67.205.137.59 - - [21/Jun/2021:02:09:41 +0200] "GET /site/wp-includes/wlwmanifest.xml HTTP/1.1" 401 737 "-" "Mozilla/5.0 (Windows NT 10.0; Win64; x64) AppleWebKit/537.36 (KHTML, like Gecko) Chrome/79.0 Safari/537.36"
67.205.137.59 - - [21/Jun/2021:02:09:45 +0200] "GET /website/wp-includes/wlwmanifest.xml HTTP/1.1" 401 737 "-" "Mozilla/5.0 (Windows NT 10.0; Win64; x64) AppleWebKit/537.36 (KHTML, like Gecko) Chrome/79.0 Safari/537.36"
67.205.137.59 - - [21/Jun/2021:02:09:47 +0200] "GET /cms/wp-includes/wlwmanifest.xml HTTP/1.1" 401 737 "-" "Mozilla/5.0 (Windows NT 10.0; Win64; x64) AppleWebKit/537.36 (KHTML, like Gecko) Chrome/79.0 Safari/537.36"
67.205.137.59 - - [21/Jun/2021:02:09:51 +0200] "GET /wp/wp-includes/wlwmanifest.xml HTTP/1.1" 401 737 "-" "Mozilla/5.0 (Windows NT 10.0; Win64; x64) AppleWebKit/537.36 (KHTML, like Gecko) Chrome/79.0 Safari/537.36"
67.205.137.59 - - [21/Jun/2021:02:09:52 +0200] "GET /sito/wp-includes/wlwmanifest.xml HTTP/1.1" 401 737 "-" "Mozilla/5.0 (Windows NT 10.0; Win64; x64) AppleWebKit/537.36 (KHTML, like Gecko) Chrome/79.0 Safari/537.36"
67.205.137.59 - - [21/Jun/2021:02:09:56 +0200] "GET /news/wp-includes/wlwmanifest.xml HTTP/1.1" 401 737 "-" "Mozilla/5.0 (Windows NT 10.0; Win64; x64) AppleWebKit/537.36 (KHTML, like Gecko) Chrome/79.0 Safari/537.36"
67.205.137.59 - - [21/Jun/2021:02:10:01 +0200] "GET /wp1/wp-includes/wlwmanifest.xml HTTP/1.1" 401 737 "-" "Mozilla/5.0 (Windows NT 10.0; Win64; x64) AppleWebKit/537.36 (KHTML, like Gecko) Chrome/79.0 Safari/537.36"
