104.248.131.234 - - [07/Jul/2021:21:30:11 +0200] "GET /wp-login.php HTTP/1.1" 401 700 "-" "Mozilla/5.0 (X11; Ubuntu; Linux x86_64; rv:62.0) Gecko/20100101 Firefox/62.0"
66.249.70.16 - - [07/Jul/2021:22:46:16 +0200] "GET /index.php?m=polkmiu&id=14252 HTTP/1.1" 401 741 "-" "Mozilla/5.0 (compatible; Googlebot/2.1; +http://www.google.com/bot.html)"
66.249.70.12 - - [08/Jul/2021:01:01:36 +0200] "GET / HTTP/1.1" 401 741 "-" "Mozilla/5.0 (Linux; Android 6.0.1; Nexus 5X Build/MMB29P) AppleWebKit/537.36 (KHTML, like Gecko) Chrome/91.0.4472.90 Mobile Safari/537.36 (compatible; Googlebot/2.1; +http://www.google.com/bot.html)"
185.114.245.193 - - [08/Jul/2021:01:17:06 +0200] "GET /wp-login.php HTTP/1.1" 401 704 "-" "Mozilla/5.0 (X11; Ubuntu; Linux x86_64; rv:62.0) Gecko/20100101 Firefox/62.0"
185.114.245.193 - - [08/Jul/2021:01:17:06 +0200] "GET /wp-login.php HTTP/1.1" 401 704 "-" "Mozilla/5.0 (X11; Ubuntu; Linux x86_64; rv:62.0) Gecko/20100101 Firefox/62.0"
185.114.245.193 - - [08/Jul/2021:01:17:06 +0200] "GET /wp-login.php HTTP/1.1" 401 704 "-" "Mozilla/5.0 (X11; Ubuntu; Linux x86_64; rv:62.0) Gecko/20100101 Firefox/62.0"
185.114.245.193 - - [08/Jul/2021:01:17:06 +0200] "GET /wp-login.php HTTP/1.1" 401 704 "-" "Mozilla/5.0 (X11; Ubuntu; Linux x86_64; rv:62.0) Gecko/20100101 Firefox/62.0"
66.249.70.65 - - [08/Jul/2021:01:41:35 +0200] "GET /robots.txt HTTP/1.1" 401 737 "-" "Mozilla/5.0 (compatible; Googlebot/2.1; +http://www.google.com/bot.html)"
66.249.70.67 - - [08/Jul/2021:01:41:36 +0200] "GET / HTTP/1.1" 401 737 "-" "Mozilla/5.0 (compatible; Googlebot/2.1; +http://www.google.com/bot.html)"
52.247.216.96 - - [08/Jul/2021:02:11:56 +0200] "GET / HTTP/1.1" 401 737 "-" "Mozilla/5.0 (Windows NT 10.0; Win64; x64) AppleWebKit/537.36 (KHTML, like Gecko) Chrome/78.0.3904.108 Safari/537.36"
52.247.216.96 - - [08/Jul/2021:02:12:01 +0200] "GET / HTTP/1.1" 401 737 "-" "Mozilla/5.0 (Windows NT 10.0; Win64; x64) AppleWebKit/537.36 (KHTML, like Gecko) Chrome/78.0.3904.108 Safari/537.36"
52.247.216.96 - - [08/Jul/2021:02:12:06 +0200] "GET /wp-includes/wlwmanifest.xml HTTP/1.1" 401 737 "-" "Mozilla/5.0 (Windows NT 10.0; Win64; x64) AppleWebKit/537.36 (KHTML, like Gecko) Chrome/78.0.3904.108 Safari/537.36"
52.247.216.96 - - [08/Jul/2021:02:12:12 +0200] "GET /xmlrpc.php?rsd HTTP/1.1" 401 737 "-" "Mozilla/5.0 (Windows NT 10.0; Win64; x64) AppleWebKit/537.36 (KHTML, like Gecko) Chrome/78.0.3904.108 Safari/537.36"
52.247.216.96 - - [08/Jul/2021:02:12:17 +0200] "GET /blog/wp-includes/wlwmanifest.xml HTTP/1.1" 401 737 "-" "Mozilla/5.0 (Windows NT 10.0; Win64; x64) AppleWebKit/537.36 (KHTML, like Gecko) Chrome/78.0.3904.108 Safari/537.36"
52.247.216.96 - - [08/Jul/2021:02:12:22 +0200] "GET /web/wp-includes/wlwmanifest.xml HTTP/1.1" 401 737 "-" "Mozilla/5.0 (Windows NT 10.0; Win64; x64) AppleWebKit/537.36 (KHTML, like Gecko) Chrome/78.0.3904.108 Safari/537.36"
52.247.216.96 - - [08/Jul/2021:02:12:28 +0200] "GET /wordpress/wp-includes/wlwmanifest.xml HTTP/1.1" 401 737 "-" "Mozilla/5.0 (Windows NT 10.0; Win64; x64) AppleWebKit/537.36 (KHTML, like Gecko) Chrome/78.0.3904.108 Safari/537.36"
52.247.216.96 - - [08/Jul/2021:02:12:33 +0200] "GET /wp/wp-includes/wlwmanifest.xml HTTP/1.1" 401 737 "-" "Mozilla/5.0 (Windows NT 10.0; Win64; x64) AppleWebKit/537.36 (KHTML, like Gecko) Chrome/78.0.3904.108 Safari/537.36"
52.247.216.96 - - [08/Jul/2021:02:12:38 +0200] "GET /2018/wp-includes/wlwmanifest.xml HTTP/1.1" 401 737 "-" "Mozilla/5.0 (Windows NT 10.0; Win64; x64) AppleWebKit/537.36 (KHTML, like Gecko) Chrome/78.0.3904.108 Safari/537.36"
52.247.216.96 - - [08/Jul/2021:02:12:44 +0200] "GET /shop/wp-includes/wlwmanifest.xml HTTP/1.1" 401 737 "-" "Mozilla/5.0 (Windows NT 10.0; Win64; x64) AppleWebKit/537.36 (KHTML, like Gecko) Chrome/78.0.3904.108 Safari/537.36"
52.247.216.96 - - [08/Jul/2021:02:12:49 +0200] "GET /test/wp-includes/wlwmanifest.xml HTTP/1.1" 401 737 "-" "Mozilla/5.0 (Windows NT 10.0; Win64; x64) AppleWebKit/537.36 (KHTML, like Gecko) Chrome/78.0.3904.108 Safari/537.36"
52.247.216.96 - - [08/Jul/2021:02:12:54 +0200] "GET /wp2/wp-includes/wlwmanifest.xml HTTP/1.1" 401 737 "-" "Mozilla/5.0 (Windows NT 10.0; Win64; x64) AppleWebKit/537.36 (KHTML, like Gecko) Chrome/78.0.3904.108 Safari/537.36"
52.247.216.96 - - [08/Jul/2021:02:13:00 +0200] "GET /site/wp-includes/wlwmanifest.xml HTTP/1.1" 401 737 "-" "Mozilla/5.0 (Windows NT 10.0; Win64; x64) AppleWebKit/537.36 (KHTML, like Gecko) Chrome/78.0.3904.108 Safari/537.36"
52.247.216.96 - - [08/Jul/2021:02:13:05 +0200] "GET /sito/wp-includes/wlwmanifest.xml HTTP/1.1" 401 737 "-" "Mozilla/5.0 (Windows NT 10.0; Win64; x64) AppleWebKit/537.36 (KHTML, like Gecko) Chrome/78.0.3904.108 Safari/537.36"
114.119.154.118 - - [08/Jul/2021:03:17:53 +0200] "GET /robots.txt HTTP/1.1" 401 741 "-" "Mozilla/5.0 (compatible;PetalBot;+https://webmaster.petalsearch.com/site/petalbot)"
51.15.113.160 - - [08/Jul/2021:05:44:44 +0200] "GET / HTTP/1.1" 401 700 "-" "Mozilla/5.0 (Windows NT 6.3; WOW64) AppleWebKit/537.36 (KHTML, like Gecko) Chrome/51.0.2704.103 Safari/537.36"
114.119.142.19 - - [08/Jul/2021:06:10:22 +0200] "GET /robots.txt HTTP/1.1" 401 741 "-" "Mozilla/5.0 (compatible;PetalBot;+https://webmaster.petalsearch.com/site/petalbot)"
66.249.70.16 - - [08/Jul/2021:13:43:57 +0200] "GET /robots.txt HTTP/1.1" 401 741 "-" "Mozilla/5.0 (compatible; Googlebot/2.1; +http://www.google.com/bot.html)"
66.249.70.12 - - [08/Jul/2021:13:43:57 +0200] "GET / HTTP/1.1" 401 741 "-" "Mozilla/5.0 (compatible; Googlebot/2.1; +http://www.google.com/bot.html)"
66.249.70.16 - - [08/Jul/2021:15:06:01 +0200] "GET /index.php?m=polkmiu&id=18222 HTTP/1.1" 401 741 "-" "Mozilla/5.0 (compatible; Googlebot/2.1; +http://www.google.com/bot.html)"
213.180.203.76 - - [08/Jul/2021:16:29:56 +0200] "GET /robots.txt HTTP/1.1" 401 741 "-" "Mozilla/5.0 (compatible; YandexBot/3.0; +http://yandex.com/bots)"
213.180.203.76 - - [08/Jul/2021:16:29:59 +0200] "GET / HTTP/1.1" 401 740 "-" "Mozilla/5.0 (compatible; YandexBot/3.0; +http://yandex.com/bots)"
213.180.203.76 - - [08/Jul/2021:16:30:23 +0200] "GET /robots.txt HTTP/1.1" 401 736 "-" "Mozilla/5.0 (compatible; YandexBot/3.0; +http://yandex.com/bots)"
213.180.203.76 - - [08/Jul/2021:16:30:27 +0200] "GET / HTTP/1.1" 401 736 "-" "Mozilla/5.0 (compatible; YandexBot/3.0; +http://yandex.com/bots)"
66.249.70.16 - - [08/Jul/2021:19:24:49 +0200] "GET / HTTP/1.1" 401 741 "-" "Mozilla/5.0 (Linux; Android 6.0.1; Nexus 5X Build/MMB29P) AppleWebKit/537.36 (KHTML, like Gecko) Chrome/91.0.4472.90 Mobile Safari/537.36 (compatible; Googlebot/2.1; +http://www.google.com/bot.html)"
66.249.70.69 - - [08/Jul/2021:21:54:46 +0200] "GET /robots.txt HTTP/1.1" 401 737 "-" "Mozilla/5.0 (compatible; Googlebot/2.1; +http://www.google.com/bot.html)"
66.249.70.67 - - [08/Jul/2021:21:54:46 +0200] "GET / HTTP/1.1" 401 737 "-" "Mozilla/5.0 (compatible; Googlebot/2.1; +http://www.google.com/bot.html)"
66.249.70.67 - - [09/Jul/2021:05:26:04 +0200] "GET / HTTP/1.1" 401 737 "-" "Mozilla/5.0 (Linux; Android 6.0.1; Nexus 5X Build/MMB29P) AppleWebKit/537.36 (KHTML, like Gecko) Chrome/91.0.4472.90 Mobile Safari/537.36 (compatible; Googlebot/2.1; +http://www.google.com/bot.html)"
51.15.245.44 - - [09/Jul/2021:05:45:25 +0200] "GET / HTTP/1.1" 401 700 "-" "Mozilla/5.0 (Windows NT 6.3; WOW64) AppleWebKit/537.36 (KHTML, like Gecko) Chrome/51.0.2704.103 Safari/537.36"
147.182.188.82 - - [09/Jul/2021:06:29:37 +0200] "GET /robots.txt HTTP/1.1" 401 681 "-" "Mozilla/5.0 (compatible; MJ12bot/v1.4.8; http://www.majestic12.co.uk/bot.php?+)"
147.182.188.82 - - [09/Jul/2021:06:30:00 +0200] "GET / HTTP/1.1" 401 681 "-" "Mozilla/5.0 (compatible; MJ12bot/v1.4.8; http://www.majestic12.co.uk/bot.php?+)"
66.249.70.16 - - [09/Jul/2021:10:04:01 +0200] "GET /robots.txt HTTP/1.1" 401 741 "-" "Mozilla/5.0 (compatible; Googlebot/2.1; +http://www.google.com/bot.html)"
66.249.70.14 - - [09/Jul/2021:10:04:02 +0200] "GET / HTTP/1.1" 401 741 "-" "Mozilla/5.0 (compatible; Googlebot/2.1; +http://www.google.com/bot.html)"
66.249.70.69 - - [09/Jul/2021:12:54:00 +0200] "GET /robots.txt HTTP/1.1" 401 737 "-" "Mozilla/5.0 (compatible; Googlebot/2.1; +http://www.google.com/bot.html)"
66.249.70.69 - - [09/Jul/2021:12:54:00 +0200] "GET /index.php?m=polkmiu&id=14704 HTTP/1.1" 401 736 "-" "Mozilla/5.0 (compatible; Googlebot/2.1; +http://www.google.com/bot.html)"
66.249.70.12 - - [09/Jul/2021:14:05:41 +0200] "GET / HTTP/1.1" 401 741 "-" "Mozilla/5.0 (Linux; Android 6.0.1; Nexus 5X Build/MMB29P) AppleWebKit/537.36 (KHTML, like Gecko) Chrome/91.0.4472.90 Mobile Safari/537.36 (compatible; Googlebot/2.1; +http://www.google.com/bot.html)"
66.249.70.67 - - [09/Jul/2021:15:26:02 +0200] "GET / HTTP/1.1" 401 737 "-" "Mozilla/5.0 (compatible; Googlebot/2.1; +http://www.google.com/bot.html)"
114.119.144.222 - - [09/Jul/2021:19:39:37 +0200] "GET /robots.txt HTTP/1.1" 401 741 "-" "Mozilla/5.0 (compatible;PetalBot;+https://webmaster.petalsearch.com/site/petalbot)"
66.249.70.16 - - [10/Jul/2021:00:36:07 +0200] "GET /robots.txt HTTP/1.1" 401 741 "-" "Mozilla/5.0 (compatible; Googlebot/2.1; +http://www.google.com/bot.html)"
66.249.70.16 - - [10/Jul/2021:00:36:07 +0200] "GET /index.php?m=polkmiu&id=brudas HTTP/1.1" 401 740 "-" "Mozilla/5.0 (compatible; Googlebot/2.1; +http://www.google.com/bot.html)"
66.249.70.67 - - [10/Jul/2021:02:38:51 +0200] "GET /robots.txt HTTP/1.1" 401 737 "-" "Mozilla/5.0 (compatible; Googlebot/2.1; +http://www.google.com/bot.html)"
66.249.70.69 - - [10/Jul/2021:02:38:51 +0200] "GET / HTTP/1.1" 401 737 "-" "Mozilla/5.0 (Linux; Android 6.0.1; Nexus 5X Build/MMB29P) AppleWebKit/537.36 (KHTML, like Gecko) Chrome/91.0.4472.90 Mobile Safari/537.36 (compatible; Googlebot/2.1; +http://www.google.com/bot.html)"
66.249.70.12 - - [10/Jul/2021:04:27:15 +0200] "GET / HTTP/1.1" 401 741 "-" "Mozilla/5.0 (compatible; Googlebot/2.1; +http://www.google.com/bot.html)"
51.15.64.111 - - [10/Jul/2021:05:48:54 +0200] "GET / HTTP/1.1" 401 700 "-" "Mozilla/5.0 (Windows NT 6.3; WOW64) AppleWebKit/537.36 (KHTML, like Gecko) Chrome/51.0.2704.103 Safari/537.36"
66.249.70.14 - - [10/Jul/2021:08:28:54 +0200] "GET / HTTP/1.1" 401 741 "-" "Mozilla/5.0 (Linux; Android 6.0.1; Nexus 5X Build/MMB29P) AppleWebKit/537.36 (KHTML, like Gecko) Chrome/91.0.4472.90 Mobile Safari/537.36 (compatible; Googlebot/2.1; +http://www.google.com/bot.html)"
66.249.70.67 - - [10/Jul/2021:09:39:54 +0200] "GET / HTTP/1.1" 401 737 "-" "Mozilla/5.0 (compatible; Googlebot/2.1; +http://www.google.com/bot.html)"
66.249.70.16 - - [10/Jul/2021:10:46:35 +0200] "GET /index.php?m=polkmiu&id=lagrowiec HTTP/1.1" 401 741 "-" "Mozilla/5.0 (compatible; Googlebot/2.1; +http://www.google.com/bot.html)"
66.249.70.14 - - [10/Jul/2021:11:00:00 +0200] "GET /index.php?m=polkmiu&id=oczajdusza HTTP/1.1" 401 741 "-" "Mozilla/5.0 (Linux; Android 6.0.1; Nexus 5X Build/MMB29P) AppleWebKit/537.36 (KHTML, like Gecko) Chrome/91.0.4472.90 Mobile Safari/537.36 (compatible; Googlebot/2.1; +http://www.google.com/bot.html)"
66.249.70.69 - - [10/Jul/2021:15:12:12 +0200] "GET /robots.txt HTTP/1.1" 401 737 "-" "Mozilla/5.0 (compatible; Googlebot/2.1; +http://www.google.com/bot.html)"
66.249.70.69 - - [10/Jul/2021:15:12:12 +0200] "GET /index.php?m=polkmiu&id=15887 HTTP/1.1" 401 736 "-" "Mozilla/5.0 (Linux; Android 6.0.1; Nexus 5X Build/MMB29P) AppleWebKit/537.36 (KHTML, like Gecko) Chrome/91.0.4472.90 Mobile Safari/537.36 (compatible; Googlebot/2.1; +http://www.google.com/bot.html)"
66.249.70.65 - - [10/Jul/2021:16:12:52 +0200] "GET / HTTP/1.1" 401 737 "-" "Mozilla/5.0 (Linux; Android 6.0.1; Nexus 5X Build/MMB29P) AppleWebKit/537.36 (KHTML, like Gecko) Chrome/91.0.4472.90 Mobile Safari/537.36 (compatible; Googlebot/2.1; +http://www.google.com/bot.html)"
66.249.70.67 - - [10/Jul/2021:17:02:51 +0200] "GET /index.php?m=polkmiu&id=13512 HTTP/1.1" 401 737 "-" "Mozilla/5.0 (Linux; Android 6.0.1; Nexus 5X Build/MMB29P) AppleWebKit/537.36 (KHTML, like Gecko) Chrome/91.0.4472.90 Mobile Safari/537.36 (compatible; Googlebot/2.1; +http://www.google.com/bot.html)"
66.249.70.12 - - [10/Jul/2021:17:53:02 +0200] "GET /robots.txt HTTP/1.1" 401 741 "-" "Mozilla/5.0 (compatible; Googlebot/2.1; +http://www.google.com/bot.html)"
66.249.70.12 - - [10/Jul/2021:17:53:02 +0200] "GET / HTTP/1.1" 401 740 "-" "Mozilla/5.0 (compatible; Googlebot/2.1; +http://www.google.com/bot.html)"
114.119.156.19 - - [10/Jul/2021:17:54:49 +0200] "GET /robots.txt HTTP/1.1" 401 741 "-" "Mozilla/5.0 (compatible;PetalBot;+https://webmaster.petalsearch.com/site/petalbot)"
20.64.250.79 - - [10/Jul/2021:18:56:56 +0200] "GET / HTTP/1.1" 401 737 "-" "Mozilla/5.0 (Windows NT 10.0; Win64; x64) AppleWebKit/537.36 (KHTML, like Gecko) Chrome/78.0.3904.108 Safari/537.36"
20.64.250.79 - - [10/Jul/2021:18:57:01 +0200] "GET / HTTP/1.1" 401 737 "-" "Mozilla/5.0 (Windows NT 10.0; Win64; x64) AppleWebKit/537.36 (KHTML, like Gecko) Chrome/78.0.3904.108 Safari/537.36"
20.64.250.79 - - [10/Jul/2021:18:57:06 +0200] "GET /wp-includes/wlwmanifest.xml HTTP/1.1" 401 737 "-" "Mozilla/5.0 (Windows NT 10.0; Win64; x64) AppleWebKit/537.36 (KHTML, like Gecko) Chrome/78.0.3904.108 Safari/537.36"
20.64.250.79 - - [10/Jul/2021:18:57:12 +0200] "GET / HTTP/1.1" 401 737 "-" "Mozilla/5.0 (Windows NT 10.0; Win64; x64) AppleWebKit/537.36 (KHTML, like Gecko) Chrome/78.0.3904.108 Safari/537.36"
20.64.250.79 - - [10/Jul/2021:18:57:17 +0200] "GET /web/wp-includes/wlwmanifest.xml HTTP/1.1" 401 737 "-" "Mozilla/5.0 (Windows NT 10.0; Win64; x64) AppleWebKit/537.36 (KHTML, like Gecko) Chrome/78.0.3904.108 Safari/537.36"
20.64.250.79 - - [10/Jul/2021:18:57:22 +0200] "GET /wordpress/wp-includes/wlwmanifest.xml HTTP/1.1" 401 737 "-" "Mozilla/5.0 (Windows NT 10.0; Win64; x64) AppleWebKit/537.36 (KHTML, like Gecko) Chrome/78.0.3904.108 Safari/537.36"
20.64.250.79 - - [10/Jul/2021:18:57:28 +0200] "GET /website/wp-includes/wlwmanifest.xml HTTP/1.1" 401 737 "-" "Mozilla/5.0 (Windows NT 10.0; Win64; x64) AppleWebKit/537.36 (KHTML, like Gecko) Chrome/78.0.3904.108 Safari/537.36"
20.64.250.79 - - [10/Jul/2021:18:57:34 +0200] "GET /wp/wp-includes/wlwmanifest.xml HTTP/1.1" 401 737 "-" "Mozilla/5.0 (Windows NT 10.0; Win64; x64) AppleWebKit/537.36 (KHTML, like Gecko) Chrome/78.0.3904.108 Safari/537.36"
20.64.250.79 - - [10/Jul/2021:18:57:39 +0200] "GET /2018/wp-includes/wlwmanifest.xml HTTP/1.1" 401 737 "-" "Mozilla/5.0 (Windows NT 10.0; Win64; x64) AppleWebKit/537.36 (KHTML, like Gecko) Chrome/78.0.3904.108 Safari/537.36"
20.64.250.79 - - [10/Jul/2021:18:57:44 +0200] "GET /2019/wp-includes/wlwmanifest.xml HTTP/1.1" 401 737 "-" "Mozilla/5.0 (Windows NT 10.0; Win64; x64) AppleWebKit/537.36 (KHTML, like Gecko) Chrome/78.0.3904.108 Safari/537.36"
20.64.250.79 - - [10/Jul/2021:18:57:50 +0200] "GET /shop/wp-includes/wlwmanifest.xml HTTP/1.1" 401 737 "-" "Mozilla/5.0 (Windows NT 10.0; Win64; x64) AppleWebKit/537.36 (KHTML, like Gecko) Chrome/78.0.3904.108 Safari/537.36"
20.64.250.79 - - [10/Jul/2021:18:57:55 +0200] "GET /wp1/wp-includes/wlwmanifest.xml HTTP/1.1" 401 737 "-" "Mozilla/5.0 (Windows NT 10.0; Win64; x64) AppleWebKit/537.36 (KHTML, like Gecko) Chrome/78.0.3904.108 Safari/537.36"
20.64.250.79 - - [10/Jul/2021:18:58:01 +0200] "GET /test/wp-includes/wlwmanifest.xml HTTP/1.1" 401 737 "-" "Mozilla/5.0 (Windows NT 10.0; Win64; x64) AppleWebKit/537.36 (KHTML, like Gecko) Chrome/78.0.3904.108 Safari/537.36"
20.64.250.79 - - [10/Jul/2021:18:58:06 +0200] "GET /media/wp-includes/wlwmanifest.xml HTTP/1.1" 401 737 "-" "Mozilla/5.0 (Windows NT 10.0; Win64; x64) AppleWebKit/537.36 (KHTML, like Gecko) Chrome/78.0.3904.108 Safari/537.36"
20.64.250.79 - - [10/Jul/2021:18:58:11 +0200] "GET /wp2/wp-includes/wlwmanifest.xml HTTP/1.1" 401 737 "-" "Mozilla/5.0 (Windows NT 10.0; Win64; x64) AppleWebKit/537.36 (KHTML, like Gecko) Chrome/78.0.3904.108 Safari/537.36"
20.64.250.79 - - [10/Jul/2021:18:58:17 +0200] "GET /site/wp-includes/wlwmanifest.xml HTTP/1.1" 401 737 "-" "Mozilla/5.0 (Windows NT 10.0; Win64; x64) AppleWebKit/537.36 (KHTML, like Gecko) Chrome/78.0.3904.108 Safari/537.36"
20.64.250.79 - - [10/Jul/2021:18:58:22 +0200] "GET /cms/wp-includes/wlwmanifest.xml HTTP/1.1" 401 737 "-" "Mozilla/5.0 (Windows NT 10.0; Win64; x64) AppleWebKit/537.36 (KHTML, like Gecko) Chrome/78.0.3904.108 Safari/537.36"
66.249.70.12 - - [10/Jul/2021:19:03:24 +0200] "GET /index.php?m=polkmiu&id=13355 HTTP/1.1" 401 741 "-" "Mozilla/5.0 (Linux; Android 6.0.1; Nexus 5X Build/MMB29P) AppleWebKit/537.36 (KHTML, like Gecko) Chrome/91.0.4472.90 Mobile Safari/537.36 (compatible; Googlebot/2.1; +http://www.google.com/bot.html)"
66.249.70.14 - - [10/Jul/2021:20:24:00 +0200] "GET / HTTP/1.1" 401 741 "-" "Mozilla/5.0 (Linux; Android 6.0.1; Nexus 5X Build/MMB29P) AppleWebKit/537.36 (KHTML, like Gecko) Chrome/91.0.4472.90 Mobile Safari/537.36 (compatible; Googlebot/2.1; +http://www.google.com/bot.html)"
66.249.70.69 - - [10/Jul/2021:22:24:11 +0200] "GET / HTTP/1.1" 401 737 "-" "Mozilla/5.0 (compatible; Googlebot/2.1; +http://www.google.com/bot.html)"
66.249.70.69 - - [11/Jul/2021:04:17:10 +0200] "GET /robots.txt HTTP/1.1" 401 737 "-" "Mozilla/5.0 (compatible; Googlebot/2.1; +http://www.google.com/bot.html)"
66.249.70.65 - - [11/Jul/2021:04:17:11 +0200] "GET / HTTP/1.1" 401 737 "-" "Mozilla/5.0 (Linux; Android 6.0.1; Nexus 5X Build/MMB29P) AppleWebKit/537.36 (KHTML, like Gecko) Chrome/91.0.4472.90 Mobile Safari/537.36 (compatible; Googlebot/2.1; +http://www.google.com/bot.html)"
54.39.17.10 - - [11/Jul/2021:05:11:33 +0200] "GET / HTTP/1.1" 401 737 "-" "python-requests/2.6.0 CPython/2.7.5 Linux/3.10.0-1160.31.1.el7.x86_64"
66.249.70.12 - - [11/Jul/2021:05:37:59 +0200] "GET / HTTP/1.1" 401 741 "-" "Mozilla/5.0 (compatible; Googlebot/2.1; +http://www.google.com/bot.html)"
51.15.197.128 - - [11/Jul/2021:05:49:56 +0200] "GET / HTTP/1.1" 401 700 "-" "Mozilla/5.0 (Windows NT 6.3; WOW64) AppleWebKit/537.36 (KHTML, like Gecko) Chrome/51.0.2704.103 Safari/537.36"
66.249.70.14 - - [11/Jul/2021:06:48:21 +0200] "GET /robots.txt HTTP/1.1" 401 741 "-" "Mozilla/5.0 (compatible; Googlebot/2.1; +http://www.google.com/bot.html)"
66.249.70.12 - - [11/Jul/2021:06:48:22 +0200] "GET / HTTP/1.1" 401 741 "-" "Mozilla/5.0 (Linux; Android 6.0.1; Nexus 5X Build/MMB29P) AppleWebKit/537.36 (KHTML, like Gecko) Chrome/91.0.4472.90 Mobile Safari/537.36 (compatible; Googlebot/2.1; +http://www.google.com/bot.html)"
66.249.70.65 - - [11/Jul/2021:08:28:52 +0200] "GET / HTTP/1.1" 401 737 "-" "Mozilla/5.0 (compatible; Googlebot/2.1; +http://www.google.com/bot.html)"
66.249.70.69 - - [11/Jul/2021:14:49:11 +0200] "GET / HTTP/1.1" 401 737 "-" "Mozilla/5.0 (Linux; Android 6.0.1; Nexus 5X Build/MMB29P) AppleWebKit/537.36 (KHTML, like Gecko) Chrome/91.0.4472.90 Mobile Safari/537.36 (compatible; Googlebot/2.1; +http://www.google.com/bot.html)"
114.119.136.249 - - [11/Jul/2021:18:09:25 +0200] "GET /robots.txt HTTP/1.1" 401 741 "-" "Mozilla/5.0 (compatible;PetalBot;+https://webmaster.petalsearch.com/site/petalbot)"
82.97.10.156 - - [11/Jul/2021:18:57:00 +0200] "GET /wp-login.php HTTP/1.1" 401 700 "-" "Mozilla/5.0 (X11; Ubuntu; Linux x86_64; rv:62.0) Gecko/20100101 Firefox/62.0"
82.97.10.156 - - [11/Jul/2021:18:57:00 +0200] "GET /wp-login.php HTTP/1.1" 401 700 "-" "Mozilla/5.0 (X11; Ubuntu; Linux x86_64; rv:62.0) Gecko/20100101 Firefox/62.0"
82.97.10.156 - - [11/Jul/2021:18:57:00 +0200] "GET /wp-login.php HTTP/1.1" 401 700 "-" "Mozilla/5.0 (X11; Ubuntu; Linux x86_64; rv:62.0) Gecko/20100101 Firefox/62.0"
82.97.10.156 - - [11/Jul/2021:18:57:00 +0200] "GET /wp-login.php HTTP/1.1" 401 700 "-" "Mozilla/5.0 (X11; Ubuntu; Linux x86_64; rv:62.0) Gecko/20100101 Firefox/62.0"
82.97.10.156 - - [11/Jul/2021:18:57:00 +0200] "GET /wp-login.php HTTP/1.1" 401 700 "-" "Mozilla/5.0 (X11; Ubuntu; Linux x86_64; rv:62.0) Gecko/20100101 Firefox/62.0"
82.97.10.156 - - [11/Jul/2021:18:57:00 +0200] "GET /wp-login.php HTTP/1.1" 401 700 "-" "Mozilla/5.0 (X11; Ubuntu; Linux x86_64; rv:62.0) Gecko/20100101 Firefox/62.0"
66.249.70.14 - - [11/Jul/2021:19:41:11 +0200] "GET /robots.txt HTTP/1.1" 401 741 "-" "Mozilla/5.0 (compatible; Googlebot/2.1; +http://www.google.com/bot.html)"
66.249.70.16 - - [11/Jul/2021:19:41:11 +0200] "GET / HTTP/1.1" 401 741 "-" "Mozilla/5.0 (compatible; Googlebot/2.1; +http://www.google.com/bot.html)"
66.249.70.16 - - [11/Jul/2021:20:52:33 +0200] "GET /index.php?m=polkmiu&id=15243 HTTP/1.1" 401 741 "-" "Mozilla/5.0 (compatible; Googlebot/2.1; +http://www.google.com/bot.html)"
66.249.70.12 - - [11/Jul/2021:22:01:14 +0200] "GET / HTTP/1.1" 401 741 "-" "Mozilla/5.0 (Linux; Android 6.0.1; Nexus 5X Build/MMB29P) AppleWebKit/537.36 (KHTML, like Gecko) Chrome/91.0.4472.90 Mobile Safari/537.36 (compatible; Googlebot/2.1; +http://www.google.com/bot.html)"
122.248.230.118 - - [11/Jul/2021:22:42:22 +0200] "GET /adminer.php HTTP/1.1" 401 685 "-" "Mozilla/5.0 (Windows NT 6.1; Win64; x64; rv:56.0) Gecko/20100101 Firefox/56.0"
66.249.70.69 - - [11/Jul/2021:23:41:22 +0200] "GET /robots.txt HTTP/1.1" 401 737 "-" "Mozilla/5.0 (compatible; Googlebot/2.1; +http://www.google.com/bot.html)"
66.249.70.65 - - [11/Jul/2021:23:41:22 +0200] "GET / HTTP/1.1" 401 737 "-" "Mozilla/5.0 (compatible; Googlebot/2.1; +http://www.google.com/bot.html)"
37.30.118.163 - - [12/Jul/2021:00:30:13 +0200] "GET / HTTP/1.1" 401 737 "-" "Mozilla/5.0 (Windows NT 10.0; Win64; x64; rv:89.0) Gecko/20100101 Firefox/89.0"
37.30.118.163 - - [12/Jul/2021:00:30:19 +0200] "GET /favicon.ico HTTP/1.1" 401 737 "http://sno.uw.edu.pl./" "Mozilla/5.0 (Windows NT 10.0; Win64; x64; rv:89.0) Gecko/20100101 Firefox/89.0"
37.30.118.163 - - [12/Jul/2021:00:31:06 +0200] "GET / HTTP/1.1" 401 741 "-" "Mozilla/5.0 (Windows NT 10.0; Win64; x64; rv:89.0) Gecko/20100101 Firefox/89.0"
37.30.118.163 - - [12/Jul/2021:00:31:18 +0200] "GET /favicon.ico HTTP/1.1" 401 741 "http://www.sno.uw.edu.pl/" "Mozilla/5.0 (Windows NT 10.0; Win64; x64; rv:89.0) Gecko/20100101 Firefox/89.0"
93.189.30.194 - - [12/Jul/2021:01:14:08 +0200] "GET /wp-login.php HTTP/1.1" 401 704 "-" "Mozilla/5.0 (X11; Ubuntu; Linux x86_64; rv:62.0) Gecko/20100101 Firefox/62.0"
51.15.64.111 - - [12/Jul/2021:05:51:08 +0200] "GET / HTTP/1.1" 401 700 "-" "Mozilla/5.0 (Windows NT 6.3; WOW64) AppleWebKit/537.36 (KHTML, like Gecko) Chrome/51.0.2704.103 Safari/537.36"
66.249.70.69 - - [12/Jul/2021:06:04:59 +0200] "GET / HTTP/1.1" 401 737 "-" "Mozilla/5.0 (Linux; Android 6.0.1; Nexus 5X Build/MMB29P) AppleWebKit/537.36 (KHTML, like Gecko) Chrome/91.0.4472.90 Mobile Safari/537.36 (compatible; Googlebot/2.1; +http://www.google.com/bot.html)"
66.249.70.16 - - [12/Jul/2021:08:05:19 +0200] "GET /robots.txt HTTP/1.1" 401 741 "-" "Mozilla/5.0 (compatible; Googlebot/2.1; +http://www.google.com/bot.html)"
66.249.70.12 - - [12/Jul/2021:08:05:19 +0200] "GET / HTTP/1.1" 401 741 "-" "Mozilla/5.0 (compatible; Googlebot/2.1; +http://www.google.com/bot.html)"
66.249.70.14 - - [12/Jul/2021:11:55:49 +0200] "GET / HTTP/1.1" 401 741 "-" "Mozilla/5.0 (Linux; Android 6.0.1; Nexus 5X Build/MMB29P) AppleWebKit/537.36 (KHTML, like Gecko) Chrome/91.0.4472.90 Mobile Safari/537.36 (compatible; Googlebot/2.1; +http://www.google.com/bot.html)"
114.119.140.74 - - [12/Jul/2021:13:55:19 +0200] "GET /robots.txt HTTP/1.1" 401 741 "-" "Mozilla/5.0 (compatible;PetalBot;+https://webmaster.petalsearch.com/site/petalbot)"
66.249.70.65 - - [12/Jul/2021:15:56:40 +0200] "GET /robots.txt HTTP/1.1" 401 737 "-" "Mozilla/5.0 (compatible; Googlebot/2.1; +http://www.google.com/bot.html)"
66.249.70.67 - - [12/Jul/2021:15:56:40 +0200] "GET / HTTP/1.1" 401 737 "-" "Mozilla/5.0 (compatible; Googlebot/2.1; +http://www.google.com/bot.html)"
66.249.70.14 - - [12/Jul/2021:16:58:36 +0200] "GET /index.php?m=polkmiu&id=16381 HTTP/1.1" 401 741 "-" "Mozilla/5.0 (compatible; Googlebot/2.1; +http://www.google.com/bot.html)"
85.26.232.1 - - [12/Jul/2021:19:12:20 +0200] "GET /index.php HTTP/1.0" 401 700 "http://sno.uw.edu.pl/index.php" "Mozilla/5.0 (Windows NT 10.0; Win64; x64) AppleWebKit/537.36 (KHTML, like Gecko) Chrome/83.0.4098.0 Safari/537.36"
66.249.70.14 - - [12/Jul/2021:19:35:28 +0200] "GET /index.php?m=polkmiu&id=dorobkiewicz HTTP/1.1" 401 741 "-" "Mozilla/5.0 (compatible; Googlebot/2.1; +http://www.google.com/bot.html)"
66.249.70.69 - - [12/Jul/2021:21:00:04 +0200] "GET / HTTP/1.1" 401 737 "-" "Mozilla/5.0 (Linux; Android 6.0.1; Nexus 5X Build/MMB29P) AppleWebKit/537.36 (KHTML, like Gecko) Chrome/91.0.4472.90 Mobile Safari/537.36 (compatible; Googlebot/2.1; +http://www.google.com/bot.html)"
66.249.70.12 - - [12/Jul/2021:21:52:45 +0200] "GET /robots.txt HTTP/1.1" 401 741 "-" "Mozilla/5.0 (compatible; Googlebot/2.1; +http://www.google.com/bot.html)"
66.249.70.12 - - [12/Jul/2021:21:52:45 +0200] "GET / HTTP/1.1" 401 740 "-" "Mozilla/5.0 (compatible; Googlebot/2.1; +http://www.google.com/bot.html)"
66.249.70.12 - - [13/Jul/2021:00:30:48 +0200] "GET / HTTP/1.1" 401 741 "-" "Mozilla/5.0 (Linux; Android 6.0.1; Nexus 5X Build/MMB29P) AppleWebKit/537.36 (KHTML, like Gecko) Chrome/91.0.4472.90 Mobile Safari/537.36 (compatible; Googlebot/2.1; +http://www.google.com/bot.html)"
114.119.131.43 - - [13/Jul/2021:01:10:54 +0200] "GET /index.php?m=polkmiu&id=12958 HTTP/1.1" 401 741 "-" "Mozilla/5.0 (Linux; Android 7.0;) AppleWebKit/537.36 (KHTML, like Gecko) Mobile Safari/537.36 (compatible; PetalBot;+https://webmaster.petalsearch.com/site/petalbot)"
54.149.158.133 - - [13/Jul/2021:04:23:34 +0200] "GET / HTTP/1.1" 401 700 "-" "Mozilla/5.0 (Windows NT 10.0; Win64; x64) AppleWebKit/537.36 (KHTML, like Gecko; compatible; BW/1.1; bit.ly/2W6Px8S) Chrome/84.0.4147.105 Safari/537.36"
66.249.70.14 - - [13/Jul/2021:05:11:12 +0200] "GET /index.php?m=polkmiu&id=16381 HTTP/1.1" 401 741 "-" "Mozilla/5.0 (Linux; Android 6.0.1; Nexus 5X Build/MMB29P) AppleWebKit/537.36 (KHTML, like Gecko) Chrome/91.0.4472.90 Mobile Safari/537.36 (compatible; Googlebot/2.1; +http://www.google.com/bot.html)"
66.249.70.65 - - [13/Jul/2021:05:20:33 +0200] "GET /robots.txt HTTP/1.1" 401 737 "-" "Mozilla/5.0 (compatible; Googlebot/2.1; +http://www.google.com/bot.html)"
66.249.70.67 - - [13/Jul/2021:05:20:33 +0200] "GET / HTTP/1.1" 401 737 "-" "Mozilla/5.0 (compatible; Googlebot/2.1; +http://www.google.com/bot.html)"
51.15.113.160 - - [13/Jul/2021:05:52:04 +0200] "GET / HTTP/1.1" 401 700 "-" "Mozilla/5.0 (Windows NT 6.3; WOW64) AppleWebKit/537.36 (KHTML, like Gecko) Chrome/51.0.2704.103 Safari/537.36"
66.249.70.65 - - [13/Jul/2021:07:41:02 +0200] "GET / HTTP/1.1" 401 737 "-" "Mozilla/5.0 (Linux; Android 6.0.1; Nexus 5X Build/MMB29P) AppleWebKit/537.36 (KHTML, like Gecko) Chrome/91.0.4472.90 Mobile Safari/537.36 (compatible; Googlebot/2.1; +http://www.google.com/bot.html)"
114.119.134.187 - - [13/Jul/2021:09:01:10 +0200] "GET /robots.txt HTTP/1.1" 401 741 "-" "Mozilla/5.0 (compatible;PetalBot;+https://webmaster.petalsearch.com/site/petalbot)"
114.119.135.212 - - [13/Jul/2021:10:15:19 +0200] "GET /robots.txt HTTP/1.1" 401 741 "-" "Mozilla/5.0 (compatible;PetalBot;+https://webmaster.petalsearch.com/site/petalbot)"
114.119.136.190 - - [13/Jul/2021:13:02:40 +0200] "GET /robots.txt HTTP/1.1" 401 741 "-" "Mozilla/5.0 (compatible;PetalBot;+https://webmaster.petalsearch.com/site/petalbot)"
142.93.251.60 - - [13/Jul/2021:13:10:49 +0200] "GET /robots.txt HTTP/1.1" 401 681 "-" "Mozilla/5.0 (compatible; MJ12bot/v1.4.8; http://www.majestic12.co.uk/bot.php?+)"
142.93.251.60 - - [13/Jul/2021:13:11:13 +0200] "GET / HTTP/1.1" 401 681 "-" "Mozilla/5.0 (compatible; MJ12bot/v1.4.8; http://www.majestic12.co.uk/bot.php?+)"
66.249.70.26 - - [13/Jul/2021:18:14:41 +0200] "GET /robots.txt HTTP/1.1" 401 741 "-" "Mozilla/5.0 (compatible; Googlebot/2.1; +http://www.google.com/bot.html)"
66.249.70.26 - - [13/Jul/2021:18:14:41 +0200] "GET /index.php?m=polkmiu&id=14252 HTTP/1.1" 401 740 "-" "Mozilla/5.0 (compatible; Googlebot/2.1; +http://www.google.com/bot.html)"
148.81.194.138 - - [14/Jul/2021:02:40:14 +0200] "GET /robots.txt HTTP/1.1" 401 685 "-" "Mozilla/5.0 (Nekstbot; Pierwsza semantyczna wyszukiwarka Polskiego Internetu www.nekst.pl, http://nekst.ipipan.waw.pl/nekstbot/)"
66.249.70.14 - - [14/Jul/2021:02:51:16 +0200] "GET / HTTP/1.1" 401 741 "-" "Mozilla/5.0 (compatible; Googlebot/2.1; +http://www.google.com/bot.html)"
66.249.70.30 - - [14/Jul/2021:03:43:56 +0200] "GET / HTTP/1.1" 401 741 "-" "Mozilla/5.0 (Linux; Android 6.0.1; Nexus 5X Build/MMB29P) AppleWebKit/537.36 (KHTML, like Gecko) Chrome/91.0.4472.90 Mobile Safari/537.36 (compatible; Googlebot/2.1; +http://www.google.com/bot.html)"
66.249.70.91 - - [14/Jul/2021:03:52:44 +0200] "GET /robots.txt HTTP/1.1" 401 737 "-" "Mozilla/5.0 (compatible; Googlebot/2.1; +http://www.google.com/bot.html)"
66.249.70.95 - - [14/Jul/2021:03:52:44 +0200] "GET / HTTP/1.1" 401 737 "-" "Mozilla/5.0 (compatible; Googlebot/2.1; +http://www.google.com/bot.html)"
66.249.70.95 - - [14/Jul/2021:05:46:52 +0200] "GET / HTTP/1.1" 401 737 "-" "Mozilla/5.0 (Linux; Android 6.0.1; Nexus 5X Build/MMB29P) AppleWebKit/537.36 (KHTML, like Gecko) Chrome/91.0.4472.90 Mobile Safari/537.36 (compatible; Googlebot/2.1; +http://www.google.com/bot.html)"
51.15.235.181 - - [14/Jul/2021:05:57:21 +0200] "GET / HTTP/1.1" 401 700 "-" "Mozilla/5.0 (Windows NT 6.3; WOW64) AppleWebKit/537.36 (KHTML, like Gecko) Chrome/51.0.2704.103 Safari/537.36"
147.182.180.191 - - [14/Jul/2021:07:35:58 +0200] "GET / HTTP/1.1" 401 681 "-" "Mozilla/5.0 (Windows NT 10.0; Win64; x64) AppleWebKit/537.36 (KHTML, like Gecko) Chrome/68.0.3440.106 Safari/537.36"
114.119.131.248 - - [14/Jul/2021:16:54:26 +0200] "GET /robots.txt HTTP/1.1" 401 741 "-" "Mozilla/5.0 (compatible;PetalBot;+https://webmaster.petalsearch.com/site/petalbot)"
5.255.231.44 - - [14/Jul/2021:22:37:04 +0200] "GET /robots.txt HTTP/1.1" 401 741 "-" "Mozilla/5.0 (compatible; YandexBot/3.0; +http://yandex.com/bots)"
5.255.231.44 - - [14/Jul/2021:22:37:08 +0200] "GET / HTTP/1.1" 401 740 "-" "Mozilla/5.0 (compatible; YandexBot/3.0; +http://yandex.com/bots)"
5.255.231.190 - - [14/Jul/2021:22:39:20 +0200] "GET /robots.txt HTTP/1.1" 401 737 "-" "Mozilla/5.0 (compatible; YandexBot/3.0; +http://yandex.com/bots)"
5.255.253.170 - - [14/Jul/2021:22:39:24 +0200] "GET / HTTP/1.1" 401 737 "-" "Mozilla/5.0 (compatible; YandexBot/3.0; +http://yandex.com/bots)"
66.249.70.10 - - [15/Jul/2021:03:52:42 +0200] "GET /robots.txt HTTP/1.1" 401 741 "-" "Mozilla/5.0 (compatible; Googlebot/2.1; +http://www.google.com/bot.html)"
66.249.70.12 - - [15/Jul/2021:03:52:43 +0200] "GET / HTTP/1.1" 401 741 "-" "Mozilla/5.0 (compatible; Googlebot/2.1; +http://www.google.com/bot.html)"
66.249.70.93 - - [15/Jul/2021:05:29:18 +0200] "GET /robots.txt HTTP/1.1" 401 737 "-" "Mozilla/5.0 (compatible; Googlebot/2.1; +http://www.google.com/bot.html)"
66.249.70.91 - - [15/Jul/2021:05:29:18 +0200] "GET / HTTP/1.1" 401 737 "-" "Mozilla/5.0 (compatible; Googlebot/2.1; +http://www.google.com/bot.html)"
66.249.70.10 - - [15/Jul/2021:05:38:04 +0200] "GET / HTTP/1.1" 401 741 "-" "Mozilla/5.0 (Linux; Android 6.0.1; Nexus 5X Build/MMB29P) AppleWebKit/537.36 (KHTML, like Gecko) Chrome/91.0.4472.90 Mobile Safari/537.36 (compatible; Googlebot/2.1; +http://www.google.com/bot.html)"
51.15.113.160 - - [15/Jul/2021:05:57:22 +0200] "GET / HTTP/1.1" 401 700 "-" "Mozilla/5.0 (Windows NT 6.3; WOW64) AppleWebKit/537.36 (KHTML, like Gecko) Chrome/51.0.2704.103 Safari/537.36"
66.249.70.95 - - [15/Jul/2021:06:39:32 +0200] "GET / HTTP/1.1" 401 737 "-" "Mozilla/5.0 (Linux; Android 6.0.1; Nexus 5X Build/MMB29P) AppleWebKit/537.36 (KHTML, like Gecko) Chrome/91.0.4472.90 Mobile Safari/537.36 (compatible; Googlebot/2.1; +http://www.google.com/bot.html)"
114.119.147.32 - - [15/Jul/2021:11:44:57 +0200] "GET /robots.txt HTTP/1.1" 401 741 "-" "Mozilla/5.0 (compatible;PetalBot;+https://webmaster.petalsearch.com/site/petalbot)"
114.119.154.237 - - [15/Jul/2021:13:50:36 +0200] "GET /robots.txt HTTP/1.1" 401 741 "-" "Mozilla/5.0 (compatible;PetalBot;+https://webmaster.petalsearch.com/site/petalbot)"
51.15.245.44 - - [16/Jul/2021:06:00:15 +0200] "GET / HTTP/1.1" 401 700 "-" "Mozilla/5.0 (Windows NT 6.3; WOW64) AppleWebKit/537.36 (KHTML, like Gecko) Chrome/51.0.2704.103 Safari/537.36"
66.249.70.76 - - [16/Jul/2021:06:39:31 +0200] "GET /robots.txt HTTP/1.1" 401 741 "-" "Mozilla/5.0 (compatible; Googlebot/2.1; +http://www.google.com/bot.html)"
66.249.70.76 - - [16/Jul/2021:06:39:31 +0200] "GET / HTTP/1.1" 401 740 "-" "Mozilla/5.0 (compatible; Googlebot/2.1; +http://www.google.com/bot.html)"
66.249.64.155 - - [16/Jul/2021:08:16:06 +0200] "GET /robots.txt HTTP/1.1" 401 737 "-" "Mozilla/5.0 (compatible; Googlebot/2.1; +http://www.google.com/bot.html)"
66.249.64.143 - - [16/Jul/2021:08:16:06 +0200] "GET / HTTP/1.1" 401 737 "-" "Mozilla/5.0 (compatible; Googlebot/2.1; +http://www.google.com/bot.html)"
66.249.70.76 - - [16/Jul/2021:08:24:52 +0200] "GET / HTTP/1.1" 401 741 "-" "Mozilla/5.0 (Linux; Android 6.0.1; Nexus 5X Build/MMB29P) AppleWebKit/537.36 (KHTML, like Gecko) Chrome/91.0.4472.90 Mobile Safari/537.36 (compatible; Googlebot/2.1; +http://www.google.com/bot.html)"
114.119.150.126 - - [16/Jul/2021:09:28:19 +0200] "GET /robots.txt HTTP/1.1" 401 741 "-" "Mozilla/5.0 (compatible;PetalBot;+https://webmaster.petalsearch.com/site/petalbot)"
66.249.64.143 - - [16/Jul/2021:09:35:07 +0200] "GET / HTTP/1.1" 401 737 "-" "Mozilla/5.0 (Linux; Android 6.0.1; Nexus 5X Build/MMB29P) AppleWebKit/537.36 (KHTML, like Gecko) Chrome/91.0.4472.90 Mobile Safari/537.36 (compatible; Googlebot/2.1; +http://www.google.com/bot.html)"
114.119.144.117 - - [16/Jul/2021:11:25:55 +0200] "GET /robots.txt HTTP/1.1" 401 741 "-" "Mozilla/5.0 (compatible;PetalBot;+https://webmaster.petalsearch.com/site/petalbot)"
163.172.146.78 - - [16/Jul/2021:19:04:42 +0200] "GET /wp-login.php HTTP/1.1" 401 700 "-" "Mozilla/5.0 (X11; Ubuntu; Linux x86_64; rv:62.0) Gecko/20100101 Firefox/62.0"
163.172.146.78 - - [16/Jul/2021:19:04:42 +0200] "GET /wp-login.php HTTP/1.1" 401 700 "-" "Mozilla/5.0 (X11; Ubuntu; Linux x86_64; rv:62.0) Gecko/20100101 Firefox/62.0"
163.172.146.78 - - [16/Jul/2021:19:04:42 +0200] "GET /wp-login.php HTTP/1.1" 401 700 "-" "Mozilla/5.0 (X11; Ubuntu; Linux x86_64; rv:62.0) Gecko/20100101 Firefox/62.0"
163.172.146.78 - - [16/Jul/2021:19:04:42 +0200] "GET /wp-login.php HTTP/1.1" 401 700 "-" "Mozilla/5.0 (X11; Ubuntu; Linux x86_64; rv:62.0) Gecko/20100101 Firefox/62.0"
163.172.146.78 - - [16/Jul/2021:19:04:42 +0200] "GET /wp-login.php HTTP/1.1" 401 700 "-" "Mozilla/5.0 (X11; Ubuntu; Linux x86_64; rv:62.0) Gecko/20100101 Firefox/62.0"
163.172.146.78 - - [16/Jul/2021:19:04:42 +0200] "GET /wp-login.php HTTP/1.1" 401 700 "-" "Mozilla/5.0 (X11; Ubuntu; Linux x86_64; rv:62.0) Gecko/20100101 Firefox/62.0"
148.81.194.138 - - [17/Jul/2021:03:12:40 +0200] "GET /robots.txt HTTP/1.1" 401 685 "-" "Mozilla/5.0 (Nekstbot; Pierwsza semantyczna wyszukiwarka Polskiego Internetu www.nekst.pl, http://nekst.ipipan.waw.pl/nekstbot/)"
66.249.70.30 - - [17/Jul/2021:04:05:55 +0200] "GET /robots.txt HTTP/1.1" 401 741 "-" "Mozilla/5.0 (compatible; Googlebot/2.1; +http://www.google.com/bot.html)"
66.249.70.30 - - [17/Jul/2021:04:05:55 +0200] "GET / HTTP/1.1" 401 740 "-" "Mozilla/5.0 (compatible; Googlebot/2.1; +http://www.google.com/bot.html)"
93.113.111.193 - - [17/Jul/2021:04:40:23 +0200] "GET /wp-login.php HTTP/1.1" 401 704 "-" "Mozilla/5.0 (X11; Ubuntu; Linux x86_64; rv:62.0) Gecko/20100101 Firefox/62.0"
66.249.70.3 - - [17/Jul/2021:05:09:04 +0200] "GET / HTTP/1.1" 401 741 "-" "Mozilla/5.0 (Linux; Android 6.0.1; Nexus 5X Build/MMB29P) AppleWebKit/537.36 (KHTML, like Gecko) Chrome/91.0.4472.90 Mobile Safari/537.36 (compatible; Googlebot/2.1; +http://www.google.com/bot.html)"
66.249.70.93 - - [17/Jul/2021:05:15:23 +0200] "GET /robots.txt HTTP/1.1" 401 737 "-" "Mozilla/5.0 (compatible; Googlebot/2.1; +http://www.google.com/bot.html)"
66.249.70.93 - - [17/Jul/2021:05:15:23 +0200] "GET / HTTP/1.1" 401 736 "-" "Mozilla/5.0 (compatible; Googlebot/2.1; +http://www.google.com/bot.html)"
66.249.70.95 - - [17/Jul/2021:05:59:35 +0200] "GET / HTTP/1.1" 401 737 "-" "Mozilla/5.0 (Linux; Android 6.0.1; Nexus 5X Build/MMB29P) AppleWebKit/537.36 (KHTML, like Gecko) Chrome/91.0.4472.90 Mobile Safari/537.36 (compatible; Googlebot/2.1; +http://www.google.com/bot.html)"
51.15.35.105 - - [17/Jul/2021:06:00:55 +0200] "GET / HTTP/1.1" 401 700 "-" "Mozilla/5.0 (Windows NT 6.3; WOW64) AppleWebKit/537.36 (KHTML, like Gecko) Chrome/51.0.2704.103 Safari/537.36"
66.249.70.30 - - [17/Jul/2021:10:34:12 +0200] "GET /index.php?m=polkmiu&id=15243 HTTP/1.1" 401 741 "-" "Mozilla/5.0 (compatible; Googlebot/2.1; +http://www.google.com/bot.html)"
114.119.146.40 - - [18/Jul/2021:02:41:23 +0200] "GET /robots.txt HTTP/1.1" 401 741 "-" "Mozilla/5.0 (compatible;PetalBot;+https://webmaster.petalsearch.com/site/petalbot)"
114.119.159.40 - - [18/Jul/2021:04:51:03 +0200] "GET /robots.txt HTTP/1.1" 401 741 "-" "Mozilla/5.0 (compatible;PetalBot;+https://webmaster.petalsearch.com/site/petalbot)"
51.15.224.119 - - [18/Jul/2021:06:01:24 +0200] "GET / HTTP/1.1" 401 700 "-" "Mozilla/5.0 (Windows NT 6.3; WOW64) AppleWebKit/537.36 (KHTML, like Gecko) Chrome/51.0.2704.103 Safari/537.36"
66.249.70.28 - - [18/Jul/2021:09:23:18 +0200] "GET /robots.txt HTTP/1.1" 401 741 "-" "Mozilla/5.0 (compatible; Googlebot/2.1; +http://www.google.com/bot.html)"
66.249.70.28 - - [18/Jul/2021:09:23:20 +0200] "GET /index.php?m=polkmiu&id=14252 HTTP/1.1" 401 740 "-" "Mozilla/5.0 (compatible; Googlebot/2.1; +http://www.google.com/bot.html)"
185.191.171.42 - - [18/Jul/2021:10:27:15 +0200] "GET /robots.txt HTTP/1.1" 401 700 "-" "Mozilla/5.0 (compatible; SemrushBot/7~bl; +http://www.semrush.com/bot.html)"
185.191.171.22 - - [18/Jul/2021:10:27:15 +0200] "GET / HTTP/1.1" 401 700 "-" "Mozilla/5.0 (compatible; SemrushBot/7~bl; +http://www.semrush.com/bot.html)"
185.191.171.5 - - [18/Jul/2021:10:27:18 +0200] "GET /sitemap.xml HTTP/1.1" 401 700 "-" "Mozilla/5.0 (compatible; SemrushBot/7~bl; +http://www.semrush.com/bot.html)"
66.249.70.28 - - [18/Jul/2021:11:46:54 +0200] "GET / HTTP/1.1" 401 741 "-" "Mozilla/5.0 (compatible; Googlebot/2.1; +http://www.google.com/bot.html)"
66.249.70.30 - - [18/Jul/2021:11:56:40 +0200] "GET / HTTP/1.1" 401 741 "-" "Mozilla/5.0 (Linux; Android 6.0.1; Nexus 5X Build/MMB29P) AppleWebKit/537.36 (KHTML, like Gecko) Chrome/91.0.4472.90 Mobile Safari/537.36 (compatible; Googlebot/2.1; +http://www.google.com/bot.html)"
66.249.70.91 - - [18/Jul/2021:12:46:48 +0200] "GET /robots.txt HTTP/1.1" 401 737 "-" "Mozilla/5.0 (compatible; Googlebot/2.1; +http://www.google.com/bot.html)"
66.249.70.93 - - [18/Jul/2021:12:46:49 +0200] "GET / HTTP/1.1" 401 737 "-" "Mozilla/5.0 (compatible; Googlebot/2.1; +http://www.google.com/bot.html)"
66.249.70.93 - - [18/Jul/2021:14:07:14 +0200] "GET / HTTP/1.1" 401 737 "-" "Mozilla/5.0 (Linux; Android 6.0.1; Nexus 5X Build/MMB29P) AppleWebKit/537.36 (KHTML, like Gecko) Chrome/91.0.4472.90 Mobile Safari/537.36 (compatible; Googlebot/2.1; +http://www.google.com/bot.html)"
66.240.219.173 - - [18/Jul/2021:14:36:12 +0200] "GET / HTTP/1.1" 401 681 "-" "Mozilla/5.0 (Windows NT 6.1) AppleWebKit/537.36 (KHTML, like Gecko) Chrome/41.0.2228.0 Safari/537.36"
66.240.219.173 - - [18/Jul/2021:14:36:15 +0200] "GET /robots.txt HTTP/1.1" 401 681 "-" "-"
66.240.219.173 - - [18/Jul/2021:14:36:16 +0200] "GET /sitemap.xml HTTP/1.1" 401 681 "-" "-"
66.240.219.173 - - [18/Jul/2021:14:36:16 +0200] "GET /.well-known/security.txt HTTP/1.1" 401 681 "-" "-"
66.240.219.173 - - [18/Jul/2021:14:36:17 +0200] "GET /favicon.ico HTTP/1.1" 401 737 "-" "Mozilla/5.0 (Macintosh; Intel Mac OS X 10.15; rv:80.0) Gecko/20100101 Firefox/80.0"
148.81.194.138 - - [18/Jul/2021:15:46:06 +0200] "GET /robots.txt HTTP/1.1" 401 685 "-" "Mozilla/5.0 (Nekstbot; Pierwsza semantyczna wyszukiwarka Polskiego Internetu www.nekst.pl, http://nekst.ipipan.waw.pl/nekstbot/)"
66.249.70.91 - - [18/Jul/2021:18:22:45 +0200] "GET /index.php?m=polkmiu&id=16695 HTTP/1.1" 401 737 "-" "Mozilla/5.0 (compatible; Googlebot/2.1; +http://www.google.com/bot.html)"
143.198.187.1 - - [18/Jul/2021:19:48:54 +0200] "GET / HTTP/1.1" 401 681 "-" "Mozilla/5.0 (Windows NT 10.0; Win64; x64) AppleWebKit/537.36 (KHTML, like Gecko) Chrome/68.0.3440.106 Safari/537.36"
66.249.70.28 - - [18/Jul/2021:21:18:13 +0200] "GET /index.php?m=polkmiu&id=18331 HTTP/1.1" 401 741 "-" "Mozilla/5.0 (compatible; Googlebot/2.1; +http://www.google.com/bot.html)"
66.249.70.3 - - [18/Jul/2021:22:29:30 +0200] "GET /robots.txt HTTP/1.1" 401 741 "-" "Mozilla/5.0 (compatible; Googlebot/2.1; +http://www.google.com/bot.html)"
66.249.70.30 - - [18/Jul/2021:22:29:31 +0200] "GET / HTTP/1.1" 401 741 "-" "Mozilla/5.0 (compatible; Googlebot/2.1; +http://www.google.com/bot.html)"
66.249.70.30 - - [18/Jul/2021:22:38:07 +0200] "GET /index.php?m=polkmiu&id=%C5%9Bwirus HTTP/1.1" 401 741 "-" "Mozilla/5.0 (compatible; Googlebot/2.1; +http://www.google.com/bot.html)"
66.249.70.30 - - [18/Jul/2021:22:39:38 +0200] "GET / HTTP/1.1" 401 741 "-" "Mozilla/5.0 (Linux; Android 6.0.1; Nexus 5X Build/MMB29P) AppleWebKit/537.36 (KHTML, like Gecko) Chrome/91.0.4472.90 Mobile Safari/537.36 (compatible; Googlebot/2.1; +http://www.google.com/bot.html)"
66.249.70.91 - - [18/Jul/2021:22:53:44 +0200] "GET / HTTP/1.1" 401 737 "-" "Mozilla/5.0 (compatible; Googlebot/2.1; +http://www.google.com/bot.html)"
66.249.70.91 - - [18/Jul/2021:23:59:43 +0200] "GET / HTTP/1.1" 401 737 "-" "Mozilla/5.0 (Linux; Android 6.0.1; Nexus 5X Build/MMB29P) AppleWebKit/537.36 (KHTML, like Gecko) Chrome/91.0.4472.90 Mobile Safari/537.36 (compatible; Googlebot/2.1; +http://www.google.com/bot.html)"
114.119.137.204 - - [19/Jul/2021:00:29:05 +0200] "GET /robots.txt HTTP/1.1" 401 741 "-" "Mozilla/5.0 (compatible;PetalBot;+https://webmaster.petalsearch.com/site/petalbot)"
66.240.219.173 - - [19/Jul/2021:03:53:44 +0200] "GET / HTTP/1.1" 401 681 "-" "Mozilla/5.0 (Windows NT 6.1) AppleWebKit/537.36 (KHTML, like Gecko) Chrome/41.0.2228.0 Safari/537.36"
66.240.219.173 - - [19/Jul/2021:03:53:46 +0200] "GET /robots.txt HTTP/1.1" 401 681 "-" "-"
66.240.219.173 - - [19/Jul/2021:03:53:47 +0200] "GET /sitemap.xml HTTP/1.1" 401 681 "-" "-"
66.240.219.173 - - [19/Jul/2021:03:53:47 +0200] "GET /.well-known/security.txt HTTP/1.1" 401 681 "-" "-"
66.240.219.173 - - [19/Jul/2021:03:53:49 +0200] "GET /favicon.ico HTTP/1.1" 401 737 "-" "Mozilla/5.0 (Macintosh; Intel Mac OS X 10.15; rv:80.0) Gecko/20100101 Firefox/80.0"
66.249.70.3 - - [19/Jul/2021:04:42:56 +0200] "GET /index.php?m=polkmiu&id=glazurnik HTTP/1.1" 401 741 "-" "Mozilla/5.0 (compatible; Googlebot/2.1; +http://www.google.com/bot.html)"
114.119.138.67 - - [19/Jul/2021:05:39:24 +0200] "GET /index.php?m=polkmiu&id=12958 HTTP/1.1" 401 741 "-" "Mozilla/5.0 (Linux; Android 7.0;) AppleWebKit/537.36 (KHTML, like Gecko) Mobile Safari/537.36 (compatible; PetalBot;+https://webmaster.petalsearch.com/site/petalbot)"
51.15.197.128 - - [19/Jul/2021:06:05:41 +0200] "GET / HTTP/1.1" 401 700 "-" "Mozilla/5.0 (Windows NT 6.3; WOW64) AppleWebKit/537.36 (KHTML, like Gecko) Chrome/51.0.2704.103 Safari/537.36"
66.249.70.91 - - [19/Jul/2021:06:42:56 +0200] "GET /robots.txt HTTP/1.1" 401 737 "-" "Mozilla/5.0 (compatible; Googlebot/2.1; +http://www.google.com/bot.html)"
66.249.70.93 - - [19/Jul/2021:06:42:56 +0200] "GET /index.php?m=polkmiu&id=18017 HTTP/1.1" 401 737 "-" "Mozilla/5.0 (compatible; Googlebot/2.1; +http://www.google.com/bot.html)"
104.222.46.35 - - [19/Jul/2021:06:49:18 +0200] "GET / HTTP/1.1" 401 741 "-" "Mozilla/5.0 (Macintosh; U; PPC Mac OS X Mach-O; en-US; rv:1.4a) Gecko/20030401"
104.237.245.195 - - [19/Jul/2021:06:53:47 +0200] "GET / HTTP/1.1" 401 741 "-" "Mozilla/5.0 (Macintosh; Intel Mac OS X 10_11_2) AppleWebKit/601.3.9 (KHTML, like Gecko) Version/9.0.2 Safari/601.3.9"
104.237.245.195 - - [19/Jul/2021:06:53:48 +0200] "GET /robots.txt HTTP/1.1" 401 740 "-" "Mozilla/5.0 (Macintosh; Intel Mac OS X 10_11_2) AppleWebKit/601.3.9 (KHTML, like Gecko) Version/9.0.2 Safari/601.3.9"
104.237.245.195 - - [19/Jul/2021:06:53:48 +0200] "GET / HTTP/1.1" 401 740 "-" "Mozilla/5.0 (Macintosh; Intel Mac OS X 10_11_2) AppleWebKit/601.3.9 (KHTML, like Gecko) Version/9.0.2 Safari/601.3.9"
192.200.18.29 - - [19/Jul/2021:06:53:49 +0200] "GET / HTTP/1.1" 401 741 "-" "Mozilla/5.0 (X11; Linux x86_64) AppleWebKit/537.36 (KHTML, like Gecko) Chrome/44.0.2403.157 Safari/537.36"
66.249.70.28 - - [19/Jul/2021:10:13:58 +0200] "GET / HTTP/1.1" 401 741 "-" "Mozilla/5.0 (compatible; Googlebot/2.1; +http://www.google.com/bot.html)"
66.249.70.3 - - [19/Jul/2021:10:24:06 +0200] "GET / HTTP/1.1" 401 741 "-" "Mozilla/5.0 (Linux; Android 6.0.1; Nexus 5X Build/MMB29P) AppleWebKit/537.36 (KHTML, like Gecko) Chrome/91.0.4472.90 Mobile Safari/537.36 (compatible; Googlebot/2.1; +http://www.google.com/bot.html)"
66.249.70.95 - - [19/Jul/2021:10:33:47 +0200] "GET / HTTP/1.1" 401 737 "-" "Mozilla/5.0 (compatible; Googlebot/2.1; +http://www.google.com/bot.html)"
66.249.70.95 - - [19/Jul/2021:10:53:57 +0200] "GET / HTTP/1.1" 401 737 "-" "Mozilla/5.0 (Linux; Android 6.0.1; Nexus 5X Build/MMB29P) AppleWebKit/537.36 (KHTML, like Gecko) Chrome/91.0.4472.90 Mobile Safari/537.36 (compatible; Googlebot/2.1; +http://www.google.com/bot.html)"
66.249.70.26 - - [19/Jul/2021:18:57:26 +0200] "GET /robots.txt HTTP/1.1" 401 741 "-" "Mozilla/5.0 (compatible; Googlebot/2.1; +http://www.google.com/bot.html)"
66.249.70.3 - - [19/Jul/2021:18:57:26 +0200] "GET /index.php?m=polkmiu&id=16032 HTTP/1.1" 401 741 "-" "Mozilla/5.0 (compatible; Googlebot/2.1; +http://www.google.com/bot.html)"
114.119.132.59 - - [19/Jul/2021:19:03:17 +0200] "GET /robots.txt HTTP/1.1" 401 741 "-" "Mozilla/5.0 (compatible;PetalBot;+https://webmaster.petalsearch.com/site/petalbot)"
176.106.247.22 - - [19/Jul/2021:19:18:01 +0200] "GET /index.php HTTP/1.1" 401 737 "http://sno.uw.edu.pl/" "Mozilla/5.0 (Windows NT 10.0; Win64; x64; Trident/7.0; MANMJS; rv:11.0) like Gecko"
176.106.247.22 - - [19/Jul/2021:19:18:01 +0200] "GET / HTTP/1.1" 401 737 "http://sno.uw.edu.pl" "Mozilla/5.0 (Windows NT 10.0; Win64; x64; Trident/7.0; MANMJS; rv:11.0) like Gecko"
148.81.194.138 - - [20/Jul/2021:04:13:07 +0200] "GET /robots.txt HTTP/1.1" 401 685 "-" "Mozilla/5.0 (Nekstbot; Pierwsza semantyczna wyszukiwarka Polskiego Internetu www.nekst.pl, http://nekst.ipipan.waw.pl/nekstbot/)"
51.15.64.111 - - [20/Jul/2021:06:08:06 +0200] "GET / HTTP/1.1" 401 700 "-" "Mozilla/5.0 (Windows NT 6.3; WOW64) AppleWebKit/537.36 (KHTML, like Gecko) Chrome/51.0.2704.103 Safari/537.36"
193.0.111.76 - - [20/Jul/2021:10:40:45 +0200] "GET / HTTP/1.1" 401 737 "-" "Wget/1.21.1"
193.0.111.76 - - [20/Jul/2021:11:06:15 +0200] "GET / HTTP/1.1" 401 737 "-" "Wget/1.21.1"
66.249.70.28 - - [20/Jul/2021:12:36:55 +0200] "GET /robots.txt HTTP/1.1" 401 741 "-" "Mozilla/5.0 (compatible; Googlebot/2.1; +http://www.google.com/bot.html)"
66.249.70.30 - - [20/Jul/2021:12:36:55 +0200] "GET / HTTP/1.1" 401 741 "-" "Mozilla/5.0 (compatible; Googlebot/2.1; +http://www.google.com/bot.html)"
66.249.70.30 - - [20/Jul/2021:12:44:24 +0200] "GET / HTTP/1.1" 401 741 "-" "Mozilla/5.0 (Linux; Android 6.0.1; Nexus 5X Build/MMB29P) AppleWebKit/537.36 (KHTML, like Gecko) Chrome/91.0.4472.90 Mobile Safari/537.36 (compatible; Googlebot/2.1; +http://www.google.com/bot.html)"
66.249.70.3 - - [20/Jul/2021:12:48:47 +0200] "GET /index.php?m=polkmiu&id=17963 HTTP/1.1" 401 741 "-" "Mozilla/5.0 (compatible; Googlebot/2.1; +http://www.google.com/bot.html)"
66.249.70.89 - - [20/Jul/2021:13:06:54 +0200] "GET /robots.txt HTTP/1.1" 401 737 "-" "Mozilla/5.0 (compatible; Googlebot/2.1; +http://www.google.com/bot.html)"
66.249.70.91 - - [20/Jul/2021:13:06:55 +0200] "GET / HTTP/1.1" 401 737 "-" "Mozilla/5.0 (compatible; Googlebot/2.1; +http://www.google.com/bot.html)"
66.249.70.93 - - [20/Jul/2021:13:21:54 +0200] "GET / HTTP/1.1" 401 737 "-" "Mozilla/5.0 (Linux; Android 6.0.1; Nexus 5X Build/MMB29P) AppleWebKit/537.36 (KHTML, like Gecko) Chrome/91.0.4472.90 Mobile Safari/537.36 (compatible; Googlebot/2.1; +http://www.google.com/bot.html)"
66.249.70.30 - - [20/Jul/2021:13:33:01 +0200] "GET /index.php?m=polkmiu&id=14341 HTTP/1.1" 401 741 "-" "Mozilla/5.0 (compatible; Googlebot/2.1; +http://www.google.com/bot.html)"
114.119.141.173 - - [20/Jul/2021:14:27:43 +0200] "GET /robots.txt HTTP/1.1" 401 741 "-" "Mozilla/5.0 (compatible;PetalBot;+https://webmaster.petalsearch.com/site/petalbot)"
185.191.171.7 - - [20/Jul/2021:16:42:04 +0200] "GET /robots.txt HTTP/1.1" 401 700 "-" "Mozilla/5.0 (compatible; SemrushBot/7~bl; +http://www.semrush.com/bot.html)"
185.191.171.24 - - [20/Jul/2021:16:42:05 +0200] "GET / HTTP/1.1" 401 700 "-" "Mozilla/5.0 (compatible; SemrushBot/7~bl; +http://www.semrush.com/bot.html)"
77.88.9.3 - - [20/Jul/2021:18:34:25 +0200] "GET /robots.txt HTTP/1.1" 401 741 "-" "Mozilla/5.0 (compatible; YandexBot/3.0; +http://yandex.com/bots)"
77.88.9.3 - - [20/Jul/2021:18:34:29 +0200] "GET / HTTP/1.1" 401 740 "-" "Mozilla/5.0 (compatible; YandexBot/3.0; +http://yandex.com/bots)"
134.209.104.123 - - [20/Jul/2021:21:52:32 +0200] "GET /.env HTTP/1.1" 401 737 "-" "Mozilla/5.0 (X11; Linux x86_64) AppleWebKit/537.36 (KHTML, like Gecko) Chrome/81.0.4044.129 Safari/537.36"
134.209.104.123 - - [20/Jul/2021:21:52:32 +0200] "POST / HTTP/1.1" 401 737 "-" "Mozilla/5.0 (X11; Linux x86_64) AppleWebKit/537.36 (KHTML, like Gecko) Chrome/81.0.4044.129 Safari/537.36"
134.209.104.123 - - [20/Jul/2021:21:53:49 +0200] "GET /.env HTTP/1.1" 401 741 "-" "Mozilla/5.0 (X11; Linux x86_64) AppleWebKit/537.36 (KHTML, like Gecko) Chrome/81.0.4044.129 Safari/537.36"
134.209.104.123 - - [20/Jul/2021:21:53:49 +0200] "POST / HTTP/1.1" 401 741 "-" "Mozilla/5.0 (X11; Linux x86_64) AppleWebKit/537.36 (KHTML, like Gecko) Chrome/81.0.4044.129 Safari/537.36"
77.88.9.3 - - [20/Jul/2021:23:24:02 +0200] "GET /robots.txt HTTP/1.1" 401 737 "-" "Mozilla/5.0 (compatible; YandexBot/3.0; +http://yandex.com/bots)"
77.88.9.3 - - [20/Jul/2021:23:24:05 +0200] "GET / HTTP/1.1" 401 736 "-" "Mozilla/5.0 (compatible; YandexBot/3.0; +http://yandex.com/bots)"
34.90.110.44 - - [21/Jul/2021:02:55:23 +0200] "GET /robots.txt HTTP/1.1" 401 700 "-" "nettle (+https://www.nettle.sk)"
